{"id":3025,"date":"2025-08-23T14:14:51","date_gmt":"2025-08-23T12:14:51","guid":{"rendered":"https:\/\/www.lamusereve.fr\/?post_type=product&#038;p=3025"},"modified":"2025-11-11T15:13:01","modified_gmt":"2025-11-11T14:13:01","slug":"inscription-seance-racomptines-ma-muse-0-3-ans","status":"publish","type":"product","link":"https:\/\/www.lamusereve.fr\/index.php\/produit\/inscription-seance-racomptines-ma-muse-0-3-ans\/","title":{"rendered":"Inscription s\u00e9ance \u00ab\u00a0Racomptines ma muse\u00a0\u00bb | 0-3 Ans"},"content":{"rendered":"<p>Une s\u00e9ance <strong>\u00ab\u00a0Racomptines ma muse\u00a0\u00bb<\/strong>, c\u2019est :<\/p>\n<ul class=\"wp-block-list\">\n<li>1 voyage cont\u00e9, avec des comptines, jeux de doigts et chansons adapt\u00e9es aux tout-petits, en lien avec l&rsquo;exposition<\/li>\n<li>1 moment d\u2019exploration sensorielle et ludique<\/li>\n<\/ul>\n<p>&nbsp;<\/p>\n<p>Dur\u00e9e : 35 mn environ<\/p>\n<hr \/>\n<h4><span style=\"color: #a6553c;\">Informations importantes<\/span><\/h4>\n<ul>\n<li><span style=\"color: #a6553c;\">En cas d&rsquo;annulation de derni\u00e8re minute, l&rsquo;atelier ne vous sera pas rembours\u00e9. Le remboursement ou l&rsquo;\u00e9change n&rsquo;est possible que lorsque l&rsquo;annulation est effectu\u00e9e au plus tard 24h avant l&rsquo;atelier, et notifi\u00e9e par \u00e9crit. L&rsquo;\u00e9change de date n&rsquo;est possible qu&rsquo;une seule fois.<\/span><\/li>\n<li><span style=\"color: #a6553c;\">La muse r\u00eave peut se voir contrainte d&rsquo;annuler l&rsquo;atelier la veille du jour J si le nombre d&rsquo;inscriptions est inf\u00e9rieur \u00e0 2. Dans ce cas, l&rsquo;atelier vous sera rembours\u00e9.<\/span><\/li>\n<li><span style=\"color: #a6553c;\">En cas de retard au-del\u00e0 de 10 minutes, La muse r\u00eave se r\u00e9serve le droit de vous refuser l\u2019acc\u00e8s \u00e0 l\u2019atelier pour ne pas perturber le bon d\u00e9roulement de celui-ci pour le public d\u00e9j\u00e0 pr\u00e9sent.<\/span><\/li>\n<\/ul>\n","protected":false},"excerpt":{"rendered":"<p>17 \u20ac pour un enfant et son adulte accompagnateur<br \/>\n5 \u20ac pour un adulte suppl\u00e9mentaire (\u00e0 r\u00e9gler sur place)<\/p>\n<hr \/>\n<h4><span style=\"color: #a6553c;\">Comment m&rsquo;inscrire et profiter de mon atelier ?<\/span><\/h4>\n<ol>\n<li><span style=\"color: #a6553c;\"><strong>Je renseigne le pr\u00e9nom de l&rsquo;enfant<\/strong> et s\u00e9lectionne la date qui m&rsquo;int\u00e9resse dans le menu d\u00e9roulant.<\/span><\/li>\n<li><span style=\"color: #a6553c;\"><strong>Je clique sur \u00ab\u00a0Envoyer\u00a0\u00bb<\/strong>. ATTENTION : \u00e0 ce stade, votre place pour l&rsquo;atelier n&rsquo;est pas encore r\u00e9serv\u00e9e. Cette action nous envoie vos infos ; vous ne recevez pas de notification.<\/span><\/li>\n<li><span style=\"color: #a6553c;\"><strong>J&rsquo;ajoute l&rsquo;atelier \u00e0 mon panier<\/strong> en cliquant sur \u00ab\u00a0Ajouter au panier\u00a0\u00bb.<\/span><\/li>\n<li><span style=\"color: #a6553c;\"><strong>Je valide mon panier<\/strong> et r\u00e8gle ma commande.<\/span><\/li>\n<\/ol>\n<p><span style=\"color: #a6553c;\"><em>Avant l&rsquo;atelier, merci de prendre connaissance des informations importantes en bas de page, apr\u00e8s la section Description.<\/em><\/span><\/p>\n<hr \/>\n<div data-test='contact-form'\n\t\t\tid='contact-form-3025'\n\t\t\tclass='wp-block-jetpack-contact-form-container '\n\t\t\tdata-wp-interactive='jetpack\/form' data-wp-context='{\"formId\":\"3025\",\"formHash\":\"3eb35399ad2568e507d39edce6b194ab95c48fe5\",\"showErrors\":false,\"errors\":[],\"fields\":[],\"isMultiStep\":false,\"useAjax\":true,\"submissionData\":null,\"formattedSubmissionData\":[],\"submissionSuccess\":false,\"submissionError\":null,\"elementId\":\"jp-form-3eb35399ad2568e507d39edce6b194ab95c48fe5\",\"isSingleInputForm\":false}'\n\t\t\tdata-wp-watch--scroll-to-wrapper=\"callbacks.scrollToWrapper\"\n\t\t>\n<div class=\"contact-form-submission contact-form-ajax-submission\" data-wp-class--submission-success=\"context.submissionSuccess\"><p class=\"go-back-message\"><a class=\"link\" role=\"button\" tabindex=\"0\" data-wp-on--click=\"actions.goBack\" href=\"\/index.php\/wp-json\/wp\/v2\/product\/3025\">Retour<\/a><\/p><h4 id=\"contact-form-success-header\">Votre message a \u00e9t\u00e9 envoy\u00e9<\/h4>\n\n<template data-wp-each--submission=\"context.formattedSubmissionData\">\n\t\t\t\t\t<div class=\"jetpack_forms_contact-form-success-summary\">\n\t\t\t\t\t\t<div class=\"field-name\" data-wp-text=\"context.submission.label\" data-wp-bind--hidden=\"!context.submission.label\"><\/div>\n\t\t\t\t\t\t<div class=\"field-value\" data-wp-text=\"context.submission.value\"><\/div>\n\t\t\t\t\t\t<div class=\"field-images\" data-wp-bind--hidden=\"!context.submission.images\">\n\t\t\t\t\t\t\t<template data-wp-each--image=\"context.submission.images\">\n\t\t\t\t\t\t\t\t<figure class=\"field-image\" data-wp-class--is-empty=\"!context.image\">\n\t\t\t\t\t\t\t\t\t<img data-wp-bind--src=\"context.image\" data-wp-bind--hidden=\"!context.image\" \/>\n\t\t\t\t\t\t\t\t\t<img decoding=\"async\" src=\"data:image\/gif;base64,R0lGODlhAQABAAD\/ACwAAAAAAQABAAACADs=\" data-wp-bind--hidden=\"context.image\" \/>\n\t\t\t\t\t\t\t\t<\/figure>\n\t\t\t\t\t\t\t<\/template>\n\t\t\t\t\t\t<\/div>\n\t\t\t\t\t<\/div>\n\t\t\t\t<\/template><\/div><form action='https:\/\/www.lamusereve.fr\/index.php\/produit\/inscription-seance-racomptines-ma-muse-0-3-ans\/'\n\t\t\t\tid='jp-form-3eb35399ad2568e507d39edce6b194ab95c48fe5'\n\t\t\t\tmethod='post'\n\t\t\t\tclass='contact-form commentsblock' aria-label=\"Inscription s\u00e9ance &quot;Racomptines ma muse&quot; | 0-3 Ans\"\n\t\t\t\tdata-wp-on--submit=\"actions.onFormSubmit\"\n\t\t\t\tdata-wp-on--reset=\"actions.onFormReset\"\n\t\t\t\tdata-wp-class--submission-success=\"context.submissionSuccess\"\n\t\t\t\tdata-wp-class--is-first-step=\"state.isFirstStep\"\n\t\t\t\tdata-wp-class--is-last-step=\"state.isLastStep\"\n\t\t\t\tdata-wp-class--is-ajax-form=\"context.useAjax\"\n\t\t\t\tnovalidate >\n<input type='hidden' name='jetpack_contact_form_jwt' value='eyJ0eXAiOiJKV1QiLCJhbGciOiJIUzI1NiJ9.eyJlbmNyeXB0ZWRfYXR0cmlidXRlcyI6InRhS25aRWpsS2lRMXkrSloxUzRZWVNLczJiZUJaaHVabU9KbWowSmJcL01VMzZOTks3SHZlbm5uRUVtcjNXTE5mZDVmNEhEYWlMXC9hb2pGU1ExZTVlMk5wWHBkdjNMSW1XU1YrYnFaMmM3SktJVVB0RGlrRjdoYW9rTUU3cUJVZVlxUTd0TDNoVFVrZ0dHRFo4Y04rNGRHY1VaY1liUCtVdEZjXC9oSWtxN0c5YWNpY05lTmZwdEJITERyXC9qRTBSTUorWFJHNWxxUHN6OWpXMjJlOGFLTnZEWXF4eUZIT3AxTGNETG9LcFNaQVEzSEpJSUFOcDgwbE9pWkFWT2lEbTlzaGVsR3cwXC9OYWh5UjYzWUJOdHQ0elUyK01WbzBoNm45dkk3cmt6MjlCVWtndW5FVjZhRnNmSzZyTEM0ZFhFTlwvN1pnbjVaU1wvSXhldVVSd01RdGRhNDNrTm14R21UeWdMRll3NW1VN3BNeEtyZWo2c2hPd0h4VE9lZGlienU1bXAzOXZ3NCtRWkw1NkdDYXFqaktnMFZDTnJtSzVpRzdzMXcyMnZrOFNFYzliWGV0cFhhSVU4ZEptMjNhNWhhRDI1algxRlRtdXYzUjJBaFFUcHpNZGdoVUI3VWxiMExwRGUybGRQZFwvK05tUzEyUmU5RmZrOFBuNWFwVDU3OTBIWlNHaUJNM0RTelBBWlRIKzFDU29NQytLVDVicDBqOTBmMXkyWml6NUZxbzFQV2V0YWpYZzl3KzZ0Sm5zY1FcL093U0pqSnhabUJlWkp5WDJGMnJjbGo1UkJRNEJxVDJ1Wk1cL3dneWVZYWRFS3FWUlhlUis5Nms0VEtIajlUZjF2SDh5a2VhbUdQbWRsZGpKTmlRdGk0QVJxOVwvWmUybEVzTkI0UXZydzRHRTNLbmszNGhUb2JrTnNqN0lXanBzRWlaM0N1eHVRVlc3VXJWQVoxRXptRGRKaEpOUkxUN1lYMVRsTFJveXU0NnZLWmZxbzNOdG9HcVNJNlZiRU1sbjNUaG9ZMWc5bnFBZ0tsWEozTGFpd3BSNmx5SlNlSFVRZFwvOU9rcVZyWHlGeDBUMlBBSFZMemlVTzNwcXI2cExtYk1mT3hlYjVZR2FSUVUwUFlpM05cL3hyS2RwazlcL0YzSWd4a1BRalwvUzdwSzNZMFl1NHZhN055NW1ZRGdOSGlzdVBcL1E3d2dWR2ZOZz09IiwiY29udGVudCI6Iltjb250YWN0LWZpZWxkIGxhYmVsPVwiRGF0ZVwiIHR5cGU9XCJzZWxlY3RcIiByZXF1aXJlZD1cIjFcIiBvcHRpb25zPVwiTWVyY3JlZGkgOCBvY3RvYnJlIDIwMjUgZGUgMTBoIFx1MDBlMCAxMGgzNSxKZXVkaSA5IG9jdG9icmUgMjAyNSBkZSA5aDMwIFx1MDBlMCAxMGgwNSxKZXVkaSA5IG9jdG9icmUgMjAyNSBkZSAxMGgzMCBcdTAwZTAgMTFoMDUsTWVyY3JlZGkgNSBub3ZlbWJyZSAyMDI1IGRlIDEwaCBcdTAwZTAgMTBoMzUsSmV1ZGkgNiBub3ZlbWJyZSAyMDI1IGRlIDloMzAgXHUwMGUwIDEwaDA1LEpldWRpIDYgbm92ZW1icmUgMjAyNSBkZSAxMGgzMCBcdTAwZTAgMTFoMDUsTWVyY3JlZGkgMyBkXHUwMGU5Y2VtYnJlIDIwMjUgZGUgMTBoIFx1MDBlMCAxMGgzNSxKZXVkaSA0IGRcdTAwZTljZW1icmUgMjAyNSBkZSA5aDMwIFx1MDBlMCAxMGgwNSxKZXVkaSA0IGRcdTAwZTljZW1icmUgMjAyNSBkZSAxMGgzMCBcdTAwZTAgMTFoMDVcIl1bY29udGFjdC1maWVsZCBsYWJlbD1cIlByXHUwMGU5bm9tIGRlIGwnZW5mYW50XCIgdHlwZT1cIm5hbWVcIiByZXF1aXJlZD1cIjFcIl1bY29udGFjdC1maWVsZCBsYWJlbD1cIlx1MDBjMmdlXCIgdHlwZT1cInNlbGVjdFwiIHJlcXVpcmVkPVwiMVwiIG9wdGlvbnM9XCIwLTYgbW9pcyw2LTEyIG1vaXMsMTItMTggbW9pcywxOC0yNCBtb2lzLDI0LTM2IG1vaXNcIl1bY29udGFjdC1maWVsZCBsYWJlbD1cIkVtYWlsXCIgdHlwZT1cImVtYWlsXCIgcmVxdWlyZWQ9XCIxXCJdIiwiaGFzaCI6IjNlYjM1Mzk5YWQyNTY4ZTUwN2QzOWVkY2U2YjE5NGFiOTVjNDhmZTUiLCJzb3VyY2UiOnsiZW50cnlfdGl0bGUiOiJJbnNjcmlwdGlvbiBzXHUwMGU5YW5jZSBcdTAwYWJcdTAwYTBSYWNvbXB0aW5lcyBtYSBtdXNlXHUwMGEwXHUwMGJiIHwgMC0zIEFucyIsImVudHJ5X3BhZ2UiOjEsInNvdXJjZV9pZCI6MzAyNSwic291cmNlX3R5cGUiOiJzaW5nbGUiLCJyZXF1ZXN0X3VybCI6Imh0dHBzOlwvXC93d3cubGFtdXNlcmV2ZS5mclwvd3AtanNvblwvd3BcL3YyXC9wcm9kdWN0XC8zMDI1In0sInZlcnNpb24iOjIsImNpcGhlciI6ImFlcy0yNTYtZ2NtIn0.YyUPLbCUxVyDIipxlUaOR0e0LJ9FRd1wFGpB58tkfUs' \/>\n\n<div style=\"\"  data-wp-interactive=\"jetpack\/form\" data-wp-context='{\"fieldId\":\"g3025-date\",\"fieldType\":\"select\",\"fieldLabel\":\"Date\",\"fieldValue\":\"\",\"fieldPlaceholder\":\"\",\"fieldIsRequired\":\"1\",\"fieldErrorMessage\":\"\",\"fieldExtra\":[],\"formHash\":\"3eb35399ad2568e507d39edce6b194ab95c48fe5\"}'  class='grunion-field-select-wrap grunion-field-wrap'  data-wp-init='callbacks.initializeField' data-wp-on--jetpack-form-reset='callbacks.initializeField' >\n<label\n\t\t\t\tfor='g3025-date' class=\"grunion-field-label select\" >Date<span class=\"grunion-label-required\" aria-hidden=\"true\">(obligatoire)<\/span><\/label>\n<div class=\"contact-form__select-wrapper select  grunion-field\"  style=''>\t<span class='contact-form__select-element-wrapper'><select name='g3025-date' id='g3025-date' required aria-required='true' data-wp-on--change='actions.onFieldChange' data-wp-bind--aria-invalid='state.fieldHasErrors' >\n\t\t<option value='Mercredi 8 octobre 2025 de 10h \u00e0 10h35'>Mercredi 8 octobre 2025 de 10h \u00e0 10h35<\/option>\n\t\t<option value='Jeudi 9 octobre 2025 de 9h30 \u00e0 10h05'>Jeudi 9 octobre 2025 de 9h30 \u00e0 10h05<\/option>\n\t\t<option value='Jeudi 9 octobre 2025 de 10h30 \u00e0 11h05'>Jeudi 9 octobre 2025 de 10h30 \u00e0 11h05<\/option>\n\t\t<option value='Mercredi 5 novembre 2025 de 10h \u00e0 10h35'>Mercredi 5 novembre 2025 de 10h \u00e0 10h35<\/option>\n\t\t<option value='Jeudi 6 novembre 2025 de 9h30 \u00e0 10h05'>Jeudi 6 novembre 2025 de 9h30 \u00e0 10h05<\/option>\n\t\t<option value='Jeudi 6 novembre 2025 de 10h30 \u00e0 11h05'>Jeudi 6 novembre 2025 de 10h30 \u00e0 11h05<\/option>\n\t\t<option value='Mercredi 3 d\u00e9cembre 2025 de 10h \u00e0 10h35'>Mercredi 3 d\u00e9cembre 2025 de 10h \u00e0 10h35<\/option>\n\t\t<option value='Jeudi 4 d\u00e9cembre 2025 de 9h30 \u00e0 10h05'>Jeudi 4 d\u00e9cembre 2025 de 9h30 \u00e0 10h05<\/option>\n\t\t<option value='Jeudi 4 d\u00e9cembre 2025 de 10h30 \u00e0 11h05'>Jeudi 4 d\u00e9cembre 2025 de 10h30 \u00e0 11h05<\/option>\n\t<\/select><span class='jetpack-field-dropdown__icon'><\/span><\/span>\n<\/div>\n\n\t\t\t<div id=\"g3025-date-select-error\" class=\"contact-form__input-error\" data-wp-class--has-errors=\"state.fieldHasErrors\">\n\t\t\t\t<span class=\"contact-form__warning-icon\">\n\t\t\t\t\t<svg width=\"16\" height=\"16\" viewBox=\"0 0 16 16\" fill=\"none\" xmlns=\"http:\/\/www.w3.org\/2000\/svg\">\n\t\t\t\t\t\t<path d=\"M8.50015 11.6402H7.50015V10.6402H8.50015V11.6402Z\" \/>\n\t\t\t\t\t\t<path d=\"M7.50015 9.64018H8.50015V6.30684H7.50015V9.64018Z\" \/>\n\t\t\t\t\t\t<path fill-rule=\"evenodd\" clip-rule=\"evenodd\" d=\"M6.98331 3.0947C7.42933 2.30177 8.57096 2.30177 9.01698 3.09469L13.8771 11.7349C14.3145 12.5126 13.7525 13.4735 12.8602 13.4735H3.14004C2.24774 13.4735 1.68575 12.5126 2.12321 11.7349L6.98331 3.0947ZM8.14541 3.58496C8.08169 3.47168 7.9186 3.47168 7.85488 3.58496L2.99478 12.2251C2.93229 12.3362 3.01257 12.4735 3.14004 12.4735H12.8602C12.9877 12.4735 13.068 12.3362 13.0055 12.2251L8.14541 3.58496Z\" \/>\n\t\t\t\t\t<\/svg>\n\t\t\t\t\t<span class=\"visually-hidden\">Attention<\/span>\n\t\t\t\t<\/span>\n\t\t\t\t<span data-wp-text=\"state.errorMessage\" id=\"g3025-date-select-error-message\"><\/span>\n\t\t\t<\/div>\t<\/div>\n\n<div style=\"\"  data-wp-interactive=\"jetpack\/form\" data-wp-context='{\"fieldId\":\"g3025-prnomdelenfant\",\"fieldType\":\"name\",\"fieldLabel\":\"Pr\\u00e9nom de l\\u0027enfant\",\"fieldValue\":\"\",\"fieldPlaceholder\":\"\",\"fieldIsRequired\":\"1\",\"fieldErrorMessage\":\"\",\"fieldExtra\":[],\"formHash\":\"3eb35399ad2568e507d39edce6b194ab95c48fe5\"}'  class='grunion-field-name-wrap grunion-field-wrap'  data-wp-init='callbacks.initializeField' data-wp-on--jetpack-form-reset='callbacks.initializeField' >\n<label\n\t\t\t\tfor='g3025-prnomdelenfant' class=\"grunion-field-label name\" >Pr\u00e9nom de l'enfant<span class=\"grunion-label-required\" aria-hidden=\"true\">(obligatoire)<\/span><\/label>\n<input\n\t\t\t\t\ttype='text'\n\t\t\t\t\tname='g3025-prnomdelenfant'\n\t\t\t\t\tid='g3025-prnomdelenfant'\n\t\t\t\t\tvalue=''\n\n\t\t\t\t\tdata-wp-bind--aria-invalid='state.fieldHasErrors'\n\t\t\t\t\tdata-wp-bind--value='state.getFieldValue'\n\t\t\t\t\taria-errormessage='g3025-prnomdelenfant-text-error-message'\n\t\t\t\t\tdata-wp-on--input='actions.onFieldChange'\n\t\t\t\t\tdata-wp-on--blur='actions.onFieldBlur'\n\t\t\t\t\tdata-wp-class--has-value='state.hasFieldValue'\n\n\t\t\t\t\tclass='name  grunion-field' \n\t\t\t\t\trequired='true' aria-required='true'  \/>\n \n\t\t\t<div id=\"g3025-prnomdelenfant-text-error\" class=\"contact-form__input-error\" data-wp-class--has-errors=\"state.fieldHasErrors\">\n\t\t\t\t<span class=\"contact-form__warning-icon\">\n\t\t\t\t\t<svg width=\"16\" height=\"16\" viewBox=\"0 0 16 16\" fill=\"none\" xmlns=\"http:\/\/www.w3.org\/2000\/svg\">\n\t\t\t\t\t\t<path d=\"M8.50015 11.6402H7.50015V10.6402H8.50015V11.6402Z\" \/>\n\t\t\t\t\t\t<path d=\"M7.50015 9.64018H8.50015V6.30684H7.50015V9.64018Z\" \/>\n\t\t\t\t\t\t<path fill-rule=\"evenodd\" clip-rule=\"evenodd\" d=\"M6.98331 3.0947C7.42933 2.30177 8.57096 2.30177 9.01698 3.09469L13.8771 11.7349C14.3145 12.5126 13.7525 13.4735 12.8602 13.4735H3.14004C2.24774 13.4735 1.68575 12.5126 2.12321 11.7349L6.98331 3.0947ZM8.14541 3.58496C8.08169 3.47168 7.9186 3.47168 7.85488 3.58496L2.99478 12.2251C2.93229 12.3362 3.01257 12.4735 3.14004 12.4735H12.8602C12.9877 12.4735 13.068 12.3362 13.0055 12.2251L8.14541 3.58496Z\" \/>\n\t\t\t\t\t<\/svg>\n\t\t\t\t\t<span class=\"visually-hidden\">Attention<\/span>\n\t\t\t\t<\/span>\n\t\t\t\t<span data-wp-text=\"state.errorMessage\" id=\"g3025-prnomdelenfant-text-error-message\"><\/span>\n\t\t\t<\/div> \n\t<\/div>\n\n<div style=\"\"  data-wp-interactive=\"jetpack\/form\" data-wp-context='{\"fieldId\":\"g3025-ge\",\"fieldType\":\"select\",\"fieldLabel\":\"\\u00c2ge\",\"fieldValue\":\"\",\"fieldPlaceholder\":\"\",\"fieldIsRequired\":\"1\",\"fieldErrorMessage\":\"\",\"fieldExtra\":[],\"formHash\":\"3eb35399ad2568e507d39edce6b194ab95c48fe5\"}'  class='grunion-field-select-wrap grunion-field-wrap'  data-wp-init='callbacks.initializeField' data-wp-on--jetpack-form-reset='callbacks.initializeField' >\n<label\n\t\t\t\tfor='g3025-ge' class=\"grunion-field-label select\" >\u00c2ge<span class=\"grunion-label-required\" aria-hidden=\"true\">(obligatoire)<\/span><\/label>\n<div class=\"contact-form__select-wrapper select  grunion-field\"  style=''>\t<span class='contact-form__select-element-wrapper'><select name='g3025-ge' id='g3025-ge' required aria-required='true' data-wp-on--change='actions.onFieldChange' data-wp-bind--aria-invalid='state.fieldHasErrors' >\n\t\t<option value='0-6 mois'>0-6 mois<\/option>\n\t\t<option value='6-12 mois'>6-12 mois<\/option>\n\t\t<option value='12-18 mois'>12-18 mois<\/option>\n\t\t<option value='18-24 mois'>18-24 mois<\/option>\n\t\t<option value='24-36 mois'>24-36 mois<\/option>\n\t<\/select><span class='jetpack-field-dropdown__icon'><\/span><\/span>\n<\/div>\n\n\t\t\t<div id=\"g3025-ge-select-error\" class=\"contact-form__input-error\" data-wp-class--has-errors=\"state.fieldHasErrors\">\n\t\t\t\t<span class=\"contact-form__warning-icon\">\n\t\t\t\t\t<svg width=\"16\" height=\"16\" viewBox=\"0 0 16 16\" fill=\"none\" xmlns=\"http:\/\/www.w3.org\/2000\/svg\">\n\t\t\t\t\t\t<path d=\"M8.50015 11.6402H7.50015V10.6402H8.50015V11.6402Z\" \/>\n\t\t\t\t\t\t<path d=\"M7.50015 9.64018H8.50015V6.30684H7.50015V9.64018Z\" \/>\n\t\t\t\t\t\t<path fill-rule=\"evenodd\" clip-rule=\"evenodd\" d=\"M6.98331 3.0947C7.42933 2.30177 8.57096 2.30177 9.01698 3.09469L13.8771 11.7349C14.3145 12.5126 13.7525 13.4735 12.8602 13.4735H3.14004C2.24774 13.4735 1.68575 12.5126 2.12321 11.7349L6.98331 3.0947ZM8.14541 3.58496C8.08169 3.47168 7.9186 3.47168 7.85488 3.58496L2.99478 12.2251C2.93229 12.3362 3.01257 12.4735 3.14004 12.4735H12.8602C12.9877 12.4735 13.068 12.3362 13.0055 12.2251L8.14541 3.58496Z\" \/>\n\t\t\t\t\t<\/svg>\n\t\t\t\t\t<span class=\"visually-hidden\">Attention<\/span>\n\t\t\t\t<\/span>\n\t\t\t\t<span data-wp-text=\"state.errorMessage\" id=\"g3025-ge-select-error-message\"><\/span>\n\t\t\t<\/div>\t<\/div>\n\n<div style=\"\"  data-wp-interactive=\"jetpack\/form\" data-wp-context='{\"fieldId\":\"g3025-email\",\"fieldType\":\"email\",\"fieldLabel\":\"Email\",\"fieldValue\":\"\",\"fieldPlaceholder\":\"\",\"fieldIsRequired\":\"1\",\"fieldErrorMessage\":\"\",\"fieldExtra\":[],\"formHash\":\"3eb35399ad2568e507d39edce6b194ab95c48fe5\"}'  class='grunion-field-email-wrap grunion-field-wrap'  data-wp-init='callbacks.initializeField' data-wp-on--jetpack-form-reset='callbacks.initializeField' >\n<label\n\t\t\t\tfor='g3025-email' class=\"grunion-field-label email\" >Email<span class=\"grunion-label-required\" aria-hidden=\"true\">(obligatoire)<\/span><\/label>\n<input\n\t\t\t\t\ttype='email'\n\t\t\t\t\tname='g3025-email'\n\t\t\t\t\tid='g3025-email'\n\t\t\t\t\tvalue=''\n\n\t\t\t\t\tdata-wp-bind--aria-invalid='state.fieldHasErrors'\n\t\t\t\t\tdata-wp-bind--value='state.getFieldValue'\n\t\t\t\t\taria-errormessage='g3025-email-email-error-message'\n\t\t\t\t\tdata-wp-on--input='actions.onFieldChange'\n\t\t\t\t\tdata-wp-on--blur='actions.onFieldBlur'\n\t\t\t\t\tdata-wp-class--has-value='state.hasFieldValue'\n\n\t\t\t\t\tclass='email  grunion-field' \n\t\t\t\t\trequired='true' aria-required='true'  \/>\n \n\t\t\t<div id=\"g3025-email-email-error\" class=\"contact-form__input-error\" data-wp-class--has-errors=\"state.fieldHasErrors\">\n\t\t\t\t<span class=\"contact-form__warning-icon\">\n\t\t\t\t\t<svg width=\"16\" height=\"16\" viewBox=\"0 0 16 16\" fill=\"none\" xmlns=\"http:\/\/www.w3.org\/2000\/svg\">\n\t\t\t\t\t\t<path d=\"M8.50015 11.6402H7.50015V10.6402H8.50015V11.6402Z\" \/>\n\t\t\t\t\t\t<path d=\"M7.50015 9.64018H8.50015V6.30684H7.50015V9.64018Z\" \/>\n\t\t\t\t\t\t<path fill-rule=\"evenodd\" clip-rule=\"evenodd\" d=\"M6.98331 3.0947C7.42933 2.30177 8.57096 2.30177 9.01698 3.09469L13.8771 11.7349C14.3145 12.5126 13.7525 13.4735 12.8602 13.4735H3.14004C2.24774 13.4735 1.68575 12.5126 2.12321 11.7349L6.98331 3.0947ZM8.14541 3.58496C8.08169 3.47168 7.9186 3.47168 7.85488 3.58496L2.99478 12.2251C2.93229 12.3362 3.01257 12.4735 3.14004 12.4735H12.8602C12.9877 12.4735 13.068 12.3362 13.0055 12.2251L8.14541 3.58496Z\" \/>\n\t\t\t\t\t<\/svg>\n\t\t\t\t\t<span class=\"visually-hidden\">Attention<\/span>\n\t\t\t\t<\/span>\n\t\t\t\t<span data-wp-text=\"state.errorMessage\" id=\"g3025-email-email-error-message\"><\/span>\n\t\t\t<\/div> \n\t<\/div>\n\t<p class='contact-submit'>\n<div class=\"contact-form__error\" data-wp-class--show-errors=\"state.showFormErrors\"><span class=\"contact-form__warning-icon\"><span class=\"visually-hidden\">Attention.<\/span><i aria-hidden=\"true\"><\/i><\/span>\n\t\t\t\t<span data-wp-text=\"state.getFormErrorMessage\"><\/span>\n\t\t\t\t<ul>\n\t\t\t\t<template data-wp-each=\"state.getErrorList\" data-wp-key=\"context.item.id\">\n\t\t\t\t\t<li><a data-wp-bind--href=\"context.item.anchor\" data-wp-on--click=\"actions.scrollIntoView\" data-wp-text=\"context.item.label\"><\/a><\/li>\n\t\t\t\t<\/template>\n\t\t\t\t<\/ul><\/div><div class=\"contact-form__error\" data-wp-class--show-errors=\"state.showSubmissionError\" data-wp-text=\"context.submissionError\"><\/div>\t\t<button type='submit' class='pushbutton-wide'>Envoyer<\/button>\t\t<input type='hidden' name='contact-form-id' value='3025' \/>\n\t\t<input type='hidden' name='action' value='grunion-contact-form' \/>\n\t\t<input type='hidden' name='contact-form-hash' value='3eb35399ad2568e507d39edce6b194ab95c48fe5' \/>\n\t<\/p>\n<\/form>\n<\/div>\n","protected":false},"featured_media":3739,"comment_status":"open","ping_status":"closed","template":"","meta":{"ocean_post_layout":"full-width","ocean_both_sidebars_style":"","ocean_both_sidebars_content_width":0,"ocean_both_sidebars_sidebars_width":0,"ocean_sidebar":"woo_sidebar","ocean_second_sidebar":"0","ocean_disable_margins":"enable","ocean_add_body_class":"","ocean_shortcode_before_top_bar":"","ocean_shortcode_after_top_bar":"","ocean_shortcode_before_header":"","ocean_shortcode_after_header":"","ocean_has_shortcode":"","ocean_shortcode_after_title":"","ocean_shortcode_before_footer_widgets":"","ocean_shortcode_after_footer_widgets":"","ocean_shortcode_before_footer_bottom":"","ocean_shortcode_after_footer_bottom":"","ocean_display_top_bar":"default","ocean_display_header":"default","ocean_header_style":"","ocean_center_header_left_menu":"0","ocean_custom_header_template":"0","ocean_custom_logo":0,"ocean_custom_retina_logo":0,"ocean_custom_logo_max_width":0,"ocean_custom_logo_tablet_max_width":0,"ocean_custom_logo_mobile_max_width":0,"ocean_custom_logo_max_height":0,"ocean_custom_logo_tablet_max_height":0,"ocean_custom_logo_mobile_max_height":0,"ocean_header_custom_menu":"0","ocean_menu_typo_font_family":"0","ocean_menu_typo_font_subset":"","ocean_menu_typo_font_size":0,"ocean_menu_typo_font_size_tablet":0,"ocean_menu_typo_font_size_mobile":0,"ocean_menu_typo_font_size_unit":"px","ocean_menu_typo_font_weight":"","ocean_menu_typo_font_weight_tablet":"","ocean_menu_typo_font_weight_mobile":"","ocean_menu_typo_transform":"","ocean_menu_typo_transform_tablet":"","ocean_menu_typo_transform_mobile":"","ocean_menu_typo_line_height":0,"ocean_menu_typo_line_height_tablet":0,"ocean_menu_typo_line_height_mobile":0,"ocean_menu_typo_line_height_unit":"","ocean_menu_typo_spacing":0,"ocean_menu_typo_spacing_tablet":0,"ocean_menu_typo_spacing_mobile":0,"ocean_menu_typo_spacing_unit":"","ocean_menu_link_color":"","ocean_menu_link_color_hover":"","ocean_menu_link_color_active":"","ocean_menu_link_background":"","ocean_menu_link_hover_background":"","ocean_menu_link_active_background":"","ocean_menu_social_links_bg":"","ocean_menu_social_hover_links_bg":"","ocean_menu_social_links_color":"","ocean_menu_social_hover_links_color":"","ocean_disable_title":"default","ocean_disable_heading":"default","ocean_post_title":"","ocean_post_subheading":"","ocean_post_title_style":"","ocean_post_title_background_color":"","ocean_post_title_background":0,"ocean_post_title_bg_image_position":"","ocean_post_title_bg_image_attachment":"","ocean_post_title_bg_image_repeat":"","ocean_post_title_bg_image_size":"","ocean_post_title_height":0,"ocean_post_title_bg_overlay":0.5,"ocean_post_title_bg_overlay_color":"","ocean_disable_breadcrumbs":"default","ocean_breadcrumbs_color":"","ocean_breadcrumbs_separator_color":"","ocean_breadcrumbs_links_color":"","ocean_breadcrumbs_links_hover_color":"","ocean_display_footer_widgets":"default","ocean_display_footer_bottom":"default","ocean_custom_footer_template":"0","_themeisle_gutenberg_block_has_review":false},"product_brand":[],"product_cat":[39],"product_tag":[40,108,106,43,79,41,42],"class_list":{"0":"post-3025","1":"product","2":"type-product","3":"status-publish","4":"has-post-thumbnail","6":"product_cat-ateliers","7":"product_tag-bebe","8":"product_tag-comptines","9":"product_tag-conte","10":"product_tag-eveil","11":"product_tag-histoires","12":"product_tag-parent","13":"product_tag-petite-enfance","15":"entry","16":"has-media","18":"first","19":"instock","20":"virtual","21":"purchasable","22":"product-type-simple","23":"has-product-nav","24":"col","25":"span_1_of_3","26":"owp-content-center","27":"owp-thumbs-layout-horizontal","28":"owp-btn-normal","29":"owp-tabs-layout-horizontal","31":"circle-sale"},"jetpack_sharing_enabled":true,"_links":{"self":[{"href":"https:\/\/www.lamusereve.fr\/index.php\/wp-json\/wp\/v2\/product\/3025","targetHints":{"allow":["GET"]}}],"collection":[{"href":"https:\/\/www.lamusereve.fr\/index.php\/wp-json\/wp\/v2\/product"}],"about":[{"href":"https:\/\/www.lamusereve.fr\/index.php\/wp-json\/wp\/v2\/types\/product"}],"replies":[{"embeddable":true,"href":"https:\/\/www.lamusereve.fr\/index.php\/wp-json\/wp\/v2\/comments?post=3025"}],"wp:featuredmedia":[{"embeddable":true,"href":"https:\/\/www.lamusereve.fr\/index.php\/wp-json\/wp\/v2\/media\/3739"}],"wp:attachment":[{"href":"https:\/\/www.lamusereve.fr\/index.php\/wp-json\/wp\/v2\/media?parent=3025"}],"wp:term":[{"taxonomy":"product_brand","embeddable":true,"href":"https:\/\/www.lamusereve.fr\/index.php\/wp-json\/wp\/v2\/product_brand?post=3025"},{"taxonomy":"product_cat","embeddable":true,"href":"https:\/\/www.lamusereve.fr\/index.php\/wp-json\/wp\/v2\/product_cat?post=3025"},{"taxonomy":"product_tag","embeddable":true,"href":"https:\/\/www.lamusereve.fr\/index.php\/wp-json\/wp\/v2\/product_tag?post=3025"}],"curies":[{"name":"wp","href":"https:\/\/api.w.org\/{rel}","templated":true}]}}