{"id":2694,"date":"2025-07-01T19:49:48","date_gmt":"2025-07-01T17:49:48","guid":{"rendered":"https:\/\/www.lamusereve.fr\/?post_type=product&#038;p=2694"},"modified":"2025-07-06T21:13:52","modified_gmt":"2025-07-06T19:13:52","slug":"mon-petit-art-la-maison-mini-labo","status":"publish","type":"product","link":"https:\/\/www.lamusereve.fr\/index.php\/produit\/mon-petit-art-la-maison-mini-labo\/","title":{"rendered":"Mon Petit Art &#8211; La Maison Mini Labo"},"content":{"rendered":"<div class=\"product__description rte quick-add-hidden\">\n<div id=\"short_description_block\">\n<div id=\"short_description_content\" class=\"rte align_justify\">\n<div class=\"rte align_justify\">\n<p><strong>La belle maison d&rsquo;artiste modulable<\/strong><\/p>\n<\/div>\n<\/div>\n<\/div>\n<p>Bienvenue dans La Maison de\u00a0Mini Labo\u00a0!\u00a0Le d\u00e9cor r\u00eav\u00e9 pour les plus belles histoires ! Gr\u00e2ce \u00e0 ses parois amovibles, cette maison de poup\u00e9e peut se transformer et se d\u00e9ployer\u00a0pour atteindre\u00a0jusqu\u2019 \u00e0\u00a0plus de 1\u00a0m\u00e8tre 50\u2026 un terrain de jeu pour imaginer en grand\u00a0!<\/p>\n<p>Pour jouer et s&rsquo;amuser dans une maison de poup\u00e9e unique et arty avec son int\u00e9rieur rempli d&rsquo;objets et de tableaux des artistes et son charmant jardin.<\/p>\n<p>A partir de 6 ans et sans limite d&rsquo;\u00e2ge pour cette maison tr\u00e8s d\u00e9co.<\/p>\n<p>&#8212;<\/p>\n<p>&#8211; 4 parois amovibles\u00a0pour transformer la maison<br \/>\n&#8211; Dimensions:\u00a0peut atteindre 1\u00a0m\u00e8tre 50 de d\u00e9velopp\u00e9<br \/>\n&#8211; Packaging: 35x24x5 cm<br \/>\n&#8211; El\u00e9ments d\u00e9coratifs\u00a0: tapis, arbres&#8230;<\/p>\n<\/div>\n","protected":false},"excerpt":{"rendered":"<p>La belle maison d&rsquo;artiste modulable Bienvenue dans La Maison de\u00a0Mini Labo\u00a0!\u00a0Le d\u00e9cor r\u00eav\u00e9 pour les plus belles histoires ! Gr\u00e2ce \u00e0 ses parois amovibles, cette maison de poup\u00e9e peut se transformer et se d\u00e9ployer\u00a0pour atteindre\u00a0jusqu\u2019 \u00e0\u00a0plus de 1\u00a0m\u00e8tre 50\u2026 un terrain de jeu pour imaginer en grand\u00a0! Pour jouer et s&rsquo;amuser dans une maison de [&hellip;]<\/p>\n","protected":false},"featured_media":2695,"comment_status":"closed","ping_status":"closed","template":"","meta":{"ocean_post_layout":"","ocean_both_sidebars_style":"","ocean_both_sidebars_content_width":0,"ocean_both_sidebars_sidebars_width":0,"ocean_sidebar":"0","ocean_second_sidebar":"0","ocean_disable_margins":"enable","ocean_add_body_class":"","ocean_shortcode_before_top_bar":"","ocean_shortcode_after_top_bar":"","ocean_shortcode_before_header":"","ocean_shortcode_after_header":"","ocean_has_shortcode":"","ocean_shortcode_after_title":"","ocean_shortcode_before_footer_widgets":"","ocean_shortcode_after_footer_widgets":"","ocean_shortcode_before_footer_bottom":"","ocean_shortcode_after_footer_bottom":"","ocean_display_top_bar":"default","ocean_display_header":"default","ocean_header_style":"","ocean_center_header_left_menu":"0","ocean_custom_header_template":"0","ocean_custom_logo":0,"ocean_custom_retina_logo":0,"ocean_custom_logo_max_width":0,"ocean_custom_logo_tablet_max_width":0,"ocean_custom_logo_mobile_max_width":0,"ocean_custom_logo_max_height":0,"ocean_custom_logo_tablet_max_height":0,"ocean_custom_logo_mobile_max_height":0,"ocean_header_custom_menu":"0","ocean_menu_typo_font_family":"0","ocean_menu_typo_font_subset":"","ocean_menu_typo_font_size":0,"ocean_menu_typo_font_size_tablet":0,"ocean_menu_typo_font_size_mobile":0,"ocean_menu_typo_font_size_unit":"px","ocean_menu_typo_font_weight":"","ocean_menu_typo_font_weight_tablet":"","ocean_menu_typo_font_weight_mobile":"","ocean_menu_typo_transform":"","ocean_menu_typo_transform_tablet":"","ocean_menu_typo_transform_mobile":"","ocean_menu_typo_line_height":0,"ocean_menu_typo_line_height_tablet":0,"ocean_menu_typo_line_height_mobile":0,"ocean_menu_typo_line_height_unit":"","ocean_menu_typo_spacing":0,"ocean_menu_typo_spacing_tablet":0,"ocean_menu_typo_spacing_mobile":0,"ocean_menu_typo_spacing_unit":"","ocean_menu_link_color":"","ocean_menu_link_color_hover":"","ocean_menu_link_color_active":"","ocean_menu_link_background":"","ocean_menu_link_hover_background":"","ocean_menu_link_active_background":"","ocean_menu_social_links_bg":"","ocean_menu_social_hover_links_bg":"","ocean_menu_social_links_color":"","ocean_menu_social_hover_links_color":"","ocean_disable_title":"default","ocean_disable_heading":"default","ocean_post_title":"","ocean_post_subheading":"","ocean_post_title_style":"","ocean_post_title_background_color":"","ocean_post_title_background":0,"ocean_post_title_bg_image_position":"","ocean_post_title_bg_image_attachment":"","ocean_post_title_bg_image_repeat":"","ocean_post_title_bg_image_size":"","ocean_post_title_height":0,"ocean_post_title_bg_overlay":0.5,"ocean_post_title_bg_overlay_color":"","ocean_disable_breadcrumbs":"default","ocean_breadcrumbs_color":"","ocean_breadcrumbs_separator_color":"","ocean_breadcrumbs_links_color":"","ocean_breadcrumbs_links_hover_color":"","ocean_display_footer_widgets":"default","ocean_display_footer_bottom":"default","ocean_custom_footer_template":"0","_themeisle_gutenberg_block_has_review":false},"product_brand":[97],"product_cat":[95],"product_tag":[99],"class_list":{"0":"post-2694","1":"product","2":"type-product","3":"status-publish","4":"has-post-thumbnail","6":"product_brand-mon-petit-art","7":"product_cat-kits-creatifs","8":"product_tag-kit-creatif","10":"entry","11":"has-media","13":"first","14":"instock","15":"shipping-taxable","16":"purchasable","17":"product-type-simple","18":"has-product-nav","19":"col","20":"span_1_of_3","21":"owp-content-center","22":"owp-thumbs-layout-horizontal","23":"owp-btn-normal","24":"owp-tabs-layout-horizontal","25":"has-no-thumbnails","27":"circle-sale"},"jetpack_sharing_enabled":true,"_links":{"self":[{"href":"https:\/\/www.lamusereve.fr\/index.php\/wp-json\/wp\/v2\/product\/2694","targetHints":{"allow":["GET"]}}],"collection":[{"href":"https:\/\/www.lamusereve.fr\/index.php\/wp-json\/wp\/v2\/product"}],"about":[{"href":"https:\/\/www.lamusereve.fr\/index.php\/wp-json\/wp\/v2\/types\/product"}],"replies":[{"embeddable":true,"href":"https:\/\/www.lamusereve.fr\/index.php\/wp-json\/wp\/v2\/comments?post=2694"}],"wp:featuredmedia":[{"embeddable":true,"href":"https:\/\/www.lamusereve.fr\/index.php\/wp-json\/wp\/v2\/media\/2695"}],"wp:attachment":[{"href":"https:\/\/www.lamusereve.fr\/index.php\/wp-json\/wp\/v2\/media?parent=2694"}],"wp:term":[{"taxonomy":"product_brand","embeddable":true,"href":"https:\/\/www.lamusereve.fr\/index.php\/wp-json\/wp\/v2\/product_brand?post=2694"},{"taxonomy":"product_cat","embeddable":true,"href":"https:\/\/www.lamusereve.fr\/index.php\/wp-json\/wp\/v2\/product_cat?post=2694"},{"taxonomy":"product_tag","embeddable":true,"href":"https:\/\/www.lamusereve.fr\/index.php\/wp-json\/wp\/v2\/product_tag?post=2694"}],"curies":[{"name":"wp","href":"https:\/\/api.w.org\/{rel}","templated":true}]}}