{"id":2632,"date":"2025-07-01T16:16:19","date_gmt":"2025-07-01T14:16:19","guid":{"rendered":"https:\/\/www.lamusereve.fr\/?post_type=product&#038;p=2632"},"modified":"2025-07-01T18:23:59","modified_gmt":"2025-07-01T16:23:59","slug":"stabilo-feutres-trio-a-z-pointe-moyenne-x12","status":"publish","type":"product","link":"https:\/\/www.lamusereve.fr\/index.php\/produit\/stabilo-feutres-trio-a-z-pointe-moyenne-x12\/","title":{"rendered":"Stabilo &#8211; Feutres Trio A-Z pointe moyenne x12"},"content":{"rendered":"<div class=\"stabilo-main-text\">Le feutre STABILO Trio A-Z est le feutre id\u00e9al pour les petits artistes qui souhaitent un feutre de qualit\u00e9. Ergonomique, sa zone de pr\u00e9hension triangulaire permet une prise en main d\u00e9tendue et un bon positionnement des doigts sur le feutre. Sa pointe moyenne offrant un trac\u00e9 de 0,7 mm est parfaitement polyvalente : assez fine pour tracer des lettres et des chiffres, et assez large pour dessiner et colorier. Son encre est super lavable et permet aux taches accidentelles de partir apr\u00e8s un lavage \u00e0 40\u00b0C en machine sur la plupart des textiles. \u00c0 l&rsquo;\u00e9cole ou \u00e0 la maison, le feutre STABILO Trio A-Z est disponible dans 29 coloris dont 4 fluo et sera le compagnon cr\u00e9atif id\u00e9al des enfants.<\/div>\n<p class=\"lg product-detail-description-text\">STABILO Trio A-Z en \u00e9tui carton de 12 feutres de coloriage coloris assortis dont 2 fluo. Retrouvez le d\u00e9tail des 12 couleurs dans la rubrique caract\u00e9ristiques.<\/p>\n<ul class=\"lg\">\n<li>Pointe moyenne offrant un trac\u00e9 de 0,7 mm : id\u00e9ale pour dessiner et \u00e9crire<\/li>\n<li>Zone de pr\u00e9hension triangulaire ergonomique pour une prise en main optimale<\/li>\n<li>Pointe robuste<\/li>\n<li>Encre lavable d\u00e8s 40\u00b0C en machine sur la plupart des textiles<\/li>\n<li>Disponible en 29 couleurs dont 4 couleurs fluo<\/li>\n<li>Le capuchon est ventil\u00e9 et peut s&rsquo;accrocher \u00e0 l&rsquo;extr\u00e9mit\u00e9 du feutre<\/li>\n<li>Fabriqu\u00e9 en Europe<\/li>\n<\/ul>\n","protected":false},"excerpt":{"rendered":"<p>Le feutre STABILO Trio A-Z est le feutre id\u00e9al pour les petits artistes qui souhaitent un feutre de qualit\u00e9. Ergonomique, sa zone de pr\u00e9hension triangulaire permet une prise en main d\u00e9tendue et un bon positionnement des doigts sur le feutre. Sa pointe moyenne offrant un trac\u00e9 de 0,7 mm est parfaitement polyvalente : assez fine [&hellip;]<\/p>\n","protected":false},"featured_media":2667,"comment_status":"open","ping_status":"closed","template":"","meta":{"ocean_post_layout":"","ocean_both_sidebars_style":"","ocean_both_sidebars_content_width":0,"ocean_both_sidebars_sidebars_width":0,"ocean_sidebar":"0","ocean_second_sidebar":"0","ocean_disable_margins":"enable","ocean_add_body_class":"","ocean_shortcode_before_top_bar":"","ocean_shortcode_after_top_bar":"","ocean_shortcode_before_header":"","ocean_shortcode_after_header":"","ocean_has_shortcode":"","ocean_shortcode_after_title":"","ocean_shortcode_before_footer_widgets":"","ocean_shortcode_after_footer_widgets":"","ocean_shortcode_before_footer_bottom":"","ocean_shortcode_after_footer_bottom":"","ocean_display_top_bar":"default","ocean_display_header":"default","ocean_header_style":"","ocean_center_header_left_menu":"0","ocean_custom_header_template":"0","ocean_custom_logo":0,"ocean_custom_retina_logo":0,"ocean_custom_logo_max_width":0,"ocean_custom_logo_tablet_max_width":0,"ocean_custom_logo_mobile_max_width":0,"ocean_custom_logo_max_height":0,"ocean_custom_logo_tablet_max_height":0,"ocean_custom_logo_mobile_max_height":0,"ocean_header_custom_menu":"0","ocean_menu_typo_font_family":"0","ocean_menu_typo_font_subset":"","ocean_menu_typo_font_size":0,"ocean_menu_typo_font_size_tablet":0,"ocean_menu_typo_font_size_mobile":0,"ocean_menu_typo_font_size_unit":"px","ocean_menu_typo_font_weight":"","ocean_menu_typo_font_weight_tablet":"","ocean_menu_typo_font_weight_mobile":"","ocean_menu_typo_transform":"","ocean_menu_typo_transform_tablet":"","ocean_menu_typo_transform_mobile":"","ocean_menu_typo_line_height":0,"ocean_menu_typo_line_height_tablet":0,"ocean_menu_typo_line_height_mobile":0,"ocean_menu_typo_line_height_unit":"","ocean_menu_typo_spacing":0,"ocean_menu_typo_spacing_tablet":0,"ocean_menu_typo_spacing_mobile":0,"ocean_menu_typo_spacing_unit":"","ocean_menu_link_color":"","ocean_menu_link_color_hover":"","ocean_menu_link_color_active":"","ocean_menu_link_background":"","ocean_menu_link_hover_background":"","ocean_menu_link_active_background":"","ocean_menu_social_links_bg":"","ocean_menu_social_hover_links_bg":"","ocean_menu_social_links_color":"","ocean_menu_social_hover_links_color":"","ocean_disable_title":"default","ocean_disable_heading":"default","ocean_post_title":"","ocean_post_subheading":"","ocean_post_title_style":"","ocean_post_title_background_color":"","ocean_post_title_background":0,"ocean_post_title_bg_image_position":"","ocean_post_title_bg_image_attachment":"","ocean_post_title_bg_image_repeat":"","ocean_post_title_bg_image_size":"","ocean_post_title_height":0,"ocean_post_title_bg_overlay":0.5,"ocean_post_title_bg_overlay_color":"","ocean_disable_breadcrumbs":"default","ocean_breadcrumbs_color":"","ocean_breadcrumbs_separator_color":"","ocean_breadcrumbs_links_color":"","ocean_breadcrumbs_links_hover_color":"","ocean_display_footer_widgets":"default","ocean_display_footer_bottom":"default","ocean_custom_footer_template":"0","_themeisle_gutenberg_block_has_review":false},"product_brand":[],"product_cat":[89],"product_tag":[],"class_list":{"0":"post-2632","1":"product","2":"type-product","3":"status-publish","4":"has-post-thumbnail","6":"product_cat-feutres","8":"entry","9":"has-media","11":"first","12":"instock","13":"shipping-taxable","14":"purchasable","15":"product-type-simple","16":"has-product-nav","17":"col","18":"span_1_of_3","19":"owp-content-center","20":"owp-thumbs-layout-horizontal","21":"owp-btn-normal","22":"owp-tabs-layout-horizontal","23":"has-no-thumbnails","25":"circle-sale"},"jetpack_sharing_enabled":true,"_links":{"self":[{"href":"https:\/\/www.lamusereve.fr\/index.php\/wp-json\/wp\/v2\/product\/2632","targetHints":{"allow":["GET"]}}],"collection":[{"href":"https:\/\/www.lamusereve.fr\/index.php\/wp-json\/wp\/v2\/product"}],"about":[{"href":"https:\/\/www.lamusereve.fr\/index.php\/wp-json\/wp\/v2\/types\/product"}],"replies":[{"embeddable":true,"href":"https:\/\/www.lamusereve.fr\/index.php\/wp-json\/wp\/v2\/comments?post=2632"}],"wp:featuredmedia":[{"embeddable":true,"href":"https:\/\/www.lamusereve.fr\/index.php\/wp-json\/wp\/v2\/media\/2667"}],"wp:attachment":[{"href":"https:\/\/www.lamusereve.fr\/index.php\/wp-json\/wp\/v2\/media?parent=2632"}],"wp:term":[{"taxonomy":"product_brand","embeddable":true,"href":"https:\/\/www.lamusereve.fr\/index.php\/wp-json\/wp\/v2\/product_brand?post=2632"},{"taxonomy":"product_cat","embeddable":true,"href":"https:\/\/www.lamusereve.fr\/index.php\/wp-json\/wp\/v2\/product_cat?post=2632"},{"taxonomy":"product_tag","embeddable":true,"href":"https:\/\/www.lamusereve.fr\/index.php\/wp-json\/wp\/v2\/product_tag?post=2632"}],"curies":[{"name":"wp","href":"https:\/\/api.w.org\/{rel}","templated":true}]}}