{"id":998,"date":"2024-01-20T22:55:56","date_gmt":"2024-01-20T21:55:56","guid":{"rendered":"https:\/\/www.lamusereve.fr\/?page_id=998"},"modified":"2025-03-02T00:12:16","modified_gmt":"2025-03-01T23:12:16","slug":"conditions-generales-de-vente","status":"publish","type":"page","link":"https:\/\/www.lamusereve.fr\/index.php\/conditions-generales-de-vente\/","title":{"rendered":"Conditions G\u00e9n\u00e9rales de Vente"},"content":{"rendered":"\n<p class=\"has-medium-font-size\"><strong>Article 1 &#8211; Acceptation et modifications des conditions g\u00e9n\u00e9rales de vente<\/strong><\/p>\n\n\n\n<p>Les pr\u00e9sentes conditions g\u00e9n\u00e9rales de vente (ci-apr\u00e8s les \u00ab Conditions G\u00e9n\u00e9rales de Vente \u00bb) sont applicables \u00e0 tout achat effectu\u00e9 en ligne sur le site de La muse r\u00eave.<br>Le client est invit\u00e9 \u00e0 lire attentivement les pr\u00e9sentes Conditions G\u00e9n\u00e9rales de Vente qui visent \u00e0 d\u00e9finir les relations contractuelles entre le Client et La muse r\u00eave, et les conditions applicables \u00e0 l\u2019achat en ligne. En confirmant votre commande, vous reconnaissez avoir pris connaissance des pr\u00e9sentes conditions g\u00e9n\u00e9rales de vente et les acceptez dans leur int\u00e9gralit\u00e9.<\/p>\n\n\n\n<p>Les pr\u00e9sentes Conditions G\u00e9n\u00e9rales de Vente (CGV) applicables sont celles en vigueur sur le Site \u00e0 la date d\u2019achat. La muse r\u00eave se r\u00e9serve le droit d\u2019adapter ou de modifier \u00e0 tout moment les pr\u00e9sentes Conditions G\u00e9n\u00e9rales de Vente.<br>En cas de modification, les conditions g\u00e9n\u00e9rales de vente en vigueur seront appliqu\u00e9es au jour de la passation de la commande.<\/p>\n\n\n\n<p>Un Service Client est \u00e0 disposition du mardi au vendredi de 11h \u00e0 18h pour traiter uniquement des questions relatives \u00e0 un probl\u00e8me li\u00e9 \u00e0 une commande (paiement, r\u00e9ception de billet, \u2026) ou la gestion de vos donn\u00e9es personnelles. Pour contacter ce service, veuillez \u00e9crire \u00e0 l\u2019adresse suivante : <a href=\"mailto:contact@lamusereve.fr\">contact@lamusereve.fr<\/a><br>Avant de contacter le service, merci de v\u00e9rifier que la r\u00e9ponse ne se trouve pas dans la Foire Aux Questions (FAQ).<\/p>\n\n\n\n<div style=\"height:15px\" aria-hidden=\"true\" class=\"wp-block-spacer\"><\/div>\n\n\n\n<p class=\"has-medium-font-size\"><strong>Article 2 &#8211; Identification du vendeur<\/strong><\/p>\n\n\n\n<p>Les pr\u00e9sentes conditions g\u00e9n\u00e9rales de vente concernent le site de vente en ligne : La muse r\u00eave<br>Coordonn\u00e9es du vendeur : La muse r\u00eave S.A.S<br>8 rue du Pellaz<br>73000 Chamb\u00e9ry<br>N\u00b0 de SIRET : 94107328000013<br>Email : <a href=\"mailto:contact@lamusereve.fr\">contact@lamusereve.fr<\/a><\/p>\n\n\n\n<div style=\"height:15px\" aria-hidden=\"true\" class=\"wp-block-spacer\"><\/div>\n\n\n\n<p class=\"has-medium-font-size\"><strong>Article 3 &#8211; Caract\u00e9ristiques des articles vendus<\/strong><\/p>\n\n\n\n<p>Le site La muse r\u00eave propose une gamme de services (ateliers dans et hors les murs) et de produits (livres, objets, illustrations, ateliers) dont les caract\u00e9ristiques \u00e9nonc\u00e9es sont les suivantes : la photo, la d\u00e9signation, le prix en euros T.T.C.<\/p>\n\n\n\n<div style=\"height:15px\" aria-hidden=\"true\" class=\"wp-block-spacer\"><\/div>\n\n\n\n<p class=\"has-medium-font-size\"><strong>Article 4 &#8211; Prix<\/strong><\/p>\n\n\n\n<p>Tous les prix indiqu\u00e9s sur le site de vente de La muse r\u00eave sont exprim\u00e9s en \u20ac (euros), sont librement fix\u00e9s par La muse r\u00eave et s\u2019entendent toutes taxes comprises.<br>Le prix total doit \u00eatre r\u00e9gl\u00e9 dans son int\u00e9gralit\u00e9 au moment m\u00eame o\u00f9 la commande est finalis\u00e9e, soit le prix du ou des articles ainsi que les frais de livraison.<\/p>\n\n\n\n<p>S\u2019il s\u2019agit d\u2019un livre, une illustration ou un objet, les frais de livraison sont factur\u00e9s en suppl\u00e9ment. Ils sont clairement indiqu\u00e9s au moment de la passation de commande et comprennent les frais d\u2019exp\u00e9dition et les frais d\u2019emballage.<br>Les articles sont exp\u00e9di\u00e9s au tarif \u00ab&nbsp;lettre&nbsp;\u00bb en vigueur. Ces tarifs sont consultables sur le site de La Poste. Tous les prix figurant sur le site de La muse r\u00eave sont non n\u00e9gociables par l\u2019acheteur.<\/p>\n\n\n\n<div style=\"height:15px\" aria-hidden=\"true\" class=\"wp-block-spacer\"><\/div>\n\n\n\n<p class=\"has-medium-font-size\"><strong>Article 5 &#8211; Conditions d\u2019\u00e9changes, d\u2019annulation et de remboursement<\/strong><\/p>\n\n\n\n<p>En application de l\u2019article L.121-20 du Code de la Consommation, l\u2019acheteur a un d\u00e9lai de sept jours ouvrables pour retourner, \u00e0 ses frais et risques, le ou les produits (livres\/illustrations ou objets) qui ne conviendraient pas, pour un \u00e9change ou un remboursement. Ce d\u00e9lai court \u00e0 compter du jour de r\u00e9ception de la commande.<br>Ce droit de r\u00e9tractation s\u2019exerce sans p\u00e9nalit\u00e9. Cependant les frais d\u2019envoi seront \u00e0 la charge de l\u2019acheteur et les conditions de l\u2019envoi et du retour devront \u00eatre identiques.<br>Les articles doivent \u00eatre retourn\u00e9s dans un \u00e9tat neuf et dans leur emballage d\u2019origine. Dans le cas contraire, les articles ne seront ni repris, ni rembours\u00e9s, ni \u00e9chang\u00e9s.<br>D\u00e8s lors que l\u2019acheteur a exerc\u00e9 son droit de r\u00e9tractation dans le d\u00e9lai imparti, La muse r\u00eave s\u2019engage \u00e0 lui rembourser dans les 30 jours suivant la date \u00e0 laquelle ce droit a \u00e9t\u00e9 exerc\u00e9 (article L.121-20-1 du Code de la Consommation), la totalit\u00e9 des sommes vers\u00e9es, \u00e0 l\u2019exception des frais d\u2019envoi et de retour.<\/p>\n\n\n\n<p>En cas d\u2019annulation d\u2019un atelier, ce dernier ne vous sera rembours\u00e9 ou \u00e9chang\u00e9 que si vous avez pr\u00e9venu le Service client au plus tard 48h avant (jours ouvr\u00e9s) le d\u00e9but de l\u2019atelier.<br>La muse r\u00eave peut se voir annuler la veille de l\u2019atelier si le nombre de participants est inf\u00e9rieur \u00e0 3. Dans ce cas, La muse r\u00eave contactera le Client au plus vite par courriel ou par t\u00e9l\u00e9phone pour l\u2019en informer et lui proposer :<\/p>\n\n\n\n<ul class=\"wp-block-list\">\n<li>soit le report \u00e0 un jour et\/ou \u00e0 une heure diff\u00e9rente(s) avec le m\u00eame billet. En cas d\u2019annulation de la visite, son \u00e9change sera soumis aux conditions particuli\u00e8res en vigueur au jour de la nouvelle visite. En tout \u00e9tat de cause, l\u2019\u00e9change du billet ne se fera qu\u2019en faveur de l\u2019acqu\u00e9reur initial contre remise du billet.<\/li>\n\n\n\n<li>soit le remboursement du billet en pr\u00e9cisant les modalit\u00e9s. En cas d\u2019annulation d\u00e9finitive d\u2019une visite, le remboursement n\u2019interviendra qu\u2019en faveur de l\u2019acqu\u00e9reur initial. Seul le prix du billet sera rembours\u00e9. Aucun frais annexes de quelque nature que ce soit (assurance annulation, transport, h\u00f4tellerie, parking\u2026) ne sera rembours\u00e9 ou d\u00e9dommag\u00e9.<\/li>\n<\/ul>\n\n\n\n<div style=\"height:15px\" aria-hidden=\"true\" class=\"wp-block-spacer\"><\/div>\n\n\n\n<p class=\"has-medium-font-size\"><strong>Article 6 &#8211; Modalit\u00e9s de r\u00e8glement et paiement<\/strong><\/p>\n\n\n\n<p>L\u2019acheteur doit s\u2019acquitter par le mode de paiement propos\u00e9 sur le site de La muse r\u00eave, du r\u00e8glement int\u00e9gral de sa commande au moment de son acceptation.<br>Les modes de paiement accept\u00e9s par la soci\u00e9t\u00e9 et son site de vente en ligne La muse r\u00eave sont la carte bancaire. Les cartes accept\u00e9es sont les suivantes : CARTE BLEUE, VISA , MASTERCARD.<br>Apr\u00e8s avoir v\u00e9rifi\u00e9 sa s\u00e9lection des produits et pris connaissance des pr\u00e9sentes conditions g\u00e9n\u00e9rales de vente en cochant une case, le client effectue alors le paiement en ligne de sa commande en communiquant de fa\u00e7on s\u00e9curis\u00e9e ses coordonn\u00e9es bancaires (num\u00e9ros, date de validit\u00e9 de la carte et cryptogramme).<br>Tout paiement de la commande par le client constitue une acceptation irr\u00e9vocable de la commande qui ne peut \u00eatre remise en cause.<br>Aussit\u00f4t la transaction effectu\u00e9e, le Client re\u00e7oit un e-mail de confirmation d\u2019achat s\u2019il a renseign\u00e9 cette information dans la fen\u00eatre du paiement. Une facture peut \u00eatre transmise sur demande, en \u00e9crivant \u00e0 <a href=\"mailto:contact@lamusereve.fr\">contact@lamusereve.fr<\/a>. En cas de refus par le centre de paiement concern\u00e9, la commande est automatiquement annul\u00e9e.<\/p>\n\n\n\n<p>Pour tout paiement effectu\u00e9 sur le Site, La muse r\u00eave recourt aux services d\u2019un prestataire de services de paiement qui utilise un syst\u00e8me de paiement en ligne s\u00e9curis\u00e9 permettant de crypter le num\u00e9ro de carte bancaire du Client.<br>La muse r\u00eave garantit que les moyens et prestations de cryptologie utilis\u00e9s pour s\u00e9curiser les transactions ont fait l\u2019objet d\u2019une autorisation ou d\u2019une d\u00e9claration en application de la l\u00e9gislation en vigueur.<\/p>\n\n\n\n<p>D\u00e8s confirmation du paiement de la commande par le centre de paiement, le Client re\u00e7oit un courriel de confirmation de sa commande en provenance du site de billetterie en ligne de La muse r\u00eave. Le courriel de confirmation accuse r\u00e9ception de la commande et contient les informations suivantes :<\/p>\n\n\n\n<ul class=\"wp-block-list\">\n<li>les caract\u00e9ristiques essentielles du produit vendu<\/li>\n\n\n\n<li>le cas \u00e9ch\u00e9ant le(s) billet(s) pour l\u2019atelier avec la date et l\u2019heure<\/li>\n\n\n\n<li>le num\u00e9ro de transaction unique,<\/li>\n\n\n\n<li>le montant total de la commande,<\/li>\n\n\n\n<li>les modalit\u00e9s de contact du Service Clients<\/li>\n<\/ul>\n\n\n\n<div style=\"height:15px\" aria-hidden=\"true\" class=\"wp-block-spacer\"><\/div>\n\n\n\n<p class=\"has-medium-font-size\"><strong>Article 7 &#8211; Livraison<\/strong><\/p>\n\n\n\n<p>Le site La muse r\u00eave s\u2019engage \u00e0 exp\u00e9dier les commandes de produits (livres\/illustrations\/objets) dans un d\u00e9lai de 5 jours pour la France m\u00e9tropolitaine.<br>Les livraisons vers l\u2019Union Europ\u00e9enne et l\u2019International ne sont pas assur\u00e9es. Les billets pour les ateliers sont directement envoy\u00e9s par courriels \u00e0 l\u2019adresse email indiqu\u00e9e lors du paiement. Le billet doit \u00eatre pr\u00e9sent\u00e9 au d\u00e9but de l\u2019atelier soit en version imprim\u00e9e sur papier, soit en version PDF sur un smartphone ou une tablette.<\/p>\n\n\n\n<div style=\"height:15px\" aria-hidden=\"true\" class=\"wp-block-spacer\"><\/div>\n\n\n\n<p class=\"has-medium-font-size\"><strong>Article 8 &#8211; Loi applicable<\/strong><\/p>\n\n\n\n<p>Les pr\u00e9sentes conditions g\u00e9n\u00e9rales de vente sont soumises \u00e0 la loi fran\u00e7aise.<br>En cas de litige, l\u2019acheteur s\u2019engage \u00e0 s\u2019adresser en priorit\u00e9 \u00e0 La muse r\u00eave par l\u2019interm\u00e9diaire du site www.lamusereve.fr ou \u00e0 l\u2019adresse suivante : contact@lamusereve.fr afin de trouver une solution amiable.<\/p>\n\n\n\n<div style=\"height:15px\" aria-hidden=\"true\" class=\"wp-block-spacer\"><\/div>\n\n\n\n<p><\/p>\n","protected":false},"excerpt":{"rendered":"<p>Article 1 &#8211; Acceptation et modifications des conditions g\u00e9n\u00e9rales de vente Les pr\u00e9sentes conditions g\u00e9n\u00e9rales de vente (ci-apr\u00e8s les \u00ab Conditions G\u00e9n\u00e9rales de Vente \u00bb) sont applicables \u00e0 tout achat effectu\u00e9 en ligne sur le site de La muse r\u00eave.Le client est invit\u00e9 \u00e0 lire attentivement les pr\u00e9sentes Conditions G\u00e9n\u00e9rales de Vente qui visent \u00e0 [&hellip;]<\/p>\n","protected":false},"author":2,"featured_media":0,"parent":0,"menu_order":0,"comment_status":"closed","ping_status":"closed","template":"","meta":{"ocean_post_layout":"","ocean_both_sidebars_style":"","ocean_both_sidebars_content_width":0,"ocean_both_sidebars_sidebars_width":0,"ocean_sidebar":"","ocean_second_sidebar":"","ocean_disable_margins":"enable","ocean_add_body_class":"","ocean_shortcode_before_top_bar":"","ocean_shortcode_after_top_bar":"","ocean_shortcode_before_header":"","ocean_shortcode_after_header":"","ocean_has_shortcode":"","ocean_shortcode_after_title":"","ocean_shortcode_before_footer_widgets":"","ocean_shortcode_after_footer_widgets":"","ocean_shortcode_before_footer_bottom":"","ocean_shortcode_after_footer_bottom":"","ocean_display_top_bar":"default","ocean_display_header":"default","ocean_header_style":"","ocean_center_header_left_menu":"","ocean_custom_header_template":"","ocean_custom_logo":0,"ocean_custom_retina_logo":0,"ocean_custom_logo_max_width":0,"ocean_custom_logo_tablet_max_width":0,"ocean_custom_logo_mobile_max_width":0,"ocean_custom_logo_max_height":0,"ocean_custom_logo_tablet_max_height":0,"ocean_custom_logo_mobile_max_height":0,"ocean_header_custom_menu":"","ocean_menu_typo_font_family":"","ocean_menu_typo_font_subset":"","ocean_menu_typo_font_size":0,"ocean_menu_typo_font_size_tablet":0,"ocean_menu_typo_font_size_mobile":0,"ocean_menu_typo_font_size_unit":"px","ocean_menu_typo_font_weight":"","ocean_menu_typo_font_weight_tablet":"","ocean_menu_typo_font_weight_mobile":"","ocean_menu_typo_transform":"","ocean_menu_typo_transform_tablet":"","ocean_menu_typo_transform_mobile":"","ocean_menu_typo_line_height":0,"ocean_menu_typo_line_height_tablet":0,"ocean_menu_typo_line_height_mobile":0,"ocean_menu_typo_line_height_unit":"","ocean_menu_typo_spacing":0,"ocean_menu_typo_spacing_tablet":0,"ocean_menu_typo_spacing_mobile":0,"ocean_menu_typo_spacing_unit":"","ocean_menu_link_color":"","ocean_menu_link_color_hover":"","ocean_menu_link_color_active":"","ocean_menu_link_background":"","ocean_menu_link_hover_background":"","ocean_menu_link_active_background":"","ocean_menu_social_links_bg":"","ocean_menu_social_hover_links_bg":"","ocean_menu_social_links_color":"","ocean_menu_social_hover_links_color":"","ocean_disable_title":"default","ocean_disable_heading":"default","ocean_post_title":"","ocean_post_subheading":"","ocean_post_title_style":"","ocean_post_title_background_color":"","ocean_post_title_background":0,"ocean_post_title_bg_image_position":"","ocean_post_title_bg_image_attachment":"","ocean_post_title_bg_image_repeat":"","ocean_post_title_bg_image_size":"","ocean_post_title_height":0,"ocean_post_title_bg_overlay":0.5,"ocean_post_title_bg_overlay_color":"","ocean_disable_breadcrumbs":"default","ocean_breadcrumbs_color":"","ocean_breadcrumbs_separator_color":"","ocean_breadcrumbs_links_color":"","ocean_breadcrumbs_links_hover_color":"","ocean_display_footer_widgets":"default","ocean_display_footer_bottom":"default","ocean_custom_footer_template":"","_themeisle_gutenberg_block_has_review":false,"footnotes":""},"class_list":["post-998","page","type-page","status-publish","hentry","entry","owp-thumbs-layout-horizontal","owp-btn-normal","owp-tabs-layout-horizontal","has-no-thumbnails","has-product-nav","circle-sale"],"jetpack_sharing_enabled":true,"_links":{"self":[{"href":"https:\/\/www.lamusereve.fr\/index.php\/wp-json\/wp\/v2\/pages\/998","targetHints":{"allow":["GET"]}}],"collection":[{"href":"https:\/\/www.lamusereve.fr\/index.php\/wp-json\/wp\/v2\/pages"}],"about":[{"href":"https:\/\/www.lamusereve.fr\/index.php\/wp-json\/wp\/v2\/types\/page"}],"author":[{"embeddable":true,"href":"https:\/\/www.lamusereve.fr\/index.php\/wp-json\/wp\/v2\/users\/2"}],"replies":[{"embeddable":true,"href":"https:\/\/www.lamusereve.fr\/index.php\/wp-json\/wp\/v2\/comments?post=998"}],"version-history":[{"count":5,"href":"https:\/\/www.lamusereve.fr\/index.php\/wp-json\/wp\/v2\/pages\/998\/revisions"}],"predecessor-version":[{"id":1368,"href":"https:\/\/www.lamusereve.fr\/index.php\/wp-json\/wp\/v2\/pages\/998\/revisions\/1368"}],"wp:attachment":[{"href":"https:\/\/www.lamusereve.fr\/index.php\/wp-json\/wp\/v2\/media?parent=998"}],"curies":[{"name":"wp","href":"https:\/\/api.w.org\/{rel}","templated":true}]}}