{"id":613,"date":"2023-04-01T00:01:38","date_gmt":"2023-03-31T22:01:38","guid":{"rendered":"https:\/\/www.lamusereve.fr\/?page_id=613"},"modified":"2025-06-13T22:50:39","modified_gmt":"2025-06-13T20:50:39","slug":"foire-aux-questions","status":"publish","type":"page","link":"https:\/\/www.lamusereve.fr\/index.php\/foire-aux-questions\/","title":{"rendered":"Foire aux questions"},"content":{"rendered":"\n<h2 class=\"wp-block-heading\">Pour tous les publics<\/h2>\n\n\n\n<div id=\"wp-block-themeisle-blocks-accordion-8152f0cc\" class=\"wp-block-themeisle-blocks-accordion exclusive\">\n<details class=\"wp-block-themeisle-blocks-accordion-item\"><summary class=\"wp-block-themeisle-blocks-accordion-item__title\"><div><strong>L\u2019entr\u00e9e chez La muse r\u00eave est-elle payante ? Faut-il r\u00e9server pour venir ?<\/strong><\/div><\/summary><div class=\"wp-block-themeisle-blocks-accordion-item__content\">\n<p>La muse r\u00eave est un lieu multifonctionnel : c&rsquo;est \u00e0 la fois un espace d&rsquo;exposition, un atelier et une boutique-librairie. Pour ce qui est de la galerie et de la boutique, l\u2019entr\u00e9e est bien entendu gratuite et sans r\u00e9servation. En revanche, pour participer aux ateliers, il est n\u00e9cessaire de s\u2019inscrire. Les tarifs varient en fonction de l\u2019atelier choisi (pour plus d\u2019informations, voir la rubrique \u00ab <a href=\"https:\/\/www.lamusereve.fr\/index.php\/deroule-dun-atelier\/\">Ateliers<\/a> \u00bb).<\/p>\n<\/div><\/details>\n<\/div>\n\n\n\n<div id=\"wp-block-themeisle-blocks-accordion-cc450c84\" class=\"wp-block-themeisle-blocks-accordion exclusive\">\n<details class=\"wp-block-themeisle-blocks-accordion-item\"><summary class=\"wp-block-themeisle-blocks-accordion-item__title\"><div><strong><strong>Je souhaite offrir une carte cadeau La muse r\u00eave. Comment proc\u00e9der ?<\/strong><\/strong><\/div><\/summary><div class=\"wp-block-themeisle-blocks-accordion-item__content\">\n<p>Vous avez le choix entre 2 formats de cartes cadeaux : la carte cadeau num\u00e9rique ou physique.<\/p>\n\n\n\n<p><strong>Carte cadeau num\u00e9rique :<\/strong><\/p>\n\n\n\n<p>Disponible \u00e0 l&rsquo;achat en ligne, elle existe pour le moment dans 3 montants : 20, 50 ou 100 \u20ac. Apr\u00e8s commande, vous recevrez la carte par mail, pr\u00eate \u00e0 \u00eatre envoy\u00e9e \u00e0 son destinataire ou imprim\u00e9e pour lui offrir en main propre. Attention : elle est utilisable pour un achat en ligne uniquement, et valable sur l&rsquo;offre d&rsquo;ateliers ou de produits de la boutique. <\/p>\n\n\n\n<p><strong>Carte cadeau physique :<\/strong><\/p>\n\n\n\n<p>Disponible uniquement en achat direct \u00e0 la galerie, elle est id\u00e9ale pour ceux qui pr\u00e9f\u00e8rent le papier, pour un cadeau personnalis\u00e9 original, \u00e0 glisser dans une enveloppe. De plus, le montant peut-\u00eatre ajust\u00e9 selon vos envies. En revanche, celle-ci n&rsquo;est utilisable qu&rsquo;en physique, elle ne fonctionne pas pour un achat en ligne.  <\/p>\n\n\n\n<p><strong>Solde de carte cadeau :<\/strong><\/p>\n\n\n\n<p>Le solde restant d\u2019une cadeau peut \u00eatre utilis\u00e9 jusqu\u2019\u00e0 la date de p\u00e9remption de celle-ci (valable 1 an \u00e0 partir de la date d&rsquo;achat), uniquement pour les cartes physiques. Si le solde n\u2019est pas suffisant pour payer<br>totalement un ou plusieurs ateliers, le b\u00e9n\u00e9ficiaire peut compl\u00e9ter le paiement par un autre moyen. En revanche, aucun remboursement du solde restant de peut \u00eatre fait, ni aucune monnaie rendue.<\/p>\n<\/div><\/details>\n<\/div>\n\n\n\n<div id=\"wp-block-themeisle-blocks-accordion-77b23689\" class=\"wp-block-themeisle-blocks-accordion exclusive\">\n<details class=\"wp-block-themeisle-blocks-accordion-item\"><summary class=\"wp-block-themeisle-blocks-accordion-item__title\"><div><strong><strong><strong>J&rsquo;ai re\u00e7u une carte cadeau La muse r\u00eave. Comment faire pour l&rsquo;utiliser ?<\/strong><\/strong><\/strong><\/div><\/summary><div class=\"wp-block-themeisle-blocks-accordion-item__content\">\n<p>Selon le type de carte cadeau re\u00e7ue (num\u00e9rique ou physique), reportez-vous \u00e0 la question pr\u00e9c\u00e9dente, pour comprendre son fonctionnement. <\/p>\n\n\n\n<p><strong>Activer une carte cadeau num\u00e9rique :<\/strong><\/p>\n\n\n\n<p>La carte cadeau num\u00e9rique fonctionne avec un code \u00e0 usage unique, indiqu\u00e9 sur celle-ci lors de la r\u00e9ception. C&rsquo;est ce code qu&rsquo;il vous faudra renseigner lors du paiement lors de votre achat en ligne (atelier ou produit de la boutique). <\/p>\n\n\n\n<p><strong>Activer une carte cadeau physique :<\/strong><\/p>\n\n\n\n<p>La carte physique est syst\u00e9matiquement nominative et dat\u00e9e. Il vous suffit de la pr\u00e9senter \u00e0 la galerie pour l&rsquo;utiliser comme moyen de paiement pour un atelier ou un article de la boutique. Elle peut \u00eatre utilis\u00e9e en une ou plusieurs fois, pour des ateliers ou articles de la boutique (le solde restant sera not\u00e9 dessus \u00e0 chaque achat).<\/p>\n<\/div><\/details>\n<\/div>\n\n\n\n<div style=\"height:15px\" aria-hidden=\"true\" class=\"wp-block-spacer\"><\/div>\n\n\n\n<h2 class=\"wp-block-heading\">Pour les parents ou grands-parents<\/h2>\n\n\n\n<div id=\"wp-block-themeisle-blocks-accordion-f52545de\" class=\"wp-block-themeisle-blocks-accordion exclusive\">\n<details class=\"wp-block-themeisle-blocks-accordion-item\"><summary class=\"wp-block-themeisle-blocks-accordion-item__title\"><div><strong>Comment faire pour inscrire mon\/mes enfant(s) \u00e0 un atelier ?<\/strong><\/div><\/summary><div class=\"wp-block-themeisle-blocks-accordion-item__content\">\n<ul class=\"wp-block-list\">\n<li>Pour les ateliers en p\u00e9riode scolaire, allez dans la rubrique \u00ab <a href=\"https:\/\/www.lamusereve.fr\/index.php\/deroule-dun-atelier\/\">Ateliers<\/a> \u00bb puis choisissez la tranche d\u2019\u00e2ge correspondant \u00e0 celui de votre enfant (par exemple \u00ab <a href=\"https:\/\/www.lamusereve.fr\/index.php\/minimuse-atelier-2-3-ans\/\">Minimuse<\/a> \u00bb, \u00ab <a href=\"https:\/\/www.lamusereve.fr\/index.php\/kidimuse-atelier-3-6-ans\/\">Kidymuse<\/a> \u00bb, &#8230;). Si vous savez d\u00e9j\u00e0 quel atelier choisir, d\u00e9roulez la rubrique \u00ab\u00a0Atelier\u00a0\u00bb et rendez-vous directement sur la page de l&rsquo;atelier. Une fois la date choisie dans le calendrier de l&rsquo;atelier, cliquez sur le bouton \u00ab\u00a0Je m&rsquo;inscris\u00a0\u00bb : vous basculez sur la partie \u00ab\u00a0boutique\u00a0\u00bb qui vous permet alors de commander. <\/li>\n\n\n\n<li>S\u00e9lectionnez la date choisie, et renseignez le pr\u00e9nom et l&rsquo;\u00e2ge de l&rsquo;enfant participant, puis cliquez sur envoyer pour que La muse r\u00eave re\u00e7oive ces informations d&rsquo;inscription. <\/li>\n\n\n\n<li>Enfin, ajoutez l\u2019atelier au panier. Attention : Si la page affiche \u00ab Rupture de Stock \u00bb, cela signifie que l\u2019atelier choisi est complet. <\/li>\n\n\n\n<li>En p\u00e9riode de vacances, pour les ateliers \u00ab <a href=\"https:\/\/www.lamusereve.fr\/index.php\/kidimuse-atelier-3-6-ans\/\">Kidymuse<\/a> \u00bb et \u00ab <a href=\"https:\/\/www.lamusereve.fr\/index.php\/maximuse-atelier-6-12-ans\/\">Maximuse<\/a> \u00bb, allez dans la sous rubrique \u00ab Vacances \u00bb puis suivez les m\u00eames \u00e9tapes que ci-dessus.<br>Une fois tous les ateliers voulus s\u00e9lectionn\u00e9s, cliquez sur \u00ab voir panier \u00bb ou sur le petit logo de panier en haut \u00e0 droite de chaque page. Votre panier est alors r\u00e9sum\u00e9 sur une page, puis vous pouvez passer au paiement. Une fois vos coordonn\u00e9es rentr\u00e9es, validez votre achat : vous recevrez un email de confirmation de votre r\u00e9servation.<\/li>\n<\/ul>\n<\/div><\/details>\n<\/div>\n\n\n\n<div id=\"wp-block-themeisle-blocks-accordion-fdee694d\" class=\"wp-block-themeisle-blocks-accordion exclusive\">\n<details class=\"wp-block-themeisle-blocks-accordion-item\"><summary class=\"wp-block-themeisle-blocks-accordion-item__title\"><div><strong>Les adultes accompagnateurs peuvent-ils\/doivent-ils rester aux ateliers ?<\/strong><\/div><\/summary><div class=\"wp-block-themeisle-blocks-accordion-item__content\">\n<p>Non, sauf pour les ateliers d\u00e9di\u00e9s aux enfants de moins de 3 ans soit \u00ab <a href=\"https:\/\/www.lamusereve.fr\/index.php\/babymuse-atelier-0-3-ans\/\" data-type=\"page\" data-id=\"984\">Babymuse<\/a> \u00bb (0-3 ans) et \u00ab <a href=\"https:\/\/www.lamusereve.fr\/index.php\/minimuse-atelier-2-3-ans\/\" data-type=\"page\" data-id=\"37\">Minimuse<\/a> \u00bb (2-3 ans).<\/p>\n<\/div><\/details>\n<\/div>\n\n\n\n<div id=\"wp-block-themeisle-blocks-accordion-c25d01c9\" class=\"wp-block-themeisle-blocks-accordion exclusive\">\n<details class=\"wp-block-themeisle-blocks-accordion-item\"><summary class=\"wp-block-themeisle-blocks-accordion-item__title\"><div><strong>Mon enfant est \u00e0 un \u00e2ge charni\u00e8re (3 ans ou 6 ans), dans quel atelier l\u2019inscrire ?<\/strong><\/div><\/summary><div class=\"wp-block-themeisle-blocks-accordion-item__content\">\n<ul class=\"wp-block-list\">\n<li>Si votre enfant a 3 ans et qu\u2019il va \u00e0 l\u2019\u00e9cole maternelle, vous pouvez l\u2019inscrire \u00e0 l\u2019atelier \u00ab <a href=\"https:\/\/www.lamusereve.fr\/index.php\/kidimuse-atelier-3-6-ans\/\" data-type=\"page\" data-id=\"39\">Kidymuse<\/a> \u00bb, destin\u00e9 aux enfants de 3 \u00e0 6 ans.<br>Si ce n\u2019est pas le cas, choisissez l\u2019atelier \u00ab <a href=\"https:\/\/www.lamusereve.fr\/index.php\/minimuse-atelier-2-3-ans\/\" data-type=\"page\" data-id=\"37\">Minimuse<\/a> \u00bb destin\u00e9 aux enfants de 2 \u00e0 3 ans ou \u00ab <a href=\"https:\/\/www.lamusereve.fr\/index.php\/babymuse-atelier-0-3-ans\/\" data-type=\"page\" data-id=\"984\">Babymuse<\/a> \u00bb destin\u00e9 aux petits de 0 \u00e0 3 ans. Attention toutefois&nbsp;: le contenu est sensiblement diff\u00e9rent.<\/li>\n\n\n\n<li>De m\u00eame, si votre enfant a fait sa rentr\u00e9e \u00e0 l\u2019\u00e9cole \u00e9l\u00e9mentaire, vous pouvez l\u2019inscrire aux ateliers \u00ab <a href=\"https:\/\/www.lamusereve.fr\/index.php\/maximuse-atelier-6-12-ans\/\">Maximuse<\/a>&nbsp;\u00bb destin\u00e9s aux enfants \u00e0 partir de 6 ans. Sinon, pr\u00e9f\u00e9rez l\u2019atelier \u00ab <a href=\"https:\/\/www.lamusereve.fr\/index.php\/kidimuse-atelier-3-6-ans\/\" data-type=\"page\" data-id=\"39\">Kidymuse<\/a> \u00bb destin\u00e9 aux enfants de 3 \u00e0 6 ans.<\/li>\n<\/ul>\n<\/div><\/details>\n<\/div>\n\n\n\n<div id=\"wp-block-themeisle-blocks-accordion-f88c3c36\" class=\"wp-block-themeisle-blocks-accordion exclusive\">\n<details class=\"wp-block-themeisle-blocks-accordion-item\"><summary class=\"wp-block-themeisle-blocks-accordion-item__title\"><div><strong>Nous sommes parents d\u2019une fratrie (un enfant en maternelle, l\u2019autre en \u00e9l\u00e9mentaire), comment faire pour que nos enfants fassent un atelier ensemble ?<\/strong><\/div><\/summary><div class=\"wp-block-themeisle-blocks-accordion-item__content\">\n<p>Il est pr\u00e9f\u00e9rable que ce soit le plus grand qui s\u2019adapte au niveau du plus jeune. Aussi nous vous conseillons d\u2019inscrire vos enfants dans l\u2019atelier d\u00e9di\u00e9 \u00e0 l\u2019\u00e2ge de ce dernier.<\/p>\n<\/div><\/details>\n<\/div>\n\n\n\n<div style=\"height:15px\" aria-hidden=\"true\" class=\"wp-block-spacer\"><\/div>\n\n\n\n<h2 class=\"wp-block-heading\"><strong>Pour les artistes et autres professionnel\u00b7le\u00b7s des arts et de la culture<\/strong><\/h2>\n\n\n\n<div id=\"wp-block-themeisle-blocks-accordion-74438dba\" class=\"wp-block-themeisle-blocks-accordion exclusive\">\n<details class=\"wp-block-themeisle-blocks-accordion-item\"><summary class=\"wp-block-themeisle-blocks-accordion-item__title\"><div><strong>Je suis artiste visuel, illustrateur\u00b7trice ou cr\u00e9ateur\u00b7trice d\u2019objets destin\u00e9s aux jeune public. Comment faire pour vous proposer un projet d\u2019exposition, d\u2019atelier ou de partenariat ?<\/strong><\/div><\/summary><div class=\"wp-block-themeisle-blocks-accordion-item__content\">\n<p>Vous pouvez nous \u00e9crire un mail \u00e0 <a href=\"mailto:contact@lamusereve.fr\">contact@lamusereve.fr<\/a> pour nous proposer votre projet. N\u2019h\u00e9sitez pas \u00e0 nous joindre des visuels, une pr\u00e9sentation de votre travail et un descriptif de votre proposition aussi d\u00e9taill\u00e9 que vous le pouvez au moment de votre demande. Nous t\u00e2cherons de vous r\u00e9pondre dans les plus brefs d\u00e9lais.<\/p>\n<\/div><\/details>\n<\/div>\n\n\n\n<div id=\"wp-block-themeisle-blocks-accordion-b0243b91\" class=\"wp-block-themeisle-blocks-accordion exclusive\">\n<details class=\"wp-block-themeisle-blocks-accordion-item\"><summary class=\"wp-block-themeisle-blocks-accordion-item__title\"><div><strong>Je souhaiterais mettre certaines de mes \u0153uvres en d\u00e9p\u00f4t chez La muse r\u00eave. Comme dois- je proc\u00e9der ?<\/strong><\/div><\/summary><div class=\"wp-block-themeisle-blocks-accordion-item__content\">\n<p>Vous pouvez nous \u00e9crire un mail \u00e0 <a href=\"mailto:direction@lamusereve.fr\">contact@lamusereve.fr<\/a> en nous envoyant des visuels et un descriptif de votre travail. Nous t\u00e2cherons de vous r\u00e9pondre dans les plus brefs d\u00e9lais.<\/p>\n<\/div><\/details>\n<\/div>\n\n\n\n<div id=\"wp-block-themeisle-blocks-accordion-959c4594\" class=\"wp-block-themeisle-blocks-accordion exclusive\">\n<details class=\"wp-block-themeisle-blocks-accordion-item\"><summary class=\"wp-block-themeisle-blocks-accordion-item__title\"><div><strong>Je suis artiste du spectacle vivant (musique, danse, th\u00e9\u00e2tre, cirque, marionnettes, art de la parole\u2026). Comment faire pour vous proposer un projet ou un partenariat ?<\/strong><\/div><\/summary><div class=\"wp-block-themeisle-blocks-accordion-item__content\">\n<p>Vous pouvez nous \u00e9crire un mail \u00e0 <a href=\"mailto:direction@lamusereve.fr\">contact@lamusereve.fr<\/a> pour nous proposer votre projet. N\u2019h\u00e9sitez pas \u00e0 nous joindre des visuels, une pr\u00e9sentation de votre travail et un descriptif de votre proposition aussi d\u00e9taill\u00e9 que vous le pouvez au moment de votre demande. Nous t\u00e2cherons de vous r\u00e9pondre dans les plus brefs d\u00e9lais.<\/p>\n<\/div><\/details>\n<\/div>\n\n\n\n<div id=\"wp-block-themeisle-blocks-accordion-80a2b71e\" class=\"wp-block-themeisle-blocks-accordion exclusive\">\n<details class=\"wp-block-themeisle-blocks-accordion-item\"><summary class=\"wp-block-themeisle-blocks-accordion-item__title\"><div><strong>J\u2019aimerais travailler pour La muse r\u00eave, o\u00f9 dois-je postuler<\/strong> ?<\/div><\/summary><div class=\"wp-block-themeisle-blocks-accordion-item__content\">\n<p>En fonction de l\u2019\u00e9volution de l\u2019entreprise, nous pourrons \u00eatre amen\u00e9s \u00e0 rechercher un renfort pour des missions de m\u00e9diation et\/ou de communication. Nous esp\u00e9rons pouvoir \u00e9galement agrandir notre \u00e9quipe en faisant appel \u00e0 des stagiaires. Vous pouvez retrouver nos annonces sur le site Profil Culture ou dans les actualit\u00e9s de La muse r\u00eave. <\/p>\n\n\n\n<p>Pour une candidature spontan\u00e9e, vous pouvez nous \u00e9crire \u00e0 <a href=\"mailto:direction@lamusereve.fr\">contact@lamusereve.fr<\/a>.<\/p>\n<\/div><\/details>\n<\/div>\n\n\n\n<div style=\"height:15px\" aria-hidden=\"true\" class=\"wp-block-spacer\"><\/div>\n\n\n\n<h2 class=\"wp-block-heading\"><strong>Pour les professionnel\u00b7le\u00b7s travaillant aupr\u00e8s de l\u2019enfance et la petite enfance (enseignant\u00b7e\u00b7s de maternelle et d\u2019\u00e9l\u00e9mentaire, animateurs\/animatrices et responsables d\u2019ALSH, RPE et LAEP, EJE et responsables de cr\u00e8ches&#8230;)<\/strong><\/h2>\n\n\n\n<div id=\"wp-block-themeisle-blocks-accordion-f35d7ab8\" class=\"wp-block-themeisle-blocks-accordion exclusive\">\n<details class=\"wp-block-themeisle-blocks-accordion-item\"><summary class=\"wp-block-themeisle-blocks-accordion-item__title\"><div><strong>Je d\u00e9sire r\u00e9server un atelier pour un groupe d\u2019enfants. Comment dois-je proc\u00e9der ?<\/strong><\/div><\/summary><div class=\"wp-block-themeisle-blocks-accordion-item__content\">\n<p>Vous trouverez toutes nos propositions d\u2019ateliers \u00e0 la rubrique \u00ab Groupes \u00bb du site internet. Nous pouvons accueillir des groupes chez La muse r\u00eave (sous-rubrique \u00ab Ateliers chez LMR \u00bb), ou venir faire un atelier directement dans votre \u00e9tablissement (rubrique \u00ab Ateliers LMR hors les murs \u00bb).<br>Vous pouvez obtenir un devis en nous \u00e9crivant \u00e0 <a href=\"mailto:direction@lamusereve.fr\">contact@lamusereve.fr<\/a> ou en cliquant sur le bouton \u00ab Demander un devis \u00bb.<br>Pour toutes autres questions ou informations compl\u00e9mentaires, nous restons disponibles sur nos horaires d\u2019ouverture \u00e0 <a href=\"mailto:bonjour@lamusereve.fr\">bonjour@lamusereve.fr<\/a> ou au 06 61 69 48 17.<\/p>\n\n\n\n<p>Nous pouvons intervenir sur toute l\u2019ann\u00e9e scolaire (de septembre \u00e0 juin) les matin\u00e9es des lundis, mardis, jeudis et vendredis uniquement. Nous pouvons aussi nous d\u00e9placer durant une semaine sur les deux de chaque p\u00e9riode de vacances scolaires, les lundis et vendredis matins uniquement. La muse r\u00eave ferme compl\u00e8tement ses portes entre la mi-juillet et la fin ao\u00fbt, ainsi que lors des f\u00eates de fin d\u2019ann\u00e9e pour ses cong\u00e9s annuels.<\/p>\n<\/div><\/details>\n<\/div>\n\n\n\n<div id=\"wp-block-themeisle-blocks-accordion-9a3b7f68\" class=\"wp-block-themeisle-blocks-accordion exclusive\">\n<details class=\"wp-block-themeisle-blocks-accordion-item\"><summary class=\"wp-block-themeisle-blocks-accordion-item__title\"><div><strong>Puis-je venir chez La muse r\u00eave avec un groupe d\u2019enfants sans r\u00e9server ?<\/strong><\/div><\/summary><div class=\"wp-block-themeisle-blocks-accordion-item__content\">\n<p>La muse r\u00eave a le c\u0153ur large&nbsp;! Mais c\u2019est un petit lieu ne pouvant pas accueillir un trop grand nombre de personnes en m\u00eame temps. Il est donc imp\u00e9ratif de nous contacter en amont pour organiser au mieux votre visite, ceci pour le confort de tous et toutes.<\/p>\n<\/div><\/details>\n<\/div>\n\n\n\n<p><\/p>\n","protected":false},"excerpt":{"rendered":"<p>Pour tous les publics Pour les parents ou grands-parents Pour les artistes et autres professionnel\u00b7le\u00b7s des arts et de la culture Pour les professionnel\u00b7le\u00b7s travaillant aupr\u00e8s de l\u2019enfance et la petite enfance (enseignant\u00b7e\u00b7s de maternelle et d\u2019\u00e9l\u00e9mentaire, animateurs\/animatrices et responsables d\u2019ALSH, RPE et LAEP, EJE et responsables de cr\u00e8ches&#8230;)<\/p>\n","protected":false},"author":2,"featured_media":0,"parent":0,"menu_order":0,"comment_status":"closed","ping_status":"closed","template":"","meta":{"ocean_post_layout":"","ocean_both_sidebars_style":"","ocean_both_sidebars_content_width":0,"ocean_both_sidebars_sidebars_width":0,"ocean_sidebar":"","ocean_second_sidebar":"","ocean_disable_margins":"enable","ocean_add_body_class":"","ocean_shortcode_before_top_bar":"","ocean_shortcode_after_top_bar":"","ocean_shortcode_before_header":"","ocean_shortcode_after_header":"","ocean_has_shortcode":"","ocean_shortcode_after_title":"","ocean_shortcode_before_footer_widgets":"","ocean_shortcode_after_footer_widgets":"","ocean_shortcode_before_footer_bottom":"","ocean_shortcode_after_footer_bottom":"","ocean_display_top_bar":"default","ocean_display_header":"default","ocean_header_style":"","ocean_center_header_left_menu":"","ocean_custom_header_template":"","ocean_custom_logo":0,"ocean_custom_retina_logo":0,"ocean_custom_logo_max_width":0,"ocean_custom_logo_tablet_max_width":0,"ocean_custom_logo_mobile_max_width":0,"ocean_custom_logo_max_height":0,"ocean_custom_logo_tablet_max_height":0,"ocean_custom_logo_mobile_max_height":0,"ocean_header_custom_menu":"","ocean_menu_typo_font_family":"","ocean_menu_typo_font_subset":"","ocean_menu_typo_font_size":0,"ocean_menu_typo_font_size_tablet":0,"ocean_menu_typo_font_size_mobile":0,"ocean_menu_typo_font_size_unit":"px","ocean_menu_typo_font_weight":"","ocean_menu_typo_font_weight_tablet":"","ocean_menu_typo_font_weight_mobile":"","ocean_menu_typo_transform":"","ocean_menu_typo_transform_tablet":"","ocean_menu_typo_transform_mobile":"","ocean_menu_typo_line_height":0,"ocean_menu_typo_line_height_tablet":0,"ocean_menu_typo_line_height_mobile":0,"ocean_menu_typo_line_height_unit":"","ocean_menu_typo_spacing":0,"ocean_menu_typo_spacing_tablet":0,"ocean_menu_typo_spacing_mobile":0,"ocean_menu_typo_spacing_unit":"","ocean_menu_link_color":"","ocean_menu_link_color_hover":"","ocean_menu_link_color_active":"","ocean_menu_link_background":"","ocean_menu_link_hover_background":"","ocean_menu_link_active_background":"","ocean_menu_social_links_bg":"","ocean_menu_social_hover_links_bg":"","ocean_menu_social_links_color":"","ocean_menu_social_hover_links_color":"","ocean_disable_title":"default","ocean_disable_heading":"default","ocean_post_title":"","ocean_post_subheading":"","ocean_post_title_style":"","ocean_post_title_background_color":"","ocean_post_title_background":0,"ocean_post_title_bg_image_position":"","ocean_post_title_bg_image_attachment":"","ocean_post_title_bg_image_repeat":"","ocean_post_title_bg_image_size":"","ocean_post_title_height":0,"ocean_post_title_bg_overlay":0.5,"ocean_post_title_bg_overlay_color":"","ocean_disable_breadcrumbs":"default","ocean_breadcrumbs_color":"","ocean_breadcrumbs_separator_color":"","ocean_breadcrumbs_links_color":"","ocean_breadcrumbs_links_hover_color":"","ocean_display_footer_widgets":"default","ocean_display_footer_bottom":"default","ocean_custom_footer_template":"","_themeisle_gutenberg_block_has_review":false,"footnotes":""},"class_list":["post-613","page","type-page","status-publish","hentry","entry","owp-thumbs-layout-horizontal","owp-btn-normal","owp-tabs-layout-horizontal","has-no-thumbnails","has-product-nav","circle-sale"],"jetpack_sharing_enabled":true,"_links":{"self":[{"href":"https:\/\/www.lamusereve.fr\/index.php\/wp-json\/wp\/v2\/pages\/613","targetHints":{"allow":["GET"]}}],"collection":[{"href":"https:\/\/www.lamusereve.fr\/index.php\/wp-json\/wp\/v2\/pages"}],"about":[{"href":"https:\/\/www.lamusereve.fr\/index.php\/wp-json\/wp\/v2\/types\/page"}],"author":[{"embeddable":true,"href":"https:\/\/www.lamusereve.fr\/index.php\/wp-json\/wp\/v2\/users\/2"}],"replies":[{"embeddable":true,"href":"https:\/\/www.lamusereve.fr\/index.php\/wp-json\/wp\/v2\/comments?post=613"}],"version-history":[{"count":17,"href":"https:\/\/www.lamusereve.fr\/index.php\/wp-json\/wp\/v2\/pages\/613\/revisions"}],"predecessor-version":[{"id":2473,"href":"https:\/\/www.lamusereve.fr\/index.php\/wp-json\/wp\/v2\/pages\/613\/revisions\/2473"}],"wp:attachment":[{"href":"https:\/\/www.lamusereve.fr\/index.php\/wp-json\/wp\/v2\/media?parent=613"}],"curies":[{"name":"wp","href":"https:\/\/api.w.org\/{rel}","templated":true}]}}