{"id":4295,"date":"2026-03-02T20:31:04","date_gmt":"2026-03-02T19:31:04","guid":{"rendered":"https:\/\/www.lamusereve.fr\/?page_id=4295"},"modified":"2026-03-02T20:31:04","modified_gmt":"2026-03-02T19:31:04","slug":"la-nuit-la-chouette-et-le-soleil","status":"publish","type":"page","link":"https:\/\/www.lamusereve.fr\/index.php\/la-nuit-la-chouette-et-le-soleil\/","title":{"rendered":"La nuit, la chouette et le Soleil"},"content":{"rendered":"\n<div class=\"wp-block-media-text is-stacked-on-mobile is-vertically-aligned-center has-background\" style=\"background-color:#f9d7d7;grid-template-columns:37% auto\"><figure class=\"wp-block-media-text__media\"><img fetchpriority=\"high\" decoding=\"async\" width=\"1024\" height=\"1024\" src=\"https:\/\/www.lamusereve.fr\/wp-content\/uploads\/2025\/09\/HATIER-VIOLAINE-COSTA-LA-NUIT-LA-CHOUETTE-ET-LE-SOLEIL-COUVERTURE-1024x1024.jpg\" alt=\"\" class=\"wp-image-3211 size-full\"\/><\/figure><div class=\"wp-block-media-text__content\">\n<div style=\"height:20px\" aria-hidden=\"true\" class=\"wp-block-spacer\"><\/div>\n\n\n\n<h1 class=\"wp-block-heading has-text-color has-link-color wp-elements-131e40f21c8f1d1cd6c2067184aa8ac5\" style=\"color:#188282\"><em><strong><strong><em>La nuit, la chouette et le soleil<\/em><\/strong><\/strong><\/em><\/h1>\n\n\n\n<h3 class=\"wp-block-heading has-text-color has-link-color wp-elements-b4677d0af1856b7f57f5b26b517ac43a\" style=\"color:#2b4949\"><strong>Du 7 janvier au 27 f\u00e9vrier 202<\/strong>6<\/h3>\n\n\n\n<p class=\"has-text-color has-link-color wp-elements-fdb1afab74e11c4d36d51e6871365268\" style=\"color:#2b4949;font-size:14px\">Avec des <strong>illustrations originales de Violaine Costa<\/strong>, de l&rsquo;album \u00e9ponyme (\u00e9d. Hatier jeunesse)<\/p>\n\n\n\n<p class=\"has-text-color has-link-color wp-elements-3ada0b59ad8524e78244c0e0863b0b65\" style=\"color:#2b4949;font-size:14px\">Dans le secret de la nuit, Lucie, une petite chouette curieuse, s&rsquo;appr\u00eate \u00e0 vivre une aventure extraordinaire. Son r\u00eave ? D\u00e9couvrir un tr\u00e9sor qu&rsquo;elle n&rsquo;a encore jamais vu : le Soleil. Pour atteindre son but, elle devra interroger les animaux de la for\u00eat, dialoguer avec les \u00e9toiles et solliciter la bienveillance de la Lune. Mais l&rsquo;astre du jour acceptera-t-il de se montrer \u00e0 cette petite cr\u00e9ature de la nuit ?<\/p>\n\n\n\n<p class=\"has-text-color has-link-color wp-elements-9d2b2afb3d5c9cd14eb0f3c5dbc6618e\" style=\"color:#2b4949\">L&rsquo;exposition retrace le voyage initiatique de la petite h\u00e9ro\u00efne \u00e0 travers les sommets. Les illustrations de Violaine Costa, \u00e0 la fois douces et d\u00e9taill\u00e9es, et tout en rondeur, capturent avec finesse la magie de la vie nocturne et la majest\u00e9 de la montagne.<\/p>\n\n\n\n<p class=\"has-text-color has-link-color wp-elements-cfcac59104036896c1999834a453cf31\" style=\"color:#2b4949\"><em>Une odyss\u00e9e visuelle entre ombre et lumi\u00e8re, o\u00f9 la pers\u00e9v\u00e9rance d&rsquo;une petite chouette nous invite \u00e0 toujours suivre nos r\u00eaves.<\/em><\/p>\n\n\n\n<p class=\"has-text-color has-link-color wp-elements-bbde8116d952eb8d3a2b61f04ff2a175\" style=\"color:#2b4949;font-size:14px\">Th\u00e8mes : nuit, soleil, for\u00eat, \u00e9cologie, qu\u00eate, curiosit\u00e9, entraide<\/p>\n\n\n\n<div style=\"height:20px\" aria-hidden=\"true\" class=\"wp-block-spacer\"><\/div>\n<\/div><\/div>\n\n\n\n<div style=\"height:30px\" aria-hidden=\"true\" class=\"wp-block-spacer\"><\/div>\n\n\n\n<p class=\"has-text-align-center has-text-color has-link-color has-medium-font-size wp-elements-80f29b5d1fd33083ad94fd6a9f2ed583\" style=\"color:#a6553c\"><strong><strong>Vernissage-d\u00e9dicace le samedi 10 janvier 2026 \u00e0 17h<\/strong><\/strong><\/p>\n\n\n\n<p class=\"has-text-align-center has-text-color has-link-color wp-elements-6202decd10517f0852b337f2dbc49842\" style=\"color:#a6553c;font-size:20px\"><strong><strong>Ateliers d&rsquo;illustration avec l&rsquo;artiste le 10 janvier \u00e0 14h30 et 15h30 <\/strong><\/strong>suivis d&rsquo;un go\u00fbter<\/p>\n\n\n\n<p class=\"has-text-align-center has-text-color has-link-color wp-elements-9d7930cf183cbcbbb93257109b65b383\" style=\"color:#a6553c;font-size:16px\">(sur inscription par mail ou t\u00e9l\u00e9phone)<\/p>\n\n\n<div class=\"wp-block-image\">\n<figure class=\"aligncenter size-full is-resized\"><img decoding=\"async\" data-src=\"https:\/\/www.lamusereve.fr\/wp-content\/uploads\/2025\/11\/VIOLAINE-COSTA-05.jpg\" alt=\"\" class=\"wp-image-3613 lazyload\" style=\"width:192px;height:auto\" src=\"data:image\/svg+xml;base64,PHN2ZyB3aWR0aD0iMSIgaGVpZ2h0PSIxIiB4bWxucz0iaHR0cDovL3d3dy53My5vcmcvMjAwMC9zdmciPjwvc3ZnPg==\" \/><\/figure>\n<\/div>\n\n\n<div style=\"height:60px\" aria-hidden=\"true\" class=\"wp-block-spacer\"><\/div>\n\n\n\n<figure class=\"wp-block-gallery has-nested-images columns-default is-cropped is-style-rectangular wp-block-gallery-1 is-layout-flex wp-block-gallery-is-layout-flex\">\n<figure class=\"wp-block-image size-full\"><img decoding=\"async\" width=\"2560\" height=\"1323\" data-id=\"3208\" data-src=\"https:\/\/www.lamusereve.fr\/wp-content\/uploads\/2025\/09\/HATIER-VIOLAINE-COSTA-LA-NUIT-LA-CHOUETTE-ET-LE-SOLEIL-8-scaled.jpg\" alt=\"\" class=\"wp-image-3208 lazyload\" data-srcset=\"https:\/\/www.lamusereve.fr\/wp-content\/uploads\/2025\/09\/HATIER-VIOLAINE-COSTA-LA-NUIT-LA-CHOUETTE-ET-LE-SOLEIL-8-scaled.jpg 2560w, https:\/\/www.lamusereve.fr\/wp-content\/uploads\/2025\/09\/HATIER-VIOLAINE-COSTA-LA-NUIT-LA-CHOUETTE-ET-LE-SOLEIL-8-300x155.jpg 300w, https:\/\/www.lamusereve.fr\/wp-content\/uploads\/2025\/09\/HATIER-VIOLAINE-COSTA-LA-NUIT-LA-CHOUETTE-ET-LE-SOLEIL-8-1024x529.jpg 1024w, https:\/\/www.lamusereve.fr\/wp-content\/uploads\/2025\/09\/HATIER-VIOLAINE-COSTA-LA-NUIT-LA-CHOUETTE-ET-LE-SOLEIL-8-768x397.jpg 768w, https:\/\/www.lamusereve.fr\/wp-content\/uploads\/2025\/09\/HATIER-VIOLAINE-COSTA-LA-NUIT-LA-CHOUETTE-ET-LE-SOLEIL-8-1536x794.jpg 1536w, https:\/\/www.lamusereve.fr\/wp-content\/uploads\/2025\/09\/HATIER-VIOLAINE-COSTA-LA-NUIT-LA-CHOUETTE-ET-LE-SOLEIL-8-2048x1059.jpg 2048w, https:\/\/www.lamusereve.fr\/wp-content\/uploads\/2025\/09\/HATIER-VIOLAINE-COSTA-LA-NUIT-LA-CHOUETTE-ET-LE-SOLEIL-8-400x207.jpg 400w\" data-sizes=\"(max-width: 2560px) 100vw, 2560px\" src=\"data:image\/svg+xml;base64,PHN2ZyB3aWR0aD0iMSIgaGVpZ2h0PSIxIiB4bWxucz0iaHR0cDovL3d3dy53My5vcmcvMjAwMC9zdmciPjwvc3ZnPg==\" style=\"--smush-placeholder-width: 2560px; --smush-placeholder-aspect-ratio: 2560\/1323;\" \/><\/figure>\n\n\n\n<figure class=\"wp-block-image size-full\"><img decoding=\"async\" width=\"1374\" height=\"1323\" data-id=\"3209\" data-src=\"https:\/\/www.lamusereve.fr\/wp-content\/uploads\/2025\/09\/HATIER-VIOLAINE-COSTA-LA-NUIT-LA-CHOUETTE-ET-LE-SOLEIL-11-scaled-e1757101029174.jpg\" alt=\"\" class=\"wp-image-3209 lazyload\" data-srcset=\"https:\/\/www.lamusereve.fr\/wp-content\/uploads\/2025\/09\/HATIER-VIOLAINE-COSTA-LA-NUIT-LA-CHOUETTE-ET-LE-SOLEIL-11-scaled-e1757101029174.jpg 1374w, https:\/\/www.lamusereve.fr\/wp-content\/uploads\/2025\/09\/HATIER-VIOLAINE-COSTA-LA-NUIT-LA-CHOUETTE-ET-LE-SOLEIL-11-scaled-e1757101029174-300x289.jpg 300w, https:\/\/www.lamusereve.fr\/wp-content\/uploads\/2025\/09\/HATIER-VIOLAINE-COSTA-LA-NUIT-LA-CHOUETTE-ET-LE-SOLEIL-11-scaled-e1757101029174-1024x986.jpg 1024w, https:\/\/www.lamusereve.fr\/wp-content\/uploads\/2025\/09\/HATIER-VIOLAINE-COSTA-LA-NUIT-LA-CHOUETTE-ET-LE-SOLEIL-11-scaled-e1757101029174-768x739.jpg 768w, https:\/\/www.lamusereve.fr\/wp-content\/uploads\/2025\/09\/HATIER-VIOLAINE-COSTA-LA-NUIT-LA-CHOUETTE-ET-LE-SOLEIL-11-scaled-e1757101029174-400x385.jpg 400w\" data-sizes=\"(max-width: 1374px) 100vw, 1374px\" src=\"data:image\/svg+xml;base64,PHN2ZyB3aWR0aD0iMSIgaGVpZ2h0PSIxIiB4bWxucz0iaHR0cDovL3d3dy53My5vcmcvMjAwMC9zdmciPjwvc3ZnPg==\" style=\"--smush-placeholder-width: 1374px; --smush-placeholder-aspect-ratio: 1374\/1323;\" \/><\/figure>\n\n\n\n<figure class=\"wp-block-image size-full\"><img decoding=\"async\" width=\"2560\" height=\"1323\" data-id=\"3210\" data-src=\"https:\/\/www.lamusereve.fr\/wp-content\/uploads\/2025\/09\/HATIER-VIOLAINE-COSTA-LA-NUIT-LA-CHOUETTE-ET-LE-SOLEIL-15-scaled.jpg\" alt=\"\" class=\"wp-image-3210 lazyload\" data-srcset=\"https:\/\/www.lamusereve.fr\/wp-content\/uploads\/2025\/09\/HATIER-VIOLAINE-COSTA-LA-NUIT-LA-CHOUETTE-ET-LE-SOLEIL-15-scaled.jpg 2560w, https:\/\/www.lamusereve.fr\/wp-content\/uploads\/2025\/09\/HATIER-VIOLAINE-COSTA-LA-NUIT-LA-CHOUETTE-ET-LE-SOLEIL-15-300x155.jpg 300w, https:\/\/www.lamusereve.fr\/wp-content\/uploads\/2025\/09\/HATIER-VIOLAINE-COSTA-LA-NUIT-LA-CHOUETTE-ET-LE-SOLEIL-15-1024x529.jpg 1024w, https:\/\/www.lamusereve.fr\/wp-content\/uploads\/2025\/09\/HATIER-VIOLAINE-COSTA-LA-NUIT-LA-CHOUETTE-ET-LE-SOLEIL-15-768x397.jpg 768w, https:\/\/www.lamusereve.fr\/wp-content\/uploads\/2025\/09\/HATIER-VIOLAINE-COSTA-LA-NUIT-LA-CHOUETTE-ET-LE-SOLEIL-15-1536x794.jpg 1536w, https:\/\/www.lamusereve.fr\/wp-content\/uploads\/2025\/09\/HATIER-VIOLAINE-COSTA-LA-NUIT-LA-CHOUETTE-ET-LE-SOLEIL-15-2048x1059.jpg 2048w, https:\/\/www.lamusereve.fr\/wp-content\/uploads\/2025\/09\/HATIER-VIOLAINE-COSTA-LA-NUIT-LA-CHOUETTE-ET-LE-SOLEIL-15-400x207.jpg 400w\" data-sizes=\"(max-width: 2560px) 100vw, 2560px\" src=\"data:image\/svg+xml;base64,PHN2ZyB3aWR0aD0iMSIgaGVpZ2h0PSIxIiB4bWxucz0iaHR0cDovL3d3dy53My5vcmcvMjAwMC9zdmciPjwvc3ZnPg==\" style=\"--smush-placeholder-width: 2560px; --smush-placeholder-aspect-ratio: 2560\/1323;\" \/><\/figure>\n\n\n\n<figure class=\"wp-block-image size-full\"><img decoding=\"async\" width=\"2560\" height=\"1323\" data-id=\"3207\" data-src=\"https:\/\/www.lamusereve.fr\/wp-content\/uploads\/2025\/09\/HATIER-VIOLAINE-COSTA-LA-NUIT-LA-CHOUETTE-ET-LE-SOLEIL-4-scaled.jpg\" alt=\"\" class=\"wp-image-3207 lazyload\" data-srcset=\"https:\/\/www.lamusereve.fr\/wp-content\/uploads\/2025\/09\/HATIER-VIOLAINE-COSTA-LA-NUIT-LA-CHOUETTE-ET-LE-SOLEIL-4-scaled.jpg 2560w, https:\/\/www.lamusereve.fr\/wp-content\/uploads\/2025\/09\/HATIER-VIOLAINE-COSTA-LA-NUIT-LA-CHOUETTE-ET-LE-SOLEIL-4-300x155.jpg 300w, https:\/\/www.lamusereve.fr\/wp-content\/uploads\/2025\/09\/HATIER-VIOLAINE-COSTA-LA-NUIT-LA-CHOUETTE-ET-LE-SOLEIL-4-1024x529.jpg 1024w, https:\/\/www.lamusereve.fr\/wp-content\/uploads\/2025\/09\/HATIER-VIOLAINE-COSTA-LA-NUIT-LA-CHOUETTE-ET-LE-SOLEIL-4-768x397.jpg 768w, https:\/\/www.lamusereve.fr\/wp-content\/uploads\/2025\/09\/HATIER-VIOLAINE-COSTA-LA-NUIT-LA-CHOUETTE-ET-LE-SOLEIL-4-1536x794.jpg 1536w, https:\/\/www.lamusereve.fr\/wp-content\/uploads\/2025\/09\/HATIER-VIOLAINE-COSTA-LA-NUIT-LA-CHOUETTE-ET-LE-SOLEIL-4-2048x1059.jpg 2048w, https:\/\/www.lamusereve.fr\/wp-content\/uploads\/2025\/09\/HATIER-VIOLAINE-COSTA-LA-NUIT-LA-CHOUETTE-ET-LE-SOLEIL-4-400x207.jpg 400w\" data-sizes=\"(max-width: 2560px) 100vw, 2560px\" src=\"data:image\/svg+xml;base64,PHN2ZyB3aWR0aD0iMSIgaGVpZ2h0PSIxIiB4bWxucz0iaHR0cDovL3d3dy53My5vcmcvMjAwMC9zdmciPjwvc3ZnPg==\" style=\"--smush-placeholder-width: 2560px; --smush-placeholder-aspect-ratio: 2560\/1323;\" \/><\/figure>\n<\/figure>\n\n\n\n<p style=\"font-size:12px\">Cr\u00e9dits images : \u00a9Violaine Costa\/Hatier Jeunesse<\/p>\n\n\n\n<div style=\"height:30px\" aria-hidden=\"true\" class=\"wp-block-spacer\"><\/div>\n\n\n\n<p style=\"font-size:18px\">Vous souhaitez poursuivre la d\u00e9couverte de ce bel univers et en rapporter un souvenir \u00e0 la maison ? Participez \u00e0 un atelier ! Il y en a pour tous les \u00e2ges et tous les go\u00fbts ! <br>Toujours en lien avec l&rsquo;exposition, leur contenu change chaque semaine, pour permettre d&rsquo;explorer la richesse de l&rsquo;esth\u00e9tique de l&rsquo;artiste et des th\u00e9matiques abord\u00e9es \u00e0 travers les images.<\/p>\n\n\n\n<div style=\"height:30px\" aria-hidden=\"true\" class=\"wp-block-spacer\"><\/div>\n\n\n\n<div class=\"wp-block-buttons is-layout-flex wp-block-buttons-is-layout-flex\">\n<div class=\"wp-block-button\"><a class=\"wp-block-button__link has-medium-font-size has-custom-font-size wp-element-button\" href=\"https:\/\/www.lamusereve.fr\/wp-content\/uploads\/2025\/11\/Programme-Nov-Dec-2025-VF_compressed-1.pdf\">Je d\u00e9couvre toute la programmation<\/a><\/div>\n<\/div>\n\n\n\n<div style=\"height:60px\" aria-hidden=\"true\" class=\"wp-block-spacer\"><\/div>\n\n\n\n<h2 class=\"wp-block-heading\">L&rsquo;artiste<\/h2>\n\n\n\n<div class=\"wp-block-columns is-layout-flex wp-container-core-columns-is-layout-9d6595d7 wp-block-columns-is-layout-flex\">\n<div class=\"wp-block-column is-layout-flow wp-block-column-is-layout-flow\" style=\"flex-basis:100%\">\n<div class=\"wp-block-group is-vertical is-layout-flex wp-container-core-group-is-layout-8eef935d wp-block-group-is-layout-flex\" style=\"margin-top:0;margin-bottom:0;padding-top:calc( 0.5 * var(--wp--style--root--padding-right, var(--wp--custom--gap--horizontal)));padding-right:var(--wp--style--root--padding-right, var(--wp--custom--gap--horizontal));padding-bottom:calc( 0.5 * var(--wp--style--root--padding-right, var(--wp--custom--gap--horizontal)));padding-left:var(--wp--style--root--padding-left, var(--wp--custom--gap--horizontal))\">\n<div style=\"height:0px\" aria-hidden=\"true\" class=\"wp-block-spacer wp-container-content-ff24c794\"><\/div>\n\n\n\n<div style=\"height:0px\" aria-hidden=\"true\" class=\"wp-block-spacer wp-container-content-9760934e\"><\/div>\n\n\n\n<div class=\"wp-block-columns are-vertically-aligned-center has-background is-layout-flex wp-container-core-columns-is-layout-3da6863c wp-block-columns-is-layout-flex\" style=\"background-color:#f9d7d7\">\n<div class=\"wp-block-column is-layout-flow wp-block-column-is-layout-flow\" style=\"flex-basis:50px\"><\/div>\n\n\n\n<div class=\"wp-block-column is-vertically-aligned-center is-layout-flow wp-block-column-is-layout-flow\" style=\"flex-basis:450px\">\n<div style=\"height:30px\" aria-hidden=\"true\" class=\"wp-block-spacer\"><\/div>\n\n\n\n<h2 class=\"wp-block-heading has-text-color has-link-color wp-elements-bc7674f8554a70f0410ac667a0d8b483\" style=\"color:#188282\">Violaine Costa<\/h2>\n\n\n\n<p class=\"has-text-color has-link-color wp-elements-29afd7926678a844b6b09c6b161920cd\" style=\"color:#2b4949\">Violaine Costa a tr\u00e8s jeune \u00e9t\u00e9 forc\u00e9e de constater que l\u2019\u00e9cole des f\u00e9es n\u2019existait pas, mettant ainsi \u00e0 mal tous ses projets&nbsp;: adieu la prise de pouvoir \u00e0 6&nbsp;ans \u00bd et la possibilit\u00e9 de transformer la soupe de l\u00e9gumes verts en consomm\u00e9 de fraises Tagada, mais aussi la bande de joyeux lutins comme meilleurs copains. La prise de conscience fut terrible&nbsp;: sa vie allait \u00eatre d\u2019un ennui absolu&nbsp;! Seulement voil\u00e0, l\u2019id\u00e9e lumineuse d\u2019int\u00e9grer l\u2019\u00e9cole d\u2019art ESAG Penninghen \u00e0 Paris puis \u00c9mile Cohl \u00e0 Lyon a chang\u00e9 la donne.<\/p>\n\n\n\n<p class=\"has-text-color has-link-color wp-elements-708b4c27ec8fdebc928f97beb1a93ee6\" style=\"color:#2b4949\">Dipl\u00f4m\u00e9e et d\u00e9sormais \u00e0 la t\u00eate d\u2019une m\u00e9nagerie, Violaine se consacre \u00e0 l\u2019illustration de livres pour enfants.&nbsp; Elle \u00e9bauche des girafes, des souris, des lapins, griffonne des ours, des flamants roses\u2026 Mais son dada est de dessiner le tout avec une po\u00e9sie r\u00e9v\u00e9l\u00e9e par la pointe de son crayon.<\/p>\n\n\n\n<p class=\"has-text-color has-link-color wp-elements-3a05661b3c9b4d8a56c259735a6c08a9\" style=\"color:#2b4949\">Partager des histoires, donner le go\u00fbt de la lecture et surtout continuer \u00e0 offrir du r\u00eave, peu importe le support. L\u2019\u00e9vidence est l\u00e0&nbsp;: faire na\u00eetre un peu de magie dans le regard des grands comme des tout-petits.<\/p>\n\n\n\n<div id=\"wp-block-themeisle-blocks-icon-list-e996d773\" class=\"wp-block-themeisle-blocks-icon-list\">\n<div id=\"wp-block-themeisle-blocks-icon-list-item-332acbb4\" class=\"wp-block-themeisle-blocks-icon-list-item\"><i class=\"far fa-address-card wp-block-themeisle-blocks-icon-list-item-icon\"><\/i><p class=\"wp-block-themeisle-blocks-icon-list-item-content-custom\">> <a href=\"https:\/\/www.lamusereve.fr\/wp-content\/uploads\/2025\/12\/Bio-Violaine-Costa-web.pdf\">Lire notre bio de l&rsquo;artiste<\/a><\/p><\/div>\n\n\n\n<div id=\"wp-block-themeisle-blocks-icon-list-item-da53880f\" class=\"wp-block-themeisle-blocks-icon-list-item\"><i class=\"fas fa-paint-brush wp-block-themeisle-blocks-icon-list-item-icon\"><\/i><p class=\"wp-block-themeisle-blocks-icon-list-item-content\"><em>> <a href=\"https:\/\/www.violainecosta.net\/\" data-type=\"link\" data-id=\"https:\/\/www.violainecosta.net\/\">Voir le site de l&rsquo;artiste<\/a><\/em><\/p><\/div>\n<\/div>\n\n\n\n<div style=\"height:30px\" aria-hidden=\"true\" class=\"wp-block-spacer\"><\/div>\n<\/div>\n\n\n\n<div class=\"wp-block-column is-vertically-aligned-center is-layout-flow wp-block-column-is-layout-flow\"><div class=\"wp-block-image\">\n<figure class=\"aligncenter size-full is-resized has-custom-border\"><img decoding=\"async\" width=\"360\" height=\"360\" data-src=\"https:\/\/www.lamusereve.fr\/wp-content\/uploads\/2025\/11\/VIOLAINE-COSTA-05-edited.jpg\" alt=\"\" class=\"wp-image-3614 lazyload\" style=\"--smush-placeholder-width: 360px; --smush-placeholder-aspect-ratio: 360\/360;border-style:none;border-width:0px;border-radius:100em;object-fit:cover;width:216px;height:auto\" data-srcset=\"https:\/\/www.lamusereve.fr\/wp-content\/uploads\/2025\/11\/VIOLAINE-COSTA-05-edited.jpg 360w, https:\/\/www.lamusereve.fr\/wp-content\/uploads\/2025\/11\/VIOLAINE-COSTA-05-edited-300x300.jpg 300w, https:\/\/www.lamusereve.fr\/wp-content\/uploads\/2025\/11\/VIOLAINE-COSTA-05-edited-150x150.jpg 150w, https:\/\/www.lamusereve.fr\/wp-content\/uploads\/2025\/11\/VIOLAINE-COSTA-05-edited-100x100.jpg 100w\" data-sizes=\"(max-width: 360px) 100vw, 360px\" src=\"data:image\/svg+xml;base64,PHN2ZyB3aWR0aD0iMSIgaGVpZ2h0PSIxIiB4bWxucz0iaHR0cDovL3d3dy53My5vcmcvMjAwMC9zdmciPjwvc3ZnPg==\" \/><\/figure>\n<\/div>\n\n\n<p><\/p>\n<\/div>\n<\/div>\n\n\n\n<div id=\"wp-block-themeisle-blocks-advanced-columns-fe4896f8\" class=\"wp-block-themeisle-blocks-advanced-columns has-1-columns has-desktop-equal-layout has-tablet-equal-layout has-mobile-equal-layout has-vertical-unset\"><div class=\"wp-block-themeisle-blocks-advanced-columns-overlay\"><\/div><div class=\"innerblocks-wrap\">\n<div id=\"wp-block-themeisle-blocks-advanced-column-64fc3739\" class=\"wp-block-themeisle-blocks-advanced-column\"><\/div>\n<\/div><\/div>\n<\/div>\n<\/div>\n<\/div>\n\n\n\n<div style=\"height:70px\" aria-hidden=\"true\" class=\"wp-block-spacer\"><\/div>\n\n\n\n<h2 class=\"wp-block-heading\">Le livre de l&rsquo;exposition<\/h2>\n\n\n\n<div class=\"wp-block-media-text is-stacked-on-mobile is-vertically-aligned-top has-background\" style=\"background-color:#f9d7d7;grid-template-columns:18% auto\"><figure class=\"wp-block-media-text__media\"><img fetchpriority=\"high\" decoding=\"async\" width=\"1024\" height=\"1024\" src=\"https:\/\/www.lamusereve.fr\/wp-content\/uploads\/2025\/09\/HATIER-VIOLAINE-COSTA-LA-NUIT-LA-CHOUETTE-ET-LE-SOLEIL-COUVERTURE-1024x1024.jpg\" alt=\"\" class=\"wp-image-3211 size-full\"\/><\/figure><div class=\"wp-block-media-text__content\">\n<p><\/p>\n\n\n\n<h3 class=\"wp-block-heading has-text-color has-link-color wp-elements-0f213d144b7cf6bcbfc139341ca3e6ac\" style=\"color:#188282\"><em><strong>La nuit, la chouette et le soleil<\/strong><\/em><\/h3>\n\n\n\n<p class=\"has-small-font-size\">Texte et musique : <strong>Gilles Diederichs<\/strong> &#8211; Illustrations : <strong>Violaine Costa<\/strong><\/p>\n\n\n\n<p class=\"has-small-font-size\">\u00c9diteur : <a href=\"https:\/\/www.hachette.fr\/editeurs\/hatier-jeunesse\/\">Hatier jeunesse<\/a> &#8211; Collection : \u00ab\u00a0Contes de la nature\u00a0\u00bb<\/p>\n\n\n\n<p style=\"font-size:14px\">Dans le secret de la nuit, Lucie la petite chouette sillonne la montagne \u00e0 la recherche d&rsquo;un tr\u00e9sor qu&rsquo;elle n&rsquo;a jamais vu\u2026 le Soleil ! Pour le trouver, elle interroge les animaux nocturnes, les \u00e9toiles et m\u00eame la Lune. R\u00e9alisera-t-elle son souhait le plus cher, celui de rencontrer l\u2019astre du jour ?<br>Un conte m\u00e9lodieux pour d\u00e9couvrir la magie de la nuit.<\/p>\n\n\n\n<p style=\"font-size:14px\">Entre albums et premiers documentaires, les \u00ab\u00a0Contes de la nature\u00a0\u00bb sensibilisent les enfants aux merveilles de la nature avec :<\/p>\n\n\n\n<ul class=\"wp-block-list\">\n<li>Une fiche num\u00e9rique pour les parents avec des activit\u00e9s pour poursuivre l\u2019\u00e9veil des enfants \u00e0 la nature. <\/li>\n\n\n\n<li>Un CD contenant le conte lu et des sons naturels enregistr\u00e9s (animaux, vents, pluie etc.).<\/li>\n\n\n\n<li>Une relaxation pour clore l\u2019histoire en douceur.<\/li>\n<\/ul>\n\n\n\n<p class=\"has-small-font-size\">Parution : Mai 2022 &#8211; 32 pages &#8211; ISBN : 9782401084049<\/p>\n\n\n\n<p><strong>En vente chez La muse r\u00eave<\/strong><\/p>\n\n\n\n<p><em>Et plein d&rsquo;autres superbes ouvrages \u00e0 d\u00e9couvrir, dont ceux de cette collection !<\/em><\/p>\n<\/div><\/div>\n\n\n\n<div style=\"height:70px\" aria-hidden=\"true\" class=\"wp-block-spacer\"><\/div>\n","protected":false},"excerpt":{"rendered":"<p>Vernissage-d\u00e9dicace le samedi 10 janvier 2026 \u00e0 17h Ateliers d&rsquo;illustration avec l&rsquo;artiste le 10 janvier \u00e0 14h30 et 15h30 suivis d&rsquo;un go\u00fbter (sur inscription par mail ou t\u00e9l\u00e9phone) Cr\u00e9dits images : \u00a9Violaine Costa\/Hatier Jeunesse Vous souhaitez poursuivre la d\u00e9couverte de ce bel univers et en rapporter un souvenir \u00e0 la maison ? Participez \u00e0 un [&hellip;]<\/p>\n","protected":false},"author":2,"featured_media":0,"parent":0,"menu_order":0,"comment_status":"closed","ping_status":"closed","template":"","meta":{"ocean_post_layout":"","ocean_both_sidebars_style":"","ocean_both_sidebars_content_width":0,"ocean_both_sidebars_sidebars_width":0,"ocean_sidebar":"","ocean_second_sidebar":"","ocean_disable_margins":"enable","ocean_add_body_class":"","ocean_shortcode_before_top_bar":"","ocean_shortcode_after_top_bar":"","ocean_shortcode_before_header":"","ocean_shortcode_after_header":"","ocean_has_shortcode":"","ocean_shortcode_after_title":"","ocean_shortcode_before_footer_widgets":"","ocean_shortcode_after_footer_widgets":"","ocean_shortcode_before_footer_bottom":"","ocean_shortcode_after_footer_bottom":"","ocean_display_top_bar":"default","ocean_display_header":"default","ocean_header_style":"","ocean_center_header_left_menu":"","ocean_custom_header_template":"","ocean_custom_logo":0,"ocean_custom_retina_logo":0,"ocean_custom_logo_max_width":0,"ocean_custom_logo_tablet_max_width":0,"ocean_custom_logo_mobile_max_width":0,"ocean_custom_logo_max_height":0,"ocean_custom_logo_tablet_max_height":0,"ocean_custom_logo_mobile_max_height":0,"ocean_header_custom_menu":"","ocean_menu_typo_font_family":"","ocean_menu_typo_font_subset":"","ocean_menu_typo_font_size":0,"ocean_menu_typo_font_size_tablet":0,"ocean_menu_typo_font_size_mobile":0,"ocean_menu_typo_font_size_unit":"px","ocean_menu_typo_font_weight":"","ocean_menu_typo_font_weight_tablet":"","ocean_menu_typo_font_weight_mobile":"","ocean_menu_typo_transform":"","ocean_menu_typo_transform_tablet":"","ocean_menu_typo_transform_mobile":"","ocean_menu_typo_line_height":0,"ocean_menu_typo_line_height_tablet":0,"ocean_menu_typo_line_height_mobile":0,"ocean_menu_typo_line_height_unit":"","ocean_menu_typo_spacing":0,"ocean_menu_typo_spacing_tablet":0,"ocean_menu_typo_spacing_mobile":0,"ocean_menu_typo_spacing_unit":"","ocean_menu_link_color":"","ocean_menu_link_color_hover":"","ocean_menu_link_color_active":"","ocean_menu_link_background":"","ocean_menu_link_hover_background":"","ocean_menu_link_active_background":"","ocean_menu_social_links_bg":"","ocean_menu_social_hover_links_bg":"","ocean_menu_social_links_color":"","ocean_menu_social_hover_links_color":"","ocean_disable_title":"default","ocean_disable_heading":"default","ocean_post_title":"","ocean_post_subheading":"","ocean_post_title_style":"","ocean_post_title_background_color":"","ocean_post_title_background":0,"ocean_post_title_bg_image_position":"","ocean_post_title_bg_image_attachment":"","ocean_post_title_bg_image_repeat":"","ocean_post_title_bg_image_size":"","ocean_post_title_height":0,"ocean_post_title_bg_overlay":0.5,"ocean_post_title_bg_overlay_color":"","ocean_disable_breadcrumbs":"default","ocean_breadcrumbs_color":"","ocean_breadcrumbs_separator_color":"","ocean_breadcrumbs_links_color":"","ocean_breadcrumbs_links_hover_color":"","ocean_display_footer_widgets":"default","ocean_display_footer_bottom":"default","ocean_custom_footer_template":"","_themeisle_gutenberg_block_has_review":false,"footnotes":""},"class_list":["post-4295","page","type-page","status-publish","hentry","entry","owp-thumbs-layout-horizontal","owp-btn-normal","owp-tabs-layout-horizontal","has-no-thumbnails","has-product-nav","circle-sale"],"jetpack_sharing_enabled":true,"_links":{"self":[{"href":"https:\/\/www.lamusereve.fr\/index.php\/wp-json\/wp\/v2\/pages\/4295","targetHints":{"allow":["GET"]}}],"collection":[{"href":"https:\/\/www.lamusereve.fr\/index.php\/wp-json\/wp\/v2\/pages"}],"about":[{"href":"https:\/\/www.lamusereve.fr\/index.php\/wp-json\/wp\/v2\/types\/page"}],"author":[{"embeddable":true,"href":"https:\/\/www.lamusereve.fr\/index.php\/wp-json\/wp\/v2\/users\/2"}],"replies":[{"embeddable":true,"href":"https:\/\/www.lamusereve.fr\/index.php\/wp-json\/wp\/v2\/comments?post=4295"}],"version-history":[{"count":2,"href":"https:\/\/www.lamusereve.fr\/index.php\/wp-json\/wp\/v2\/pages\/4295\/revisions"}],"predecessor-version":[{"id":4298,"href":"https:\/\/www.lamusereve.fr\/index.php\/wp-json\/wp\/v2\/pages\/4295\/revisions\/4298"}],"wp:attachment":[{"href":"https:\/\/www.lamusereve.fr\/index.php\/wp-json\/wp\/v2\/media?parent=4295"}],"curies":[{"name":"wp","href":"https:\/\/api.w.org\/{rel}","templated":true}]}}