{"id":2751,"date":"2025-07-24T17:18:18","date_gmt":"2025-07-24T15:18:18","guid":{"rendered":"https:\/\/www.lamusereve.fr\/?page_id=2751"},"modified":"2025-11-14T22:21:10","modified_gmt":"2025-11-14T21:21:10","slug":"anniversaires","status":"publish","type":"page","link":"https:\/\/www.lamusereve.fr\/index.php\/anniversaires\/","title":{"rendered":"Anniversaires"},"content":{"rendered":"\n<h1 class=\"wp-block-heading\">Un lieu sp\u00e9cial pour un moment m\u00e9morable ? Venez f\u00eater votre anniversaire chez La muse r\u00eave ! &nbsp;<\/h1>\n\n\n\n<p style=\"font-size:16px\">Oubliez les anniversaires classiques et offrez \u00e0 votre enfant une exp\u00e9rience unique et cr\u00e9ative ! Chez <strong>La muse r\u00eave<\/strong>, nous transformons les anniversaires en <strong>aventures artistiques et gourmandes<\/strong>, pour un moment de pur bonheur et de partage avec ses amis ou sa famille.<\/p>\n\n\n\n<p style=\"font-size:16px\">Deux formules vous sont propos\u00e9es : <strong>Happymuse<\/strong> et <em><strong>L&rsquo;art de d\u00e9guster<\/strong><\/em>.<\/p>\n\n\n\n<div style=\"height:50px\" aria-hidden=\"true\" class=\"wp-block-spacer\"><\/div>\n\n\n\n<div id=\"wp-block-themeisle-blocks-advanced-columns-7959e427\" class=\"wp-block-themeisle-blocks-advanced-columns has-1-columns has-desktop-equal-layout has-tablet-equal-layout has-mobile-collapsedRows-layout has-reverse-columns-mobile has-vertical-center ticss-c00aadba\"><div class=\"wp-block-themeisle-blocks-advanced-columns-overlay\"><\/div><div class=\"innerblocks-wrap\">\n<div id=\"wp-block-themeisle-blocks-advanced-column-69e5654d\" class=\"wp-block-themeisle-blocks-advanced-column\">\n<h2 id=\"wp-block-themeisle-blocks-advanced-heading-3206972d\" class=\"wp-block-themeisle-blocks-advanced-heading wp-block-themeisle-blocks-advanced-heading-3206972d\">Les anniversaires Happymuse : des livres, des jeux et de l&rsquo;art !<\/h2>\n<\/div>\n<\/div><\/div>\n\n\n\n<div style=\"height:30px\" aria-hidden=\"true\" class=\"wp-block-spacer\"><\/div>\n\n\n\n<p style=\"font-size:16px\">Nos <strong>anniversaires Happymuse<\/strong> sont des visites-ateliers th\u00e9matiques, con\u00e7ues pour <strong>allier le plaisir du jeu, la d\u00e9couverte de l&rsquo;art et de la litt\u00e9rature jeunesse et l&rsquo;expression artistique<\/strong>. C&rsquo;est la formule id\u00e9ale pour un anniversaire inoubliable, o\u00f9 la <strong>cr\u00e9ativit\u00e9<\/strong> et le <strong>partage<\/strong> sont au rendez-vous.<\/p>\n\n\n\n<p style=\"font-size:16px\"><strong>Deux formats adapt\u00e9s \u00e0 l&rsquo;\u00e2ge des enfants :<\/strong><\/p>\n\n\n\n<ul class=\"wp-block-list\">\n<li style=\"font-size:16px\"><strong>Happymuse Kidy pour les 4-6 ans<\/strong> : Une f\u00eate pleine de joyeuses d\u00e9couvertes pour les plus petits, avec un atelier <strong>Kidymuse<\/strong> limit\u00e9 \u00e0 8 enfants, avec la pr\u00e9sence d&rsquo;au moins un adulte accompagnateur pour les aider \u00e0 explorer leur cr\u00e9ativit\u00e9 (facultatif jusqu&rsquo;\u00e0 6 enfants ; obligatoire au-del\u00e0).<\/li>\n\n\n\n<li style=\"font-size:16px\"><strong>Happymuse Maxi pour les 7-10 ans<\/strong> : Un format plus \u00e9labor\u00e9 pour les plus grands, avec l&rsquo;atelier <strong>Maximuse<\/strong> en mode festif, jusqu&rsquo;\u00e0 8 enfants, o\u00f9 ils pourront s&rsquo;immerger dans une aventure artistique sans l&rsquo;aide des adultes (hormis la m\u00e9diatrice bien s\u00fbr !).<\/li>\n<\/ul>\n\n\n\n<p style=\"font-size:16px\">Chaque session dure <strong>1h30<\/strong> et est anim\u00e9e par la m\u00e9diatrice des lieux. Le contenu de l&rsquo;atelier, <strong>Kidymuse<\/strong> ou <strong>Maximuse<\/strong>, est adapt\u00e9 \u00e0 l&rsquo;\u00e2ge majoritaire du groupe pour une exp\u00e9rience optimale. Il varie en fonction de l&rsquo;exposition du moment.<\/p>\n\n\n\n<div style=\"height:50px\" aria-hidden=\"true\" class=\"wp-block-spacer\"><\/div>\n\n\n\n<div class=\"wp-block-group\"><div class=\"wp-block-group__inner-container is-layout-constrained wp-block-group-is-layout-constrained\">\n<p class=\"has-background\" style=\"background-color:#fde6d9;font-size:16px\">Vous souhaitez plut\u00f4t une th\u00e9matique ind\u00e9modable, une valeur s\u00fbre qui fonctionne \u00e0 tous les coups pour votre enfant et ses invit\u00e9\u00b7e\u00b7s ? Piochez parmi nos <strong>5 th\u00e8mes cl\u00e9s en main<\/strong> !<\/p>\n<\/div><\/div>\n\n\n\n<details class=\"wp-block-details is-layout-flow wp-block-details-is-layout-flow\" style=\"font-size:15px\"><summary><strong>Flower Power !<\/strong><\/summary>\n<p>Pop Art, couleurs et fleurs : des ingr\u00e9dients \u00e9tonnants pour faire p\u00e9tiller les yeux des enfants ! <em>Autour de l&rsquo;univers d&rsquo;Andy Warhol<\/em> <em>et du Pop Art<\/em><\/p>\n<\/details>\n\n\n\n<details class=\"wp-block-details is-layout-flow wp-block-details-is-layout-flow\" style=\"font-size:15px\"><summary><strong>Place au cirque !<\/strong><\/summary>\n<p>Rendez-vous sur la piste aux \u00e9toiles pour s&rsquo;\u00e9merveiller de l&rsquo;univers circassien ! Attention : fauves et acrobates vous attendent ! <em>Autour de l&rsquo;univers du peintre pointilliste Seurat<\/em><\/p>\n<\/details>\n\n\n\n<details class=\"wp-block-details is-layout-flow wp-block-details-is-layout-flow\" style=\"font-size:15px\"><summary><strong>Contes et Merveilles<\/strong><\/summary>\n<p>Il \u00e9tait une fois&#8230; Une formule magique qui vous propulse directement dans un monde merveilleux de f\u00e9es, princes et bottes de sept lieux ! <em>Autour de l&rsquo;univers de Charles Perrault, des fr\u00e8res Grimm et du graveur Gustave Dor\u00e9<\/em><\/p>\n<\/details>\n\n\n\n<details class=\"wp-block-details is-layout-flow wp-block-details-is-layout-flow\" style=\"font-size:15px\"><summary><strong>Mes cr\u00e9atures fantastiques<\/strong><\/summary>\n<p>Licornes, dragons et chim\u00e8res ont-ils vraiment exist\u00e9 ? Remontez le temps et partez sur leurs traces dans l&rsquo;Antiquit\u00e9 ou au Moyen-\u00e2ge pour le savoir&#8230; ! <em>Autour de l&rsquo;univers de l&rsquo;art antique ou m\u00e9di\u00e9val<\/em><\/p>\n<\/details>\n\n\n\n<details class=\"wp-block-details is-layout-flow wp-block-details-is-layout-flow\" style=\"font-size:15px\"><summary><strong>Natur&rsquo;art<\/strong><\/summary>\n<p>P\u00e9n\u00e9trez au c\u0153ur d&rsquo;une \u00e9tonnante jungle artistique, \u00e0 la faune et \u00e0 la flore foisonnante ! <em>Autour de l&rsquo;univers du peintre Henri Rousseau dit Le Douanier Rousseau<\/em><\/p>\n\n\n\n<div style=\"height:30px\" aria-hidden=\"true\" class=\"wp-block-spacer\"><\/div>\n<\/details>\n\n\n\n<div style=\"height:30px\" aria-hidden=\"true\" class=\"wp-block-spacer\"><\/div>\n\n\n\n<div class=\"wp-block-buttons is-layout-flex wp-block-buttons-is-layout-flex\">\n<div class=\"wp-block-button\"><a class=\"wp-block-button__link wp-element-button\" href=\"https:\/\/www.lamusereve.fr\/index.php\/choisissez-laventure-de-votre-enfant\/\">Je veux en savoir plus sur ces th\u00e8mes<\/a><\/div>\n<\/div>\n\n\n\n<div style=\"height:50px\" aria-hidden=\"true\" class=\"wp-block-spacer\"><\/div>\n\n\n\n<p class=\"has-background\" style=\"background-color:#fde6d9;font-size:16px\">Une envie particuli\u00e8re, un th\u00e8me favori ? Dites-nous tout par mail ou t\u00e9l\u00e9phone, et nous vous cr\u00e9erons un atelier sur mesure, \u00e0 la hauteur des attentes de votre star du moment !<\/p>\n\n\n\n<p class=\"has-text-color has-link-color wp-elements-ca6331d45c033b8849eebf6065bb4b95\" style=\"color:#a6553c\"><em>N.B. : Nous aimons beaucoup les Pat&rsquo;Patrouilles, Schtroumpfs, Pokemon et autres personnages aussi fantaisistes dont notre petit gnome est aussi adepte, mais leur place est ailleurs que chez La muse r\u00eave&#8230; Merci de votre compr\u00e9hension ! \ud83d\ude09<\/em><\/p>\n\n\n\n<div class=\"wp-block-buttons is-layout-flex wp-block-buttons-is-layout-flex\">\n<div class=\"wp-block-button\"><a class=\"wp-block-button__link wp-element-button\" href=\"https:\/\/www.lamusereve.fr\/index.php\/contact\/\">Je d\u00e9sire un th\u00e8me enti\u00e8rement personnalis\u00e9<\/a><\/div>\n<\/div>\n\n\n\n<div style=\"height:70px\" aria-hidden=\"true\" class=\"wp-block-spacer\"><\/div>\n\n\n\n<div id=\"wp-block-themeisle-blocks-advanced-columns-2c60bc77\" class=\"wp-block-themeisle-blocks-advanced-columns has-1-columns has-desktop-equal-layout has-tablet-equal-layout has-mobile-collapsedRows-layout has-reverse-columns-mobile has-vertical-center ticss-c00aadba\"><div class=\"wp-block-themeisle-blocks-advanced-columns-overlay\"><\/div><div class=\"innerblocks-wrap\">\n<div id=\"wp-block-themeisle-blocks-advanced-column-75b9263d\" class=\"wp-block-themeisle-blocks-advanced-column\">\n<h2 id=\"wp-block-themeisle-blocks-advanced-heading-5d5675df\" class=\"wp-block-themeisle-blocks-advanced-heading wp-block-themeisle-blocks-advanced-heading-5d5675df\"><em>L&rsquo;art de d\u00e9guster<\/em> : l&rsquo;anniversaire gourmand et cr\u00e9atif<\/h2>\n<\/div>\n<\/div><\/div>\n\n\n\n<div style=\"height:30px\" aria-hidden=\"true\" class=\"wp-block-spacer\"><\/div>\n\n\n\n<p style=\"font-size:16px\">Votre enfant a l&rsquo;\u00e2me d&rsquo;un <strong>artiste<\/strong> et d&rsquo;un <strong>gourmand<\/strong> ? Offrez-lui une exp\u00e9rience sensorielle inoubliable avec notre formule <strong><em>L&rsquo;art de d\u00e9guster<\/em><\/strong> ! C&rsquo;est le parfait m\u00e9lange entre <strong>cr\u00e9ation artistique<\/strong> et <strong>plaisir des sens<\/strong>.<\/p>\n\n\n\n<p style=\"font-size:16px\">Cette formule sp\u00e9ciale combine une <strong>visite ludique de notre exposition<\/strong> ou une <strong>immersion litt\u00e9raire et artistique en lien avec le th\u00e8me choisi <\/strong>(<a href=\"https:\/\/www.lamusereve.fr\/index.php\/choisissez-laventure-de-votre-enfant\/\">voir parmi ceux propos\u00e9s<\/a>) avec un <strong>atelier cr\u00e9atif de p\u00e2tisserie<\/strong>, o\u00f9 les enfants s&rsquo;inspirent des \u0153uvres qu&rsquo;ils ont d\u00e9couvertes pour d\u00e9corer leurs propres <strong>cr\u00e9ations gourmandes<\/strong> (une g\u00e9noise du parfum de leur choix, \u00e0 d\u00e9couper \u00e0 l&#8217;emporte-pi\u00e8ce et d\u00e9corer selon son envie !). <strong>Une mani\u00e8re ludique de lier l&rsquo;art au go\u00fbt !<\/strong><\/p>\n\n\n\n<p style=\"font-size:16px\">Le tout dans un atelier de <strong>2h<\/strong> o\u00f9 <strong>cr\u00e9ativit\u00e9<\/strong> et <strong>gourmandise<\/strong> sont les ma\u00eetres mots.<\/p>\n\n\n\n<div style=\"height:30px\" aria-hidden=\"true\" class=\"wp-block-spacer\"><\/div>\n\n\n\n<h2 class=\"wp-block-heading has-text-color has-link-color wp-elements-f9fd974797afb8bc098ebb5cc06fa166\" style=\"color:#a6553c\">Et des cadeaux pour tous vos invit\u00e9\u00b7e\u00b7s !<\/h2>\n\n\n\n<p style=\"font-size:16px\">Pour les deux formules, en plus de l&rsquo;exp\u00e9rience unique de cette journ\u00e9e, chaque invit\u00e9\u00b7e repartira avec un souvenir original et m\u00e9morable :<\/p>\n\n\n\n<ul class=\"wp-block-list\">\n<li style=\"font-size:16px\"><strong>Un cadeau pour chacun\u00b7e :<\/strong> une reproduction d&rsquo;une \u0153uvre (format carte postale) ou un goodie cr\u00e9atif La muse r\u00eave.<\/li>\n\n\n\n<li style=\"font-size:16px\"><strong>Une photo de groupe<\/strong> prise au c\u0153ur de l&rsquo;exposition, soigneusement mise en valeur par un petit passage graphique et envoy\u00e9e aux parents (si souhait\u00e9e).<\/li>\n<\/ul>\n\n\n\n<div style=\"height:20px\" aria-hidden=\"true\" class=\"wp-block-spacer\"><\/div>\n\n\n\n<hr class=\"wp-block-separator has-alpha-channel-opacity\"\/>\n\n\n\n<p class=\"has-text-color has-link-color wp-elements-2be445018bc1f7865f59662090c88aa6\" style=\"color:#a6553c;font-size:16px\"><strong>Pr\u00eat\u00b7e \u00e0 offrir \u00e0 votre enfant un anniversaire \u00e0 la fois beau et d\u00e9licieux ?<\/strong> R\u00e9servez d\u00e8s maintenant un cr\u00e9neau parmi nos propositions ci-dessous (bouton \u00ab\u00a0infos et r\u00e9servations\u00a0\u00bb) ! <\/p>\n\n\n\n<p class=\"has-text-color has-link-color wp-elements-503ca556f0b94155616b9c8ad64d7ae4\" style=\"color:#a6553c;font-size:16px\">Nous sommes \u00e9galement \u00e0 votre \u00e9coute pour toute question ou information. \ud83d\ude09<\/p>\n\n\n\n<div style=\"height:30px\" aria-hidden=\"true\" class=\"wp-block-spacer\"><\/div>\n\n\n\n<div id=\"wp-block-themeisle-blocks-advanced-columns-d87d87fb\" class=\"wp-block-themeisle-blocks-advanced-columns alignwide has-1-columns has-desktop-equal-layout has-tablet-equal-layout has-mobile-collapsedRows-layout has-vertical-center ticss-c00aadba has-light-bg\"><div class=\"wp-block-themeisle-blocks-advanced-columns-overlay\"><\/div><div class=\"innerblocks-wrap\">\n<div id=\"wp-block-themeisle-blocks-advanced-column-60dad16e\" class=\"wp-block-themeisle-blocks-advanced-column\">\n<div id=\"wp-block-themeisle-blocks-advanced-columns-d2e20cf0\" class=\"wp-block-themeisle-blocks-advanced-columns has-1-columns has-desktop-equal-layout has-tablet-equal-layout has-mobile-equal-layout has-vertical-center\"><div class=\"wp-block-themeisle-blocks-advanced-columns-overlay\"><\/div><div class=\"innerblocks-wrap\">\n<div id=\"wp-block-themeisle-blocks-advanced-column-8b4ed85a\" class=\"wp-block-themeisle-blocks-advanced-column\">\n<h2 class=\"wp-block-heading has-text-align-center\">Anniversaires de 4 \u00e0 12 ans<\/h2>\n<\/div>\n<\/div><\/div>\n\n\n\n<div id=\"wp-block-themeisle-blocks-advanced-columns-be71e345\" class=\"wp-block-themeisle-blocks-advanced-columns has-2-columns has-desktop-equal-layout has-tablet-twoColumnGrid-layout has-mobile-collapsedRows-layout has-vertical-unset has-vertical-undefined\"><div class=\"wp-block-themeisle-blocks-advanced-columns-overlay\"><\/div><div class=\"innerblocks-wrap\">\n<div id=\"wp-block-themeisle-blocks-advanced-column-7e32a82b\" class=\"wp-block-themeisle-blocks-advanced-column\"><div class=\"wp-block-image is-style-rounded\">\n<figure class=\"aligncenter size-full is-resized\"><a href=\"https:\/\/www.lamusereve.fr\/index.php\/happymuse-kidy-anniversaire-pour-les-4-6-ans\/\"><img fetchpriority=\"high\" decoding=\"async\" width=\"800\" height=\"533\" src=\"https:\/\/www.lamusereve.fr\/wp-content\/uploads\/2025\/03\/mosaic-puzzle-art-kids-children-s-creative-game-hands-are-playing-mosaic-table-colorful-multi-colored-details-close-up-copie.jpg\" alt=\"\" class=\"wp-image-1678\" style=\"width:250px\" srcset=\"https:\/\/www.lamusereve.fr\/wp-content\/uploads\/2025\/03\/mosaic-puzzle-art-kids-children-s-creative-game-hands-are-playing-mosaic-table-colorful-multi-colored-details-close-up-copie.jpg 800w, https:\/\/www.lamusereve.fr\/wp-content\/uploads\/2025\/03\/mosaic-puzzle-art-kids-children-s-creative-game-hands-are-playing-mosaic-table-colorful-multi-colored-details-close-up-copie-400x267.jpg 400w, https:\/\/www.lamusereve.fr\/wp-content\/uploads\/2025\/03\/mosaic-puzzle-art-kids-children-s-creative-game-hands-are-playing-mosaic-table-colorful-multi-colored-details-close-up-copie-300x200.jpg 300w, https:\/\/www.lamusereve.fr\/wp-content\/uploads\/2025\/03\/mosaic-puzzle-art-kids-children-s-creative-game-hands-are-playing-mosaic-table-colorful-multi-colored-details-close-up-copie-768x512.jpg 768w\" sizes=\"(max-width: 800px) 100vw, 800px\" \/><\/a><\/figure>\n<\/div>\n\n\n<h3 id=\"wp-block-themeisle-blocks-advanced-heading-5cdd08a0\" class=\"wp-block-themeisle-blocks-advanced-heading wp-block-themeisle-blocks-advanced-heading-5cdd08a0\">Happymuse Kidy et Maxi<\/h3>\n\n\n\n<p id=\"wp-block-themeisle-blocks-advanced-heading-a4688a0d\" class=\"wp-block-themeisle-blocks-advanced-heading wp-block-themeisle-blocks-advanced-heading-a4688a0d\"><strong>Anniversaires artistiques 4-12 ans<\/strong><\/p>\n\n\n\n<div class=\"wp-block-buttons is-content-justification-center is-layout-flex wp-container-core-buttons-is-layout-16018d1d wp-block-buttons-is-layout-flex\">\n<div class=\"wp-block-button\"><a class=\"wp-block-button__link wp-element-button\" href=\"https:\/\/www.lamusereve.fr\/index.php\/happymuse-kidy-anniversaire-pour-les-4-6-ans\/\">Infos et r\u00e9servation Happymuse Kidy ou Maxi<\/a><\/div>\n<\/div>\n<\/div>\n\n\n\n<div id=\"wp-block-themeisle-blocks-advanced-column-47c7b5bd\" class=\"wp-block-themeisle-blocks-advanced-column\"><div class=\"wp-block-image is-style-rounded\">\n<figure class=\"aligncenter size-full is-resized\"><a href=\"https:\/\/www.lamusereve.fr\/index.php\/lart-de-deguster-anniversaire-partissier-4-12-ans\/\"><img decoding=\"async\" data-src=\"https:\/\/www.lamusereve.fr\/wp-content\/uploads\/2025\/08\/delicious-safari-party-cupcakes-arrangement-7.jpg\" alt=\"\" class=\"wp-image-2911 lazyload\" style=\"--smush-placeholder-width: 8000px; --smush-placeholder-aspect-ratio: 8000\/5336;width:250px\" src=\"data:image\/svg+xml;base64,PHN2ZyB3aWR0aD0iMSIgaGVpZ2h0PSIxIiB4bWxucz0iaHR0cDovL3d3dy53My5vcmcvMjAwMC9zdmciPjwvc3ZnPg==\" \/><\/a><\/figure>\n<\/div>\n\n\n<h3 id=\"wp-block-themeisle-blocks-advanced-heading-d67c0dbf\" class=\"wp-block-themeisle-blocks-advanced-heading wp-block-themeisle-blocks-advanced-heading-d67c0dbf\"><em>L&rsquo;art de d\u00e9guster<\/em><\/h3>\n\n\n\n<p id=\"wp-block-themeisle-blocks-advanced-heading-ab27dee0\" class=\"wp-block-themeisle-blocks-advanced-heading wp-block-themeisle-blocks-advanced-heading-ab27dee0\"><strong>Anniversaires gourmands 4-12 ans<\/strong><\/p>\n\n\n\n<div class=\"wp-block-buttons is-content-justification-center is-layout-flex wp-container-core-buttons-is-layout-16018d1d wp-block-buttons-is-layout-flex\">\n<div class=\"wp-block-button\"><a class=\"wp-block-button__link wp-element-button\" href=\"https:\/\/www.lamusereve.fr\/index.php\/lart-de-deguster-anniversaire-partissier-4-12-ans\/\">Infos et r\u00e9servation <em>L&rsquo;art de d\u00e9guster<\/em><\/a><\/div>\n<\/div>\n<\/div>\n<\/div><\/div>\n<\/div>\n<\/div><\/div>\n\n\n\n<div style=\"height:50px\" aria-hidden=\"true\" class=\"wp-block-spacer\"><\/div>\n\n\n\n<blockquote class=\"wp-block-quote has-text-align-center is-style-large is-layout-flow wp-block-quote-is-layout-flow\">\n<p class=\"has-text-color has-link-color wp-elements-c6d98b1b4fda2acc0d0096d81397abc5\" style=\"color:#a6553c\"><em>\u00ab&nbsp;<\/em>La cuisine est l&rsquo;art de transformer la nourriture en bonheur.<em>&nbsp;\u00bb<\/em><\/p>\n<cite>\u2014 Pierre Herm\u00e9<\/cite><\/blockquote>\n\n\n\n<div style=\"height:80px\" aria-hidden=\"true\" class=\"wp-block-spacer\"><\/div>\n\n\n\n<p><\/p>\n","protected":false},"excerpt":{"rendered":"<p>Un lieu sp\u00e9cial pour un moment m\u00e9morable ? Venez f\u00eater votre anniversaire chez La muse r\u00eave ! &nbsp; Oubliez les anniversaires classiques et offrez \u00e0 votre enfant une exp\u00e9rience unique et cr\u00e9ative ! Chez La muse r\u00eave, nous transformons les anniversaires en aventures artistiques et gourmandes, pour un moment de pur bonheur et de partage [&hellip;]<\/p>\n","protected":false},"author":2,"featured_media":0,"parent":0,"menu_order":0,"comment_status":"closed","ping_status":"closed","template":"","meta":{"ocean_post_layout":"","ocean_both_sidebars_style":"","ocean_both_sidebars_content_width":0,"ocean_both_sidebars_sidebars_width":0,"ocean_sidebar":"","ocean_second_sidebar":"","ocean_disable_margins":"enable","ocean_add_body_class":"","ocean_shortcode_before_top_bar":"","ocean_shortcode_after_top_bar":"","ocean_shortcode_before_header":"","ocean_shortcode_after_header":"","ocean_has_shortcode":"","ocean_shortcode_after_title":"","ocean_shortcode_before_footer_widgets":"","ocean_shortcode_after_footer_widgets":"","ocean_shortcode_before_footer_bottom":"","ocean_shortcode_after_footer_bottom":"","ocean_display_top_bar":"default","ocean_display_header":"default","ocean_header_style":"","ocean_center_header_left_menu":"","ocean_custom_header_template":"","ocean_custom_logo":0,"ocean_custom_retina_logo":0,"ocean_custom_logo_max_width":0,"ocean_custom_logo_tablet_max_width":0,"ocean_custom_logo_mobile_max_width":0,"ocean_custom_logo_max_height":0,"ocean_custom_logo_tablet_max_height":0,"ocean_custom_logo_mobile_max_height":0,"ocean_header_custom_menu":"","ocean_menu_typo_font_family":"","ocean_menu_typo_font_subset":"","ocean_menu_typo_font_size":0,"ocean_menu_typo_font_size_tablet":0,"ocean_menu_typo_font_size_mobile":0,"ocean_menu_typo_font_size_unit":"px","ocean_menu_typo_font_weight":"","ocean_menu_typo_font_weight_tablet":"","ocean_menu_typo_font_weight_mobile":"","ocean_menu_typo_transform":"","ocean_menu_typo_transform_tablet":"","ocean_menu_typo_transform_mobile":"","ocean_menu_typo_line_height":0,"ocean_menu_typo_line_height_tablet":0,"ocean_menu_typo_line_height_mobile":0,"ocean_menu_typo_line_height_unit":"","ocean_menu_typo_spacing":0,"ocean_menu_typo_spacing_tablet":0,"ocean_menu_typo_spacing_mobile":0,"ocean_menu_typo_spacing_unit":"","ocean_menu_link_color":"","ocean_menu_link_color_hover":"","ocean_menu_link_color_active":"","ocean_menu_link_background":"","ocean_menu_link_hover_background":"","ocean_menu_link_active_background":"","ocean_menu_social_links_bg":"","ocean_menu_social_hover_links_bg":"","ocean_menu_social_links_color":"","ocean_menu_social_hover_links_color":"","ocean_disable_title":"default","ocean_disable_heading":"default","ocean_post_title":"","ocean_post_subheading":"","ocean_post_title_style":"","ocean_post_title_background_color":"","ocean_post_title_background":0,"ocean_post_title_bg_image_position":"","ocean_post_title_bg_image_attachment":"","ocean_post_title_bg_image_repeat":"","ocean_post_title_bg_image_size":"","ocean_post_title_height":0,"ocean_post_title_bg_overlay":0.5,"ocean_post_title_bg_overlay_color":"","ocean_disable_breadcrumbs":"default","ocean_breadcrumbs_color":"","ocean_breadcrumbs_separator_color":"","ocean_breadcrumbs_links_color":"","ocean_breadcrumbs_links_hover_color":"","ocean_display_footer_widgets":"default","ocean_display_footer_bottom":"default","ocean_custom_footer_template":"","_themeisle_gutenberg_block_has_review":false,"footnotes":""},"class_list":["post-2751","page","type-page","status-publish","hentry","entry","owp-thumbs-layout-horizontal","owp-btn-normal","owp-tabs-layout-horizontal","has-no-thumbnails","has-product-nav","circle-sale"],"jetpack_sharing_enabled":true,"_links":{"self":[{"href":"https:\/\/www.lamusereve.fr\/index.php\/wp-json\/wp\/v2\/pages\/2751","targetHints":{"allow":["GET"]}}],"collection":[{"href":"https:\/\/www.lamusereve.fr\/index.php\/wp-json\/wp\/v2\/pages"}],"about":[{"href":"https:\/\/www.lamusereve.fr\/index.php\/wp-json\/wp\/v2\/types\/page"}],"author":[{"embeddable":true,"href":"https:\/\/www.lamusereve.fr\/index.php\/wp-json\/wp\/v2\/users\/2"}],"replies":[{"embeddable":true,"href":"https:\/\/www.lamusereve.fr\/index.php\/wp-json\/wp\/v2\/comments?post=2751"}],"version-history":[{"count":63,"href":"https:\/\/www.lamusereve.fr\/index.php\/wp-json\/wp\/v2\/pages\/2751\/revisions"}],"predecessor-version":[{"id":3778,"href":"https:\/\/www.lamusereve.fr\/index.php\/wp-json\/wp\/v2\/pages\/2751\/revisions\/3778"}],"wp:attachment":[{"href":"https:\/\/www.lamusereve.fr\/index.php\/wp-json\/wp\/v2\/media?parent=2751"}],"curies":[{"name":"wp","href":"https:\/\/api.w.org\/{rel}","templated":true}]}}