{"id":1546,"date":"2025-03-03T22:01:41","date_gmt":"2025-03-03T21:01:41","guid":{"rendered":"https:\/\/www.lamusereve.fr\/index.php\/panier\/"},"modified":"2025-05-22T23:06:21","modified_gmt":"2025-05-22T21:06:21","slug":"panier","status":"publish","type":"page","link":"https:\/\/www.lamusereve.fr\/index.php\/panier\/","title":{"rendered":"Panier"},"content":{"rendered":"\n<div id=\"wp-block-themeisle-blocks-icon-list-7437d769\" class=\"wp-block-themeisle-blocks-icon-list\">\n<div id=\"wp-block-themeisle-blocks-icon-list-item-bd6e5aa5\" class=\"wp-block-themeisle-blocks-icon-list-item\"><svg xmlns=\"http:\/\/www.w3.org\/2000\/svg\" viewBox=\"0 0 1800 1800\" class=\"wp-block-themeisle-blocks-icon-list-item-icon-custom\"><path d=\"M770.8,796.605v265.968c0,71.216,57.939,129.154,129.154,129.154c71.209,0,129.148-57.938,129.157-129.154 l-0.009-265.964c0-71.215-57.93-129.154-129.148-129.154C828.739,667.456,770.8,725.39,770.8,796.605z M966.08,796.609 l0.009,265.96c-0.009,36.469-29.672,66.138-66.135,66.138c-36.464,0-66.133-29.669-66.133-66.134V796.605 c0-36.465,29.668-66.129,66.133-66.129C936.417,730.476,966.08,760.145,966.08,796.609z\"><\/path><path d=\"M899.954,1231.867c-71.566,0-129.787,58.221-129.787,129.787c0,71.572,58.221,129.796,129.787,129.796 c71.569,0,129.791-58.224,129.791-129.796C1029.744,1290.088,971.522,1231.867,899.954,1231.867z M899.954,1428.43 c-36.816,0-66.766-29.954-66.766-66.775c0-36.816,29.95-66.767,66.766-66.767c36.814,0,66.768,29.95,66.768,66.767 C966.722,1398.476,936.768,1428.43,899.954,1428.43z\"><\/path><path d=\"M1790.452,1630.839L927.246,135.725c-5.635-9.75-16.037-15.755-27.292-15.755 c-11.258,0-21.659,6.004-27.29,15.755L8.344,1632.76c-5.627,9.751-5.627,21.761,0,31.511c5.631,9.75,16.032,15.755,27.29,15.755 h1728.644c0.037,0.004,0.063,0.004,0.089,0c17.4,0,31.511-14.106,31.511-31.51 C1795.877,1641.964,1793.882,1635.881,1790.452,1630.839z M90.21,1617.004L899.954,214.5l809.745,1402.503H90.21z\"><\/path><\/svg><p class=\"wp-block-themeisle-blocks-icon-list-item-content-custom\">Vous avez choisi votre atelier ou votre stage ? Avez-vous pens\u00e9 \u00e0 renseigner le pr\u00e9nom, l&rsquo;\u00e2ge de l&rsquo;enfant et la date ou la p\u00e9riode qui vous int\u00e9resse ?<\/p><\/div>\n\n\n\n<div id=\"wp-block-themeisle-blocks-icon-list-item-d202ea0f\" class=\"wp-block-themeisle-blocks-icon-list-item\"><svg xmlns=\"http:\/\/www.w3.org\/2000\/svg\" viewBox=\"0 0 1800 1800\" class=\"wp-block-themeisle-blocks-icon-list-item-icon-custom\"><path d=\"M770.8,796.605v265.968c0,71.216,57.939,129.154,129.154,129.154c71.209,0,129.148-57.938,129.157-129.154 l-0.009-265.964c0-71.215-57.93-129.154-129.148-129.154C828.739,667.456,770.8,725.39,770.8,796.605z M966.08,796.609 l0.009,265.96c-0.009,36.469-29.672,66.138-66.135,66.138c-36.464,0-66.133-29.669-66.133-66.134V796.605 c0-36.465,29.668-66.129,66.133-66.129C936.417,730.476,966.08,760.145,966.08,796.609z\"><\/path><path d=\"M899.954,1231.867c-71.566,0-129.787,58.221-129.787,129.787c0,71.572,58.221,129.796,129.787,129.796 c71.569,0,129.791-58.224,129.791-129.796C1029.744,1290.088,971.522,1231.867,899.954,1231.867z M899.954,1428.43 c-36.816,0-66.766-29.954-66.766-66.775c0-36.816,29.95-66.767,66.766-66.767c36.814,0,66.768,29.95,66.768,66.767 C966.722,1398.476,936.768,1428.43,899.954,1428.43z\"><\/path><path d=\"M1790.452,1630.839L927.246,135.725c-5.635-9.75-16.037-15.755-27.292-15.755 c-11.258,0-21.659,6.004-27.29,15.755L8.344,1632.76c-5.627,9.751-5.627,21.761,0,31.511c5.631,9.75,16.032,15.755,27.29,15.755 h1728.644c0.037,0.004,0.063,0.004,0.089,0c17.4,0,31.511-14.106,31.511-31.51 C1795.877,1641.964,1793.882,1635.881,1790.452,1630.839z M90.21,1617.004L899.954,214.5l809.745,1402.503H90.21z\"><\/path><\/svg><p class=\"wp-block-themeisle-blocks-icon-list-item-content-custom\">Vous avez opt\u00e9 pour une carte cadeau ? Avez-vous pens\u00e9 \u00e0 indiquer votre nom et \u00e0 r\u00e9diger un petit mot pour le destinataire ? <\/p><\/div>\n\n\n\n<div id=\"wp-block-themeisle-blocks-icon-list-item-6af248ba\" class=\"wp-block-themeisle-blocks-icon-list-item\"><i class=\"fas fa-check wp-block-themeisle-blocks-icon-list-item-icon\"><\/i><p class=\"wp-block-themeisle-blocks-icon-list-item-content\">Merci pour votre s\u00e9lection !<\/p><\/div>\n<\/div>\n\n\n\n<div style=\"height:30px\" aria-hidden=\"true\" class=\"wp-block-spacer\"><\/div>\n\n\n\n<div data-block-name=\"woocommerce\/cart\" class=\"wp-block-woocommerce-cart alignwide is-loading\">\n<div data-block-name=\"woocommerce\/filled-cart-block\" class=\"wp-block-woocommerce-filled-cart-block\">\n<div data-block-name=\"woocommerce\/cart-items-block\" class=\"wp-block-woocommerce-cart-items-block\">\n<div data-block-name=\"woocommerce\/cart-line-items-block\" class=\"wp-block-woocommerce-cart-line-items-block\"><\/div>\n\n\n\n<div data-block-name=\"woocommerce\/cart-cross-sells-block\" class=\"wp-block-woocommerce-cart-cross-sells-block\">\n<h2 class=\"wp-block-heading has-large-font-size\">\u00c7a peut vous int\u00e9resser&#8230;<\/h2>\n\n\n\n<div data-block-name=\"woocommerce\/cart-cross-sells-products-block\" class=\"wp-block-woocommerce-cart-cross-sells-products-block\"><\/div>\n<\/div>\n<\/div>\n\n\n\n<div data-block-name=\"woocommerce\/cart-totals-block\" class=\"wp-block-woocommerce-cart-totals-block\">\n<div data-block-name=\"woocommerce\/cart-order-summary-block\" class=\"wp-block-woocommerce-cart-order-summary-block\">\n<div data-block-name=\"woocommerce\/cart-order-summary-heading-block\" data-content=\"Total panier\" class=\"wp-block-woocommerce-cart-order-summary-heading-block\"><\/div>\n\n\n\n<div data-block-name=\"woocommerce\/cart-order-summary-coupon-form-block\" class=\"wp-block-woocommerce-cart-order-summary-coupon-form-block\"><\/div>\n\n\n\n<div data-block-name=\"woocommerce\/cart-order-summary-totals-block\" class=\"wp-block-woocommerce-cart-order-summary-totals-block\">\n<div data-block-name=\"woocommerce\/cart-order-summary-subtotal-block\" class=\"wp-block-woocommerce-cart-order-summary-subtotal-block\"><\/div>\n\n\n\n<div data-block-name=\"woocommerce\/cart-order-summary-fee-block\" class=\"wp-block-woocommerce-cart-order-summary-fee-block\"><\/div>\n\n\n\n<div data-block-name=\"woocommerce\/cart-order-summary-discount-block\" class=\"wp-block-woocommerce-cart-order-summary-discount-block\"><\/div>\n\n\n\n<div data-block-name=\"woocommerce\/cart-order-summary-shipping-block\" class=\"wp-block-woocommerce-cart-order-summary-shipping-block\"><\/div>\n\n\n\n<div data-block-name=\"woocommerce\/cart-order-summary-taxes-block\" class=\"wp-block-woocommerce-cart-order-summary-taxes-block\"><\/div>\n<\/div>\n<\/div>\n\n\n\n<div data-block-name=\"woocommerce\/cart-express-payment-block\" class=\"wp-block-woocommerce-cart-express-payment-block\"><\/div>\n\n\n\n<div data-block-name=\"woocommerce\/proceed-to-checkout-block\" class=\"wp-block-woocommerce-proceed-to-checkout-block\"><\/div>\n\n\n\n<div data-block-name=\"woocommerce\/cart-accepted-payment-methods-block\" class=\"wp-block-woocommerce-cart-accepted-payment-methods-block\"><\/div>\n<\/div>\n<\/div>\n\n\n\n<div data-block-name=\"woocommerce\/empty-cart-block\" class=\"wp-block-woocommerce-empty-cart-block\">\n<h2 class=\"wp-block-heading has-text-align-center with-empty-cart-icon wc-block-cart__empty-cart__title\">Votre panier est actuellement vide&nbsp;!<\/h2>\n\n\n\n<hr class=\"wp-block-separator has-alpha-channel-opacity is-style-dots\"\/>\n\n\n\n<h2 class=\"wp-block-heading has-text-align-center\">Nouveau dans la boutique<\/h2>\n\n\n<div data-block-name=\"woocommerce\/product-new\" data-columns=\"4\" data-rows=\"1\" class=\"wc-block-grid wp-block-product-new wp-block-woocommerce-product-new wc-block-product-new has-4-columns\"><ul class=\"wc-block-grid__products\"><li class=\"wc-block-grid__product\">\n\t\t\t\t<a href=\"https:\/\/www.lamusereve.fr\/index.php\/produit\/cartes-cadeaux\/\" class=\"wc-block-grid__product-link\">\n\t\t\t\t\t\n\t\t\t\t\t<div class=\"wc-block-grid__product-image\"><img fetchpriority=\"high\" decoding=\"async\" width=\"300\" height=\"300\" src=\"https:\/\/www.lamusereve.fr\/wp-content\/uploads\/2025\/05\/Violet-verso-300x300.png\" class=\"attachment-woocommerce_thumbnail size-woocommerce_thumbnail\" alt=\"Cartes cadeaux au choix\" srcset=\"https:\/\/www.lamusereve.fr\/wp-content\/uploads\/2025\/05\/Violet-verso-300x300.png 300w, https:\/\/www.lamusereve.fr\/wp-content\/uploads\/2025\/05\/Violet-verso-150x150.png 150w, https:\/\/www.lamusereve.fr\/wp-content\/uploads\/2025\/05\/Violet-verso-600x600.png 600w, https:\/\/www.lamusereve.fr\/wp-content\/uploads\/2025\/05\/Violet-verso-100x100.png 100w\" sizes=\"(max-width: 300px) 100vw, 300px\" \/><\/div>\n\t\t\t\t\t<div class=\"wc-block-grid__product-title\">Cartes cadeaux au choix<\/div>\n\t\t\t\t<\/a>\n\t\t\t\t<div class=\"wc-block-grid__product-price price\"><\/div>\n\t\t\t\t\n\t\t\t\t<div class=\"wp-block-button wc-block-grid__product-add-to-cart\"><a href=\"https:\/\/www.lamusereve.fr\/index.php\/produit\/cartes-cadeaux\/\" aria-label=\"En savoir plus sur &ldquo;Cartes cadeaux au choix&rdquo;\" data-quantity=\"1\" data-product_id=\"3389\" data-product_sku=\"\" data-price=\"0\" rel=\"nofollow\" class=\"wp-block-button__link  add_to_cart_button\">Lire la suite<\/a><\/div>\n\t\t\t<\/li><li class=\"wc-block-grid__product\">\n\t\t\t\t<a href=\"https:\/\/www.lamusereve.fr\/index.php\/produit\/mon-petit-art-carnet-a5-berceuse\/\" class=\"wc-block-grid__product-link\">\n\t\t\t\t\t\n\t\t\t\t\t<div class=\"wc-block-grid__product-image\"><img decoding=\"async\" width=\"300\" height=\"300\" data-src=\"https:\/\/www.lamusereve.fr\/wp-content\/uploads\/2025\/07\/Couv-Berceuse-A5-300x300.jpeg\" class=\"attachment-woocommerce_thumbnail size-woocommerce_thumbnail lazyload\" alt=\"Mon Petit Art - Carnet A5 Berceuse\" data-srcset=\"https:\/\/www.lamusereve.fr\/wp-content\/uploads\/2025\/07\/Couv-Berceuse-A5-300x300.jpeg 300w, https:\/\/www.lamusereve.fr\/wp-content\/uploads\/2025\/07\/Couv-Berceuse-A5-150x150.jpeg 150w, https:\/\/www.lamusereve.fr\/wp-content\/uploads\/2025\/07\/Couv-Berceuse-A5-100x100.jpeg 100w\" data-sizes=\"(max-width: 300px) 100vw, 300px\" src=\"data:image\/svg+xml;base64,PHN2ZyB3aWR0aD0iMSIgaGVpZ2h0PSIxIiB4bWxucz0iaHR0cDovL3d3dy53My5vcmcvMjAwMC9zdmciPjwvc3ZnPg==\" style=\"--smush-placeholder-width: 300px; --smush-placeholder-aspect-ratio: 300\/300;\" \/><\/div>\n\t\t\t\t\t<div class=\"wc-block-grid__product-title\">Mon Petit Art &#8211; Carnet A5 Berceuse<\/div>\n\t\t\t\t<\/a>\n\t\t\t\t<div class=\"wc-block-grid__product-price price\"><span class=\"woocommerce-Price-amount amount\">8,00&nbsp;<span class=\"woocommerce-Price-currencySymbol\">&euro;<\/span><\/span><\/div>\n\t\t\t\t\n\t\t\t\t<div class=\"wp-block-button wc-block-grid__product-add-to-cart\"><a href=\"\/index.php\/wp-json\/wp\/v2\/pages\/1546?add-to-cart=2698\" aria-label=\"Ajouter au panier\u00a0: &ldquo;Mon Petit Art - Carnet A5 Berceuse&rdquo;\" data-quantity=\"1\" data-product_id=\"2698\" data-product_sku=\"\" data-price=\"8\" rel=\"nofollow\" class=\"wp-block-button__link  add_to_cart_button ajax_add_to_cart\">Ajouter au panier<\/a><\/div>\n\t\t\t<\/li><li class=\"wc-block-grid__product\">\n\t\t\t\t<a href=\"https:\/\/www.lamusereve.fr\/index.php\/produit\/mon-petit-art-carnet-a5-rayures\/\" class=\"wc-block-grid__product-link\">\n\t\t\t\t\t\n\t\t\t\t\t<div class=\"wc-block-grid__product-image\"><img decoding=\"async\" width=\"300\" height=\"300\" data-src=\"https:\/\/www.lamusereve.fr\/wp-content\/uploads\/2025\/07\/1178_c3d77b53-6374-4e26-8321-f1cbd183c082-300x300.webp\" class=\"attachment-woocommerce_thumbnail size-woocommerce_thumbnail lazyload\" alt=\"Mon Petit Art - Carnet A5 Rayures\" data-srcset=\"https:\/\/www.lamusereve.fr\/wp-content\/uploads\/2025\/07\/1178_c3d77b53-6374-4e26-8321-f1cbd183c082-300x300.webp 300w, https:\/\/www.lamusereve.fr\/wp-content\/uploads\/2025\/07\/1178_c3d77b53-6374-4e26-8321-f1cbd183c082-150x150.webp 150w, https:\/\/www.lamusereve.fr\/wp-content\/uploads\/2025\/07\/1178_c3d77b53-6374-4e26-8321-f1cbd183c082-600x600.webp 600w, https:\/\/www.lamusereve.fr\/wp-content\/uploads\/2025\/07\/1178_c3d77b53-6374-4e26-8321-f1cbd183c082-100x100.webp 100w\" data-sizes=\"(max-width: 300px) 100vw, 300px\" src=\"data:image\/svg+xml;base64,PHN2ZyB3aWR0aD0iMSIgaGVpZ2h0PSIxIiB4bWxucz0iaHR0cDovL3d3dy53My5vcmcvMjAwMC9zdmciPjwvc3ZnPg==\" style=\"--smush-placeholder-width: 300px; --smush-placeholder-aspect-ratio: 300\/300;\" \/><\/div>\n\t\t\t\t\t<div class=\"wc-block-grid__product-title\">Mon Petit Art &#8211; Carnet A5 Rayures<\/div>\n\t\t\t\t<\/a>\n\t\t\t\t<div class=\"wc-block-grid__product-price price\"><span class=\"woocommerce-Price-amount amount\">8,00&nbsp;<span class=\"woocommerce-Price-currencySymbol\">&euro;<\/span><\/span><\/div>\n\t\t\t\t\n\t\t\t\t<div class=\"wp-block-button wc-block-grid__product-add-to-cart\"><a href=\"\/index.php\/wp-json\/wp\/v2\/pages\/1546?add-to-cart=2696\" aria-label=\"Ajouter au panier\u00a0: &ldquo;Mon Petit Art - Carnet A5 Rayures&rdquo;\" data-quantity=\"1\" data-product_id=\"2696\" data-product_sku=\"\" data-price=\"8\" rel=\"nofollow\" class=\"wp-block-button__link  add_to_cart_button ajax_add_to_cart\">Ajouter au panier<\/a><\/div>\n\t\t\t<\/li><li class=\"wc-block-grid__product\">\n\t\t\t\t<a href=\"https:\/\/www.lamusereve.fr\/index.php\/produit\/mon-petit-art-la-maison-mini-labo\/\" class=\"wc-block-grid__product-link\">\n\t\t\t\t\t\n\t\t\t\t\t<div class=\"wc-block-grid__product-image\"><img decoding=\"async\" width=\"300\" height=\"300\" data-src=\"https:\/\/www.lamusereve.fr\/wp-content\/uploads\/2025\/07\/146_eb2dfb3c-070e-4f39-90ed-621b712dced3-300x300.webp\" class=\"attachment-woocommerce_thumbnail size-woocommerce_thumbnail lazyload\" alt=\"Mon Petit Art - La Maison Mini Labo\" data-srcset=\"https:\/\/www.lamusereve.fr\/wp-content\/uploads\/2025\/07\/146_eb2dfb3c-070e-4f39-90ed-621b712dced3-300x300.webp 300w, https:\/\/www.lamusereve.fr\/wp-content\/uploads\/2025\/07\/146_eb2dfb3c-070e-4f39-90ed-621b712dced3-150x150.webp 150w, https:\/\/www.lamusereve.fr\/wp-content\/uploads\/2025\/07\/146_eb2dfb3c-070e-4f39-90ed-621b712dced3-600x600.webp 600w, https:\/\/www.lamusereve.fr\/wp-content\/uploads\/2025\/07\/146_eb2dfb3c-070e-4f39-90ed-621b712dced3-100x100.webp 100w\" data-sizes=\"(max-width: 300px) 100vw, 300px\" src=\"data:image\/svg+xml;base64,PHN2ZyB3aWR0aD0iMSIgaGVpZ2h0PSIxIiB4bWxucz0iaHR0cDovL3d3dy53My5vcmcvMjAwMC9zdmciPjwvc3ZnPg==\" style=\"--smush-placeholder-width: 300px; --smush-placeholder-aspect-ratio: 300\/300;\" \/><\/div>\n\t\t\t\t\t<div class=\"wc-block-grid__product-title\">Mon Petit Art &#8211; La Maison Mini Labo<\/div>\n\t\t\t\t<\/a>\n\t\t\t\t<div class=\"wc-block-grid__product-price price\"><span class=\"woocommerce-Price-amount amount\">25,00&nbsp;<span class=\"woocommerce-Price-currencySymbol\">&euro;<\/span><\/span><\/div>\n\t\t\t\t\n\t\t\t\t<div class=\"wp-block-button wc-block-grid__product-add-to-cart\"><a href=\"\/index.php\/wp-json\/wp\/v2\/pages\/1546?add-to-cart=2694\" aria-label=\"Ajouter au panier\u00a0: &ldquo;Mon Petit Art - La Maison Mini Labo&rdquo;\" data-quantity=\"1\" data-product_id=\"2694\" data-product_sku=\"\" data-price=\"25\" rel=\"nofollow\" class=\"wp-block-button__link  add_to_cart_button ajax_add_to_cart\">Ajouter au panier<\/a><\/div>\n\t\t\t<\/li><\/ul><\/div><\/div>\n<\/div>\n\n\n\n<p><\/p>\n","protected":false},"excerpt":{"rendered":"","protected":false},"author":1,"featured_media":0,"parent":0,"menu_order":0,"comment_status":"closed","ping_status":"closed","template":"","meta":{"ocean_post_layout":"","ocean_both_sidebars_style":"","ocean_both_sidebars_content_width":0,"ocean_both_sidebars_sidebars_width":0,"ocean_sidebar":"","ocean_second_sidebar":"","ocean_disable_margins":"enable","ocean_add_body_class":"","ocean_shortcode_before_top_bar":"","ocean_shortcode_after_top_bar":"","ocean_shortcode_before_header":"","ocean_shortcode_after_header":"","ocean_has_shortcode":"","ocean_shortcode_after_title":"","ocean_shortcode_before_footer_widgets":"","ocean_shortcode_after_footer_widgets":"","ocean_shortcode_before_footer_bottom":"","ocean_shortcode_after_footer_bottom":"","ocean_display_top_bar":"default","ocean_display_header":"default","ocean_header_style":"","ocean_center_header_left_menu":"","ocean_custom_header_template":"","ocean_custom_logo":0,"ocean_custom_retina_logo":0,"ocean_custom_logo_max_width":0,"ocean_custom_logo_tablet_max_width":0,"ocean_custom_logo_mobile_max_width":0,"ocean_custom_logo_max_height":0,"ocean_custom_logo_tablet_max_height":0,"ocean_custom_logo_mobile_max_height":0,"ocean_header_custom_menu":"","ocean_menu_typo_font_family":"","ocean_menu_typo_font_subset":"","ocean_menu_typo_font_size":0,"ocean_menu_typo_font_size_tablet":0,"ocean_menu_typo_font_size_mobile":0,"ocean_menu_typo_font_size_unit":"px","ocean_menu_typo_font_weight":"","ocean_menu_typo_font_weight_tablet":"","ocean_menu_typo_font_weight_mobile":"","ocean_menu_typo_transform":"","ocean_menu_typo_transform_tablet":"","ocean_menu_typo_transform_mobile":"","ocean_menu_typo_line_height":0,"ocean_menu_typo_line_height_tablet":0,"ocean_menu_typo_line_height_mobile":0,"ocean_menu_typo_line_height_unit":"","ocean_menu_typo_spacing":0,"ocean_menu_typo_spacing_tablet":0,"ocean_menu_typo_spacing_mobile":0,"ocean_menu_typo_spacing_unit":"","ocean_menu_link_color":"","ocean_menu_link_color_hover":"","ocean_menu_link_color_active":"","ocean_menu_link_background":"","ocean_menu_link_hover_background":"","ocean_menu_link_active_background":"","ocean_menu_social_links_bg":"","ocean_menu_social_hover_links_bg":"","ocean_menu_social_links_color":"","ocean_menu_social_hover_links_color":"","ocean_disable_title":"default","ocean_disable_heading":"default","ocean_post_title":"","ocean_post_subheading":"","ocean_post_title_style":"","ocean_post_title_background_color":"","ocean_post_title_background":0,"ocean_post_title_bg_image_position":"","ocean_post_title_bg_image_attachment":"","ocean_post_title_bg_image_repeat":"","ocean_post_title_bg_image_size":"","ocean_post_title_height":0,"ocean_post_title_bg_overlay":0.5,"ocean_post_title_bg_overlay_color":"","ocean_disable_breadcrumbs":"default","ocean_breadcrumbs_color":"","ocean_breadcrumbs_separator_color":"","ocean_breadcrumbs_links_color":"","ocean_breadcrumbs_links_hover_color":"","ocean_display_footer_widgets":"default","ocean_display_footer_bottom":"default","ocean_custom_footer_template":"","_themeisle_gutenberg_block_has_review":false,"footnotes":""},"class_list":["post-1546","page","type-page","status-publish","hentry","entry","owp-thumbs-layout-horizontal","owp-btn-normal","owp-tabs-layout-horizontal","has-no-thumbnails","has-product-nav","circle-sale"],"jetpack_sharing_enabled":true,"_links":{"self":[{"href":"https:\/\/www.lamusereve.fr\/index.php\/wp-json\/wp\/v2\/pages\/1546","targetHints":{"allow":["GET"]}}],"collection":[{"href":"https:\/\/www.lamusereve.fr\/index.php\/wp-json\/wp\/v2\/pages"}],"about":[{"href":"https:\/\/www.lamusereve.fr\/index.php\/wp-json\/wp\/v2\/types\/page"}],"author":[{"embeddable":true,"href":"https:\/\/www.lamusereve.fr\/index.php\/wp-json\/wp\/v2\/users\/1"}],"replies":[{"embeddable":true,"href":"https:\/\/www.lamusereve.fr\/index.php\/wp-json\/wp\/v2\/comments?post=1546"}],"version-history":[{"count":9,"href":"https:\/\/www.lamusereve.fr\/index.php\/wp-json\/wp\/v2\/pages\/1546\/revisions"}],"predecessor-version":[{"id":3375,"href":"https:\/\/www.lamusereve.fr\/index.php\/wp-json\/wp\/v2\/pages\/1546\/revisions\/3375"}],"wp:attachment":[{"href":"https:\/\/www.lamusereve.fr\/index.php\/wp-json\/wp\/v2\/media?parent=1546"}],"curies":[{"name":"wp","href":"https:\/\/api.w.org\/{rel}","templated":true}]}}