{"id":1450,"date":"2025-03-03T15:25:32","date_gmt":"2025-03-03T14:25:32","guid":{"rendered":"https:\/\/www.lamusereve.fr\/?page_id=1450"},"modified":"2025-09-11T17:02:09","modified_gmt":"2025-09-11T15:02:09","slug":"ateliers-chez-la-muse-reve","status":"publish","type":"page","link":"https:\/\/www.lamusereve.fr\/index.php\/ateliers-chez-la-muse-reve\/","title":{"rendered":"Ateliers chez La muse r\u00eave"},"content":{"rendered":"\n<div class=\"wp-block-columns is-not-stacked-on-mobile is-layout-flex wp-container-core-columns-is-layout-9d6595d7 wp-block-columns-is-layout-flex\">\n<div class=\"wp-block-column is-layout-flow wp-block-column-is-layout-flow\" style=\"flex-basis:20%\">\n<figure class=\"wp-block-image size-large\"><img fetchpriority=\"high\" decoding=\"async\" width=\"591\" height=\"570\" src=\"https:\/\/www.lamusereve.fr\/wp-content\/uploads\/2025\/03\/Icone-ecole-1.png\" alt=\"\" class=\"wp-image-1440\" style=\"object-fit:cover\" srcset=\"https:\/\/www.lamusereve.fr\/wp-content\/uploads\/2025\/03\/Icone-ecole-1.png 591w, https:\/\/www.lamusereve.fr\/wp-content\/uploads\/2025\/03\/Icone-ecole-1-400x386.png 400w, https:\/\/www.lamusereve.fr\/wp-content\/uploads\/2025\/03\/Icone-ecole-1-300x289.png 300w\" sizes=\"(max-width: 591px) 100vw, 591px\" \/><\/figure>\n<\/div>\n\n\n\n<div class=\"wp-block-column is-layout-flow wp-block-column-is-layout-flow\" style=\"flex-basis:20%\"><div class=\"wp-block-image\">\n<figure class=\"alignright size-large\"><img decoding=\"async\" width=\"1024\" height=\"826\" data-src=\"https:\/\/www.lamusereve.fr\/wp-content\/uploads\/2024\/01\/Motifs-LMR-tache-peinture-beige-1024x826.png\" alt=\"\" class=\"wp-image-897 lazyload\" data-srcset=\"https:\/\/www.lamusereve.fr\/wp-content\/uploads\/2024\/01\/Motifs-LMR-tache-peinture-beige-1024x826.png 1024w, https:\/\/www.lamusereve.fr\/wp-content\/uploads\/2024\/01\/Motifs-LMR-tache-peinture-beige-400x323.png 400w, https:\/\/www.lamusereve.fr\/wp-content\/uploads\/2024\/01\/Motifs-LMR-tache-peinture-beige-300x242.png 300w, https:\/\/www.lamusereve.fr\/wp-content\/uploads\/2024\/01\/Motifs-LMR-tache-peinture-beige-768x619.png 768w, https:\/\/www.lamusereve.fr\/wp-content\/uploads\/2024\/01\/Motifs-LMR-tache-peinture-beige-1536x1239.png 1536w, https:\/\/www.lamusereve.fr\/wp-content\/uploads\/2024\/01\/Motifs-LMR-tache-peinture-beige-2048x1652.png 2048w\" data-sizes=\"(max-width: 1024px) 100vw, 1024px\" src=\"data:image\/svg+xml;base64,PHN2ZyB3aWR0aD0iMSIgaGVpZ2h0PSIxIiB4bWxucz0iaHR0cDovL3d3dy53My5vcmcvMjAwMC9zdmciPjwvc3ZnPg==\" style=\"--smush-placeholder-width: 1024px; --smush-placeholder-aspect-ratio: 1024\/826;\" \/><\/figure>\n<\/div><\/div>\n\n\n\n<div class=\"wp-block-column is-layout-flow wp-block-column-is-layout-flow\" style=\"flex-basis:20%\"><div class=\"wp-block-image\">\n<figure class=\"aligncenter size-large\"><img decoding=\"async\" width=\"1024\" height=\"1024\" data-src=\"https:\/\/www.lamusereve.fr\/wp-content\/uploads\/2023\/03\/vecteezy_bicycle-winged-line-modern-simple-logo_12186988-1024x1024.jpg\" alt=\"\" class=\"wp-image-696 lazyload\" style=\"--smush-placeholder-width: 1024px; --smush-placeholder-aspect-ratio: 1024\/1024;object-fit:cover\" data-srcset=\"https:\/\/www.lamusereve.fr\/wp-content\/uploads\/2023\/03\/vecteezy_bicycle-winged-line-modern-simple-logo_12186988-1024x1024.jpg 1024w, https:\/\/www.lamusereve.fr\/wp-content\/uploads\/2023\/03\/vecteezy_bicycle-winged-line-modern-simple-logo_12186988-300x300.jpg 300w, https:\/\/www.lamusereve.fr\/wp-content\/uploads\/2023\/03\/vecteezy_bicycle-winged-line-modern-simple-logo_12186988-150x150.jpg 150w, https:\/\/www.lamusereve.fr\/wp-content\/uploads\/2023\/03\/vecteezy_bicycle-winged-line-modern-simple-logo_12186988-768x768.jpg 768w, https:\/\/www.lamusereve.fr\/wp-content\/uploads\/2023\/03\/vecteezy_bicycle-winged-line-modern-simple-logo_12186988-1536x1536.jpg 1536w, https:\/\/www.lamusereve.fr\/wp-content\/uploads\/2023\/03\/vecteezy_bicycle-winged-line-modern-simple-logo_12186988.jpg 1920w\" data-sizes=\"(max-width: 1024px) 100vw, 1024px\" src=\"data:image\/svg+xml;base64,PHN2ZyB3aWR0aD0iMSIgaGVpZ2h0PSIxIiB4bWxucz0iaHR0cDovL3d3dy53My5vcmcvMjAwMC9zdmciPjwvc3ZnPg==\" \/><\/figure>\n<\/div><\/div>\n\n\n\n<div class=\"wp-block-column is-layout-flow wp-block-column-is-layout-flow\" style=\"flex-basis:20%\"><div class=\"wp-block-image\">\n<figure class=\"alignleft size-large\"><img decoding=\"async\" width=\"2594\" height=\"2092\" data-src=\"https:\/\/www.lamusereve.fr\/wp-content\/uploads\/2025\/03\/Motifs-LMR-tache-peinture-beige-edited.png\" alt=\"\" class=\"wp-image-1436 lazyload\" data-srcset=\"https:\/\/www.lamusereve.fr\/wp-content\/uploads\/2025\/03\/Motifs-LMR-tache-peinture-beige-edited.png 2594w, https:\/\/www.lamusereve.fr\/wp-content\/uploads\/2025\/03\/Motifs-LMR-tache-peinture-beige-edited-400x323.png 400w, https:\/\/www.lamusereve.fr\/wp-content\/uploads\/2025\/03\/Motifs-LMR-tache-peinture-beige-edited-300x242.png 300w, https:\/\/www.lamusereve.fr\/wp-content\/uploads\/2025\/03\/Motifs-LMR-tache-peinture-beige-edited-1024x826.png 1024w, https:\/\/www.lamusereve.fr\/wp-content\/uploads\/2025\/03\/Motifs-LMR-tache-peinture-beige-edited-768x619.png 768w, https:\/\/www.lamusereve.fr\/wp-content\/uploads\/2025\/03\/Motifs-LMR-tache-peinture-beige-edited-1536x1239.png 1536w, https:\/\/www.lamusereve.fr\/wp-content\/uploads\/2025\/03\/Motifs-LMR-tache-peinture-beige-edited-2048x1652.png 2048w\" data-sizes=\"(max-width: 2594px) 100vw, 2594px\" src=\"data:image\/svg+xml;base64,PHN2ZyB3aWR0aD0iMSIgaGVpZ2h0PSIxIiB4bWxucz0iaHR0cDovL3d3dy53My5vcmcvMjAwMC9zdmciPjwvc3ZnPg==\" style=\"--smush-placeholder-width: 2594px; --smush-placeholder-aspect-ratio: 2594\/2092;\" \/><\/figure>\n<\/div><\/div>\n\n\n\n<div class=\"wp-block-column is-layout-flow wp-block-column-is-layout-flow\" style=\"flex-basis:20%\">\n<figure class=\"wp-block-gallery has-nested-images columns-default is-cropped wp-block-gallery-1 is-layout-flex wp-block-gallery-is-layout-flex\">\n<figure class=\"wp-block-image size-large\"><img decoding=\"async\" width=\"1024\" height=\"774\" data-id=\"874\" data-src=\"https:\/\/www.lamusereve.fr\/wp-content\/uploads\/2024\/01\/Logo-declinaison-bleu-LMR-1-1024x774.png\" alt=\"\" class=\"wp-image-874 lazyload\" style=\"--smush-placeholder-width: 1024px; --smush-placeholder-aspect-ratio: 1024\/774;object-fit:cover\" data-srcset=\"https:\/\/www.lamusereve.fr\/wp-content\/uploads\/2024\/01\/Logo-declinaison-bleu-LMR-1-1024x774.png 1024w, https:\/\/www.lamusereve.fr\/wp-content\/uploads\/2024\/01\/Logo-declinaison-bleu-LMR-1-300x227.png 300w, https:\/\/www.lamusereve.fr\/wp-content\/uploads\/2024\/01\/Logo-declinaison-bleu-LMR-1-768x581.png 768w, https:\/\/www.lamusereve.fr\/wp-content\/uploads\/2024\/01\/Logo-declinaison-bleu-LMR-1-1536x1161.png 1536w, https:\/\/www.lamusereve.fr\/wp-content\/uploads\/2024\/01\/Logo-declinaison-bleu-LMR-1.png 1918w\" data-sizes=\"(max-width: 1024px) 100vw, 1024px\" src=\"data:image\/svg+xml;base64,PHN2ZyB3aWR0aD0iMSIgaGVpZ2h0PSIxIiB4bWxucz0iaHR0cDovL3d3dy53My5vcmcvMjAwMC9zdmciPjwvc3ZnPg==\" \/><\/figure>\n<\/figure>\n<\/div>\n<\/div>\n\n\n\n<div style=\"height:50px\" aria-hidden=\"true\" class=\"wp-block-spacer\"><\/div>\n\n\n\n<p class=\"has-medium-font-size\">Notre offre d&rsquo;ateliers pour les familles se d\u00e9cline \u00e9galement pour les <strong>groupes<\/strong> bien s\u00fbr ! <\/p>\n\n\n\n<p class=\"has-medium-font-size\">Pour en savoir plus, n&rsquo;h\u00e9sitez pas \u00e0 consulter la rubrique <strong><a href=\"https:\/\/www.lamusereve.fr\/index.php\/deroule-dun-atelier\/\" data-type=\"page\" data-id=\"35\">\u00ab\u00a0Ateliers\u00a0\u00bb<\/a><\/strong> pour trouver celle correspondant \u00e0 l&rsquo;\u00e2ge des publics que vous accueillez. <\/p>\n\n\n\n<p class=\"has-medium-font-size\">Nous pouvons \u00e9galement vous proposer <strong>une offre sur mesure<\/strong>, pour r\u00e9pondre \u00e0 <strong>votre projet d&rsquo;\u00e9tablissement<\/strong>, un <strong>th\u00e8me particulier<\/strong> que vous explorez durant l&rsquo;ann\u00e9e scolaire ou encore une <strong>saison<\/strong>, un <strong>\u00e9v\u00e9nement<\/strong>, une <strong>journ\u00e9e mondiale<\/strong>&#8230; Bref, les possibilit\u00e9s sont infinies ! <\/p>\n\n\n\n<p class=\"has-medium-font-size\">Enfin, nous vous proposerons ici, courant janvier 2026, <strong>un catalogue d&rsquo;ateliers th\u00e9matiques vari\u00e9s<\/strong>, pour vous accompagner dans <strong>la mise en \u0153uvre de vos actions d&rsquo;\u00e9veil et d&rsquo;\u00e9ducation artistiques et culturels<\/strong>.<\/p>\n\n\n\n<div style=\"height:50px\" aria-hidden=\"true\" class=\"wp-block-spacer\"><\/div>\n\n\n\n<div class=\"wp-block-buttons has-custom-font-size is-layout-flex wp-block-buttons-is-layout-flex\" style=\"font-size:18px\">\n<div class=\"wp-block-button\"><a class=\"wp-block-button__link wp-element-button\">Catalogue des ateliers<\/a><\/div>\n\n\n\n<div class=\"wp-block-button\"><a class=\"wp-block-button__link wp-element-button\" href=\"https:\/\/www.lamusereve.fr\/index.php\/contact\/\">Demande de devis<\/a><\/div>\n<\/div>\n\n\n\n<div style=\"height:60px\" aria-hidden=\"true\" class=\"wp-block-spacer\"><\/div>\n","protected":false},"excerpt":{"rendered":"<p>Notre offre d&rsquo;ateliers pour les familles se d\u00e9cline \u00e9galement pour les groupes bien s\u00fbr ! Pour en savoir plus, n&rsquo;h\u00e9sitez pas \u00e0 consulter la rubrique \u00ab\u00a0Ateliers\u00a0\u00bb pour trouver celle correspondant \u00e0 l&rsquo;\u00e2ge des publics que vous accueillez. Nous pouvons \u00e9galement vous proposer une offre sur mesure, pour r\u00e9pondre \u00e0 votre projet d&rsquo;\u00e9tablissement, un th\u00e8me particulier [&hellip;]<\/p>\n","protected":false},"author":2,"featured_media":0,"parent":0,"menu_order":0,"comment_status":"closed","ping_status":"closed","template":"","meta":{"ocean_post_layout":"","ocean_both_sidebars_style":"","ocean_both_sidebars_content_width":0,"ocean_both_sidebars_sidebars_width":0,"ocean_sidebar":"","ocean_second_sidebar":"","ocean_disable_margins":"enable","ocean_add_body_class":"","ocean_shortcode_before_top_bar":"","ocean_shortcode_after_top_bar":"","ocean_shortcode_before_header":"","ocean_shortcode_after_header":"","ocean_has_shortcode":"","ocean_shortcode_after_title":"","ocean_shortcode_before_footer_widgets":"","ocean_shortcode_after_footer_widgets":"","ocean_shortcode_before_footer_bottom":"","ocean_shortcode_after_footer_bottom":"","ocean_display_top_bar":"default","ocean_display_header":"default","ocean_header_style":"","ocean_center_header_left_menu":"","ocean_custom_header_template":"","ocean_custom_logo":0,"ocean_custom_retina_logo":0,"ocean_custom_logo_max_width":0,"ocean_custom_logo_tablet_max_width":0,"ocean_custom_logo_mobile_max_width":0,"ocean_custom_logo_max_height":0,"ocean_custom_logo_tablet_max_height":0,"ocean_custom_logo_mobile_max_height":0,"ocean_header_custom_menu":"","ocean_menu_typo_font_family":"","ocean_menu_typo_font_subset":"","ocean_menu_typo_font_size":0,"ocean_menu_typo_font_size_tablet":0,"ocean_menu_typo_font_size_mobile":0,"ocean_menu_typo_font_size_unit":"px","ocean_menu_typo_font_weight":"","ocean_menu_typo_font_weight_tablet":"","ocean_menu_typo_font_weight_mobile":"","ocean_menu_typo_transform":"","ocean_menu_typo_transform_tablet":"","ocean_menu_typo_transform_mobile":"","ocean_menu_typo_line_height":0,"ocean_menu_typo_line_height_tablet":0,"ocean_menu_typo_line_height_mobile":0,"ocean_menu_typo_line_height_unit":"","ocean_menu_typo_spacing":0,"ocean_menu_typo_spacing_tablet":0,"ocean_menu_typo_spacing_mobile":0,"ocean_menu_typo_spacing_unit":"","ocean_menu_link_color":"","ocean_menu_link_color_hover":"","ocean_menu_link_color_active":"","ocean_menu_link_background":"","ocean_menu_link_hover_background":"","ocean_menu_link_active_background":"","ocean_menu_social_links_bg":"","ocean_menu_social_hover_links_bg":"","ocean_menu_social_links_color":"","ocean_menu_social_hover_links_color":"","ocean_disable_title":"default","ocean_disable_heading":"default","ocean_post_title":"","ocean_post_subheading":"","ocean_post_title_style":"","ocean_post_title_background_color":"","ocean_post_title_background":0,"ocean_post_title_bg_image_position":"","ocean_post_title_bg_image_attachment":"","ocean_post_title_bg_image_repeat":"","ocean_post_title_bg_image_size":"","ocean_post_title_height":0,"ocean_post_title_bg_overlay":0.5,"ocean_post_title_bg_overlay_color":"","ocean_disable_breadcrumbs":"default","ocean_breadcrumbs_color":"","ocean_breadcrumbs_separator_color":"","ocean_breadcrumbs_links_color":"","ocean_breadcrumbs_links_hover_color":"","ocean_display_footer_widgets":"default","ocean_display_footer_bottom":"default","ocean_custom_footer_template":"","_themeisle_gutenberg_block_has_review":false,"footnotes":""},"class_list":["post-1450","page","type-page","status-publish","hentry","entry","owp-thumbs-layout-horizontal","owp-btn-normal","owp-tabs-layout-horizontal","has-no-thumbnails","has-product-nav","circle-sale"],"jetpack_sharing_enabled":true,"_links":{"self":[{"href":"https:\/\/www.lamusereve.fr\/index.php\/wp-json\/wp\/v2\/pages\/1450","targetHints":{"allow":["GET"]}}],"collection":[{"href":"https:\/\/www.lamusereve.fr\/index.php\/wp-json\/wp\/v2\/pages"}],"about":[{"href":"https:\/\/www.lamusereve.fr\/index.php\/wp-json\/wp\/v2\/types\/page"}],"author":[{"embeddable":true,"href":"https:\/\/www.lamusereve.fr\/index.php\/wp-json\/wp\/v2\/users\/2"}],"replies":[{"embeddable":true,"href":"https:\/\/www.lamusereve.fr\/index.php\/wp-json\/wp\/v2\/comments?post=1450"}],"version-history":[{"count":13,"href":"https:\/\/www.lamusereve.fr\/index.php\/wp-json\/wp\/v2\/pages\/1450\/revisions"}],"predecessor-version":[{"id":3235,"href":"https:\/\/www.lamusereve.fr\/index.php\/wp-json\/wp\/v2\/pages\/1450\/revisions\/3235"}],"wp:attachment":[{"href":"https:\/\/www.lamusereve.fr\/index.php\/wp-json\/wp\/v2\/media?parent=1450"}],"curies":[{"name":"wp","href":"https:\/\/api.w.org\/{rel}","templated":true}]}}